NOAA-Style Climate Reports


Report for 2019 August
                   Monthly Climatological Summary for Aug 2019

Name: Willand   City: Willand   State: Devon, UK     (9am GMT end of day)
Elevation: 79 m  Lat: N 50 53 02   Lon: W 003 22 23

                  Temperature (°C), Rain (mm), Wind Speed (km/h)

                                      Heat  Cool        Avg
    Mean                              Deg   Deg         Wind                 Dom
Day Temp  High   Time   Low    Time   Days  Days  Rain  Speed High   Time    Dir
----------------------------------------------------------------------------------
01  19.2  25.8   15:40  12.0   05:35   0.7   4.4   0.0   3.4  20.3   17:27   NNE
02  19.6  27.5   14:04  13.2   05:20   0.5   4.5   0.0   3.5  22.0   09:57    SE
03  18.4  24.9   15:42  13.7   04:52   0.3   3.2   0.0   6.6  32.1   12:50    SE
04  18.7  23.6   17:45  15.3   06:44   0.0   3.2   0.2   6.0  28.7   19:02   SSW
05  18.0  22.8   17:06  14.2   06:14   0.2   2.7   0.4   7.5  37.2   17:05    SW
06  16.9  21.7   17:09  12.8   01:14   0.7   2.0   8.2   7.5  40.6   11:41    SW
07  15.5  21.3   17:13  10.7   05:32   1.6   1.7   1.0   6.6  38.9   15:35   WSW
08  18.5  21.8   14:32  16.5   07:00   0.0   3.0  26.0  10.6  42.2   02:19    SE
09  17.2  19.7   15:53  15.6   05:30   0.0   1.7   6.8  15.2  47.3   16:43   SSW
10  16.0  20.9   15:55  11.2   05:48   1.1   1.6   1.2  13.0  57.5   16:11   WSW
11  15.3  21.6   14:38  11.3   01:16   1.6   1.4   5.4   6.4  35.5   14:31   WSW
12  14.5  19.6   15:04  10.2   02:07   2.0   0.9   1.2   7.1  38.9   16:04     W
13  15.4  18.9   12:24  13.0   00:36   0.9   0.8   4.4   5.4  37.2   07:22   SSW
14  17.2  20.9   16:12  15.2   08:39   0.0   1.7   1.2  11.5  40.6   09:06   WSW
15  17.1  20.7   14:59  14.9   02:59   0.1   1.7   1.0   9.2  40.6   13:14   WSW
16  15.4  17.3   09:32  12.1   06:05   0.7   0.6  21.4   7.7  40.6   13:43   SSW
17  16.9  22.9   15:05  13.3   02:16   0.6   2.0   0.2   8.5  40.6   09:37   WSW
18  15.1  20.7   15:38  10.4   05:33   1.6   1.2   0.0  10.2  40.6   16:01   WSW
19  14.4  20.1   15:54   8.8   05:50   2.3   1.2   0.0   8.7  43.9   10:47   WSW
20  14.4  20.7   15:32   8.3   05:53   2.4   1.3   0.0   5.1  25.3   11:06   WSW
21  15.6  22.4   16:09   9.6   06:16   2.0   2.1   0.0   4.4  25.3   11:39   SSW
22  17.0  22.5   15:02  10.9   05:40   1.1   2.6   0.0   4.5  22.0   11:38   WSW
23  16.6  24.9   15:26   9.3   04:34   2.1   3.2   0.0   3.9  20.3   16:16   SSE
24  20.4  28.4   15:39  13.7   06:56   0.2   5.1   0.0   4.6  28.7   15:50    SE
25  19.0  28.7   16:33  11.6   04:58   0.8   4.3   0.0   3.5  22.0   18:17     W
26  19.4  29.1   16:39  14.0   03:05   0.3   4.1   2.6   3.7  22.0   18:39   WNW
27  18.1  26.2   15:20  13.2   04:32   0.5   3.1   0.2   2.9  23.7   18:07    SW
28  12.9  20.6   12:02   7.0   06:50   3.5   0.9   3.8   4.4  33.8   17:11    SW
29  16.6  21.8   15:37  12.8   23:48   0.8   1.9   0.0   6.0  30.4   13:43    SW
30  17.2  24.2   15:19  11.9   04:37   1.0   2.7   0.0   6.3  30.4   14:41   SSW
31  13.8  19.2   14:10   8.3   06:45   2.5   0.8   1.0   7.2  40.6   13:27     W
----------------------------------------------------------------------------------
    16.8  29.1    26     7.0    28    32.1  71.6  86.2   6.8  57.5    10      SW

Max >=  30.0  0
Max <=   0.0  0
Min <=   0.0  0
Min <= -18.0  0
Max Rain: 26.0 on day 8
Days of Rain: 18 (>= 0.2 mm)  14 (>= 1.0 mm)  1 (>= 25.0 mm)
Heat Base: 15.5  Cool Base: 15.5  Method: Integration