NOAA-Style Climate Reports
Select a Year or Month report
2024: Jan Feb Mar Apr May Jun Jul Aug Sep Oct Nov Dec
2023: Jan Feb Mar Apr May Jun Jul Aug Sep Oct Nov Dec
2022: Jan Feb Mar Apr May Jun Jul Aug Sep Oct Nov Dec
2021: Jan Feb Mar Apr May Jun Jul Aug Sep Oct Nov Dec
2020: Jan Feb Mar Apr May Jun Jul Aug Sep Oct Nov Dec
2019: Jan Feb Mar Apr May Jun Jul Aug Sep Oct Nov Dec
2018: Jan Feb Mar Apr May Jun Jul Aug Sep Oct Nov Dec
2017: Jan Feb Mar Apr May Jun Jul Aug Sep Oct Nov Dec
2016: Jan Feb Mar Apr May Jun Jul Aug Sep Oct Nov Dec
2015: Jan Feb Mar Apr May Jun Jul Aug Sep Oct Nov Dec
2014: Jan Feb Mar Apr May Jun Jul Aug Sep Oct Nov Dec
2013: Jan Feb Mar Apr May Jun Jul Aug Sep Oct Nov Dec
2012: Jan Feb Mar Apr May Jun Jul Aug Sep Oct Nov Dec
2011: Jan Feb Mar Apr May Jun Jul Aug Sep Oct Nov Dec
2010: Jan Feb Mar Apr May Jun Jul Aug Sep Oct Nov Dec
2009: Jan Feb Mar Apr May Jun Jul Aug Sep Oct Nov Dec
2008: Jan Feb Mar Apr May Jun Jul Aug Sep Oct Nov Dec
2007: Jan Feb Mar Apr May Jun Jul Aug Sep Oct Nov Dec
2006: Jan Feb Mar Apr May Jun Jul Aug Sep Oct Nov Dec
2005: Jan Feb Mar Apr May Jun Jul Aug Sep Oct Nov Dec
2004: Jan Feb Mar Apr May Jun Jul Aug Sep Oct Nov Dec
2024: Jan Feb Mar Apr May Jun Jul Aug Sep Oct Nov Dec
2023: Jan Feb Mar Apr May Jun Jul Aug Sep Oct Nov Dec
2022: Jan Feb Mar Apr May Jun Jul Aug Sep Oct Nov Dec
2021: Jan Feb Mar Apr May Jun Jul Aug Sep Oct Nov Dec
2020: Jan Feb Mar Apr May Jun Jul Aug Sep Oct Nov Dec
2019: Jan Feb Mar Apr May Jun Jul Aug Sep Oct Nov Dec
2018: Jan Feb Mar Apr May Jun Jul Aug Sep Oct Nov Dec
2017: Jan Feb Mar Apr May Jun Jul Aug Sep Oct Nov Dec
2016: Jan Feb Mar Apr May Jun Jul Aug Sep Oct Nov Dec
2015: Jan Feb Mar Apr May Jun Jul Aug Sep Oct Nov Dec
2014: Jan Feb Mar Apr May Jun Jul Aug Sep Oct Nov Dec
2013: Jan Feb Mar Apr May Jun Jul Aug Sep Oct Nov Dec
2012: Jan Feb Mar Apr May Jun Jul Aug Sep Oct Nov Dec
2011: Jan Feb Mar Apr May Jun Jul Aug Sep Oct Nov Dec
2010: Jan Feb Mar Apr May Jun Jul Aug Sep Oct Nov Dec
2009: Jan Feb Mar Apr May Jun Jul Aug Sep Oct Nov Dec
2008: Jan Feb Mar Apr May Jun Jul Aug Sep Oct Nov Dec
2007: Jan Feb Mar Apr May Jun Jul Aug Sep Oct Nov Dec
2006: Jan Feb Mar Apr May Jun Jul Aug Sep Oct Nov Dec
2005: Jan Feb Mar Apr May Jun Jul Aug Sep Oct Nov Dec
2004: Jan Feb Mar Apr May Jun Jul Aug Sep Oct Nov Dec
Report for 2012
Annual Climatological Summary for 2012 Name: Willand City: Willand State: Devon, UK (9am GMT end of day) Elevation: 79 m Lat: N 50° 53' 03" Lon: W 003° 22' 25" Temperature (°C), Heat Base: 15.5 Cool Base: 15.5 Dep. Heat Cool Max Max Min Min Mean Mean From Deg Deg >= <= <= <= YR MO Max Min Mean Norm Days Days Hi Date Low Date 30.0 0.0 0.0 -18.0 ------------------------------------------------------------------------------------ 12 1 9.3 2.9 6.0 0.5 293 0 12.6 18 -2.3 16 0 0 9 0 12 2 8.1 1.5 4.7 -1.0 312 0 15.0 29 -7.4 3 0 1 12 0 12 3 14.0 3.5 8.4 0.5 221 0 21.8 28 -2.0 18 0 0 3 0 12 4 12.1 3.3 7.4 -2.5 243 0 15.7 13 -2.1 5 0 0 6 0 12 5 18.3 7.8 12.6 -0.7 108 19 28.7 25 0.3 15 0 0 0 0 12 6 18.2 10.7 13.9 -2.3 56 8 25.8 28 6.8 19 0 0 0 0 12 7 20.7 11.7 15.6 -2.4 21 26 29.3 26 6.5 20 0 0 0 0 12 8 21.2 13.4 16.7 -0.9 8 46 27.2 10 5.5 30 0 0 0 0 12 9 18.1 8.9 13.1 -2.1 78 5 24.8 7 3.1 18 0 0 0 0 12 10 13.8 7.0 10.0 -1.4 169 0 17.6 1 -0.3 27 0 0 1 0 12 11 10.2 3.3 6.7 -1.4 262 0 13.7 20 -3.3 30 0 0 7 0 12 12 9.1 2.8 5.9 0.2 296 0 13.8 22 -3.3 10 0 0 9 0 ------------------------------------------------------------------------------------ 14.4 6.4 10.1 -1.1 2073 105 29.3 Jul -7.4 Feb 0 1 47 0 Precipitation (mm) Dep. Max Days of Rain From Obs. >= YR MO Total Norm Day Date 0.2 1.0 25.0 --------------------------------------------- 12 1 65.2 -31.1 11.0 4 25 12 0 12 2 24.0 -48.3 8.8 9 12 4 0 12 3 18.0 -53.0 8.6 3 13 4 0 12 4 132.6 66.1 29.0 29 22 14 1 12 5 31.0 -28.2 10.4 7 12 7 0 12 6 142.2 85.1 20.8 7 22 18 0 12 7 107.4 49.2 32.6 6 19 16 1 12 8 111.2 52.1 14.0 15 23 20 0 12 9 123.2 58.0 72.4 23 19 10 2 12 10 133.4 35.3 27.8 5 24 18 1 12 11 159.0 63.3 43.2 20 24 15 3 12 12 145.6 42.5 16.4 21 28 23 0 --------------------------------------------- 1192.8 291.0 72.4 Sep 243 161 8 Wind Speed (km/h) Dom YR MO Avg. Hi Date Dir ------------------------------ 12 1 9.1 74.4 3 WSW 12 2 6.0 44.2 18 W 12 3 5.4 61.9 7 WNW 12 4 9.6 63.8 29 WNW 12 5 6.7 46.1 10 NW 12 6 7.9 63.8 7 SSW 12 7 6.2 51.4 6 SW 12 8 5.8 53.1 17 SSW 12 9 5.6 42.6 24 W 12 10 5.7 47.8 2 W 12 11 5.4 58.5 24 WSW 12 12 8.1 55.0 13 WSW ------------------------------ 6.8 74.4 Jan W