NOAA-Style Climate Reports
Select a Year or Month report
2024: Jan Feb Mar Apr May Jun Jul Aug Sep Oct Nov Dec
2023: Jan Feb Mar Apr May Jun Jul Aug Sep Oct Nov Dec
2022: Jan Feb Mar Apr May Jun Jul Aug Sep Oct Nov Dec
2021: Jan Feb Mar Apr May Jun Jul Aug Sep Oct Nov Dec
2020: Jan Feb Mar Apr May Jun Jul Aug Sep Oct Nov Dec
2019: Jan Feb Mar Apr May Jun Jul Aug Sep Oct Nov Dec
2018: Jan Feb Mar Apr May Jun Jul Aug Sep Oct Nov Dec
2017: Jan Feb Mar Apr May Jun Jul Aug Sep Oct Nov Dec
2016: Jan Feb Mar Apr May Jun Jul Aug Sep Oct Nov Dec
2015: Jan Feb Mar Apr May Jun Jul Aug Sep Oct Nov Dec
2014: Jan Feb Mar Apr May Jun Jul Aug Sep Oct Nov Dec
2013: Jan Feb Mar Apr May Jun Jul Aug Sep Oct Nov Dec
2012: Jan Feb Mar Apr May Jun Jul Aug Sep Oct Nov Dec
2011: Jan Feb Mar Apr May Jun Jul Aug Sep Oct Nov Dec
2010: Jan Feb Mar Apr May Jun Jul Aug Sep Oct Nov Dec
2009: Jan Feb Mar Apr May Jun Jul Aug Sep Oct Nov Dec
2008: Jan Feb Mar Apr May Jun Jul Aug Sep Oct Nov Dec
2007: Jan Feb Mar Apr May Jun Jul Aug Sep Oct Nov Dec
2006: Jan Feb Mar Apr May Jun Jul Aug Sep Oct Nov Dec
2005: Jan Feb Mar Apr May Jun Jul Aug Sep Oct Nov Dec
2004: Jan Feb Mar Apr May Jun Jul Aug Sep Oct Nov Dec
2024: Jan Feb Mar Apr May Jun Jul Aug Sep Oct Nov Dec
2023: Jan Feb Mar Apr May Jun Jul Aug Sep Oct Nov Dec
2022: Jan Feb Mar Apr May Jun Jul Aug Sep Oct Nov Dec
2021: Jan Feb Mar Apr May Jun Jul Aug Sep Oct Nov Dec
2020: Jan Feb Mar Apr May Jun Jul Aug Sep Oct Nov Dec
2019: Jan Feb Mar Apr May Jun Jul Aug Sep Oct Nov Dec
2018: Jan Feb Mar Apr May Jun Jul Aug Sep Oct Nov Dec
2017: Jan Feb Mar Apr May Jun Jul Aug Sep Oct Nov Dec
2016: Jan Feb Mar Apr May Jun Jul Aug Sep Oct Nov Dec
2015: Jan Feb Mar Apr May Jun Jul Aug Sep Oct Nov Dec
2014: Jan Feb Mar Apr May Jun Jul Aug Sep Oct Nov Dec
2013: Jan Feb Mar Apr May Jun Jul Aug Sep Oct Nov Dec
2012: Jan Feb Mar Apr May Jun Jul Aug Sep Oct Nov Dec
2011: Jan Feb Mar Apr May Jun Jul Aug Sep Oct Nov Dec
2010: Jan Feb Mar Apr May Jun Jul Aug Sep Oct Nov Dec
2009: Jan Feb Mar Apr May Jun Jul Aug Sep Oct Nov Dec
2008: Jan Feb Mar Apr May Jun Jul Aug Sep Oct Nov Dec
2007: Jan Feb Mar Apr May Jun Jul Aug Sep Oct Nov Dec
2006: Jan Feb Mar Apr May Jun Jul Aug Sep Oct Nov Dec
2005: Jan Feb Mar Apr May Jun Jul Aug Sep Oct Nov Dec
2004: Jan Feb Mar Apr May Jun Jul Aug Sep Oct Nov Dec
Report for 2010 August
Monthly Climatological Summary for Aug 2010 Name: Willand City: Willand State: Devon, UK (9am GMT end of day) Elevation: 79 m Lat: N 50° 53' 03" Lon: W 003° 22' 25" Temperature (°C), Rain (mm), Wind Speed (km/h) Heat Cool Avg Mean Deg Deg Wind Dom Day Temp High Time Low Time Days Days Rain Speed High Time Dir ---------------------------------------------------------------------------------- 1 15.9 22.6 13:50 8.6 06:10 0.0 0.4 0.0 6.1 20.4 17:30 W 2 16.8 25.7 15:10 11.1 06:00 0.0 1.3 0.0 5.5 26.5 15:50 WNW 3 17.3 23.0 17:10 13.9 01:10 0.0 1.8 0.0 7.2 22.4 17:50 SW 4 15.0 21.4 14:40 9.5 05:40 0.5 0.0 2.1 9.0 36.6 17:00 WNW 5 16.4 22.5 14:50 13.2 23:50 0.0 0.9 0.0 7.9 26.5 15:10 W 6 18.4 25.4 15:00 14.8 04:30 0.0 2.9 0.6 9.6 30.6 17:00 SW 7 15.9 22.9 15:20 9.7 05:50 0.0 0.4 1.2 7.0 30.6 15:00 W 8 15.0 21.4 14:20 7.5 04:50 0.5 0.0 0.0 3.4 16.3 15:10 W 9 16.9 20.4 16:00 12.1 05:20 0.0 1.4 7.8 6.8 20.4 13:20 SSW 10 14.8 22.3 16:40 10.0 02:40 0.7 0.0 0.9 6.1 26.5 15:50 WSW 11 15.1 22.8 14:40 8.4 06:10 0.4 0.0 0.0 6.7 22.4 13:50 W 12 14.3 19.3 18:00 9.5 03:30 1.2 0.0 0.0 7.6 28.5 09:20 WNW 13 15.7 21.2 16:50 12.5 05:00 0.0 0.2 4.5 8.5 26.5 13:10 WNW 14 15.1 21.7 16:30 10.3 05:20 0.4 0.0 0.3 7.5 26.5 09:30 N 15 16.9 23.5 14:20 9.4 06:00 0.0 1.4 0.0 6.4 22.4 11:10 NNW 16 18.1 24.6 14:40 14.3 06:30 0.0 2.6 0.3 8.9 30.6 15:10 W 17 15.5 22.6 13:20 9.7 02:40 0.0 0.0 0.0 6.7 22.4 13:00 W 18 15.1 22.1 14:30 9.9 05:10 0.4 0.0 0.6 7.3 26.5 12:10 WSW 19 17.4 20.4 12:40 15.6 19:50 0.0 1.9 6.0 10.5 30.6 16:20 S 20 19.4 21.9 11:50 18.1 06:20 0.0 3.9 0.3 8.0 26.5 10:30 S 21 19.2 24.0 15:50 14.0 06:50 0.0 3.7 0.0 7.6 30.6 16:50 SW 22 17.8 23.6 13:40 14.7 06:20 0.0 2.3 21.0 4.9 16.3 14:30 SW 23 14.8 20.0 12:20 10.8 00:10 0.7 0.0 0.3 11.5 38.7 17:40 WSW 24 14.1 20.1 16:10 10.3 03:30 1.4 0.0 3.6 7.7 38.7 15:40 WSW 25 15.4 18.4 09:20 13.4 12:50 0.1 0.0 13.8 6.8 22.4 15:10 E 26 14.3 17.5 10:00 11.7 05:40 1.2 0.0 0.9 9.6 26.5 06:00 N 27 13.4 21.3 15:50 7.3 05:20 2.1 0.0 0.0 6.1 24.4 10:40 NNW 28 15.0 20.2 14:40 12.2 22:10 0.5 0.0 0.0 8.7 26.5 12:00 W 29 11.4 18.1 14:30 4.3 06:40 4.1 0.0 0.3 8.7 32.6 11:40 WNW 30 12.6 21.4 15:10 5.5 06:10 2.9 0.0 0.6 3.9 18.4 11:20 N 31 14.3 22.9 14:30 8.5 03:40 1.2 0.0 0.0 5.2 20.4 13:50 E ---------------------------------------------------------------------------------- 15.7 25.7 2 4.3 29 18.3 25.1 65.1 7.3 38.7 23 W Max >= 30.0: 0 Max <= 0.0: 0 Min <= 0.0: 0 Min <= -18.0: 0 Max Rain: 21.0 on day 22 Days of Rain: 18 (>= 0.2 mm) 8 (>= 1.0 mm) 0 (>= 25.0 mm) Heat Base: 15.5 Cool Base: 15.5 Method: Integration