NOAA-Style Climate Reports
Select a Year or Month report
2024: Jan Feb Mar Apr May Jun Jul Aug Sep Oct Nov Dec
2023: Jan Feb Mar Apr May Jun Jul Aug Sep Oct Nov Dec
2022: Jan Feb Mar Apr May Jun Jul Aug Sep Oct Nov Dec
2021: Jan Feb Mar Apr May Jun Jul Aug Sep Oct Nov Dec
2020: Jan Feb Mar Apr May Jun Jul Aug Sep Oct Nov Dec
2019: Jan Feb Mar Apr May Jun Jul Aug Sep Oct Nov Dec
2018: Jan Feb Mar Apr May Jun Jul Aug Sep Oct Nov Dec
2017: Jan Feb Mar Apr May Jun Jul Aug Sep Oct Nov Dec
2016: Jan Feb Mar Apr May Jun Jul Aug Sep Oct Nov Dec
2015: Jan Feb Mar Apr May Jun Jul Aug Sep Oct Nov Dec
2014: Jan Feb Mar Apr May Jun Jul Aug Sep Oct Nov Dec
2013: Jan Feb Mar Apr May Jun Jul Aug Sep Oct Nov Dec
2012: Jan Feb Mar Apr May Jun Jul Aug Sep Oct Nov Dec
2011: Jan Feb Mar Apr May Jun Jul Aug Sep Oct Nov Dec
2010: Jan Feb Mar Apr May Jun Jul Aug Sep Oct Nov Dec
2009: Jan Feb Mar Apr May Jun Jul Aug Sep Oct Nov Dec
2008: Jan Feb Mar Apr May Jun Jul Aug Sep Oct Nov Dec
2007: Jan Feb Mar Apr May Jun Jul Aug Sep Oct Nov Dec
2006: Jan Feb Mar Apr May Jun Jul Aug Sep Oct Nov Dec
2005: Jan Feb Mar Apr May Jun Jul Aug Sep Oct Nov Dec
2004: Jan Feb Mar Apr May Jun Jul Aug Sep Oct Nov Dec
2024: Jan Feb Mar Apr May Jun Jul Aug Sep Oct Nov Dec
2023: Jan Feb Mar Apr May Jun Jul Aug Sep Oct Nov Dec
2022: Jan Feb Mar Apr May Jun Jul Aug Sep Oct Nov Dec
2021: Jan Feb Mar Apr May Jun Jul Aug Sep Oct Nov Dec
2020: Jan Feb Mar Apr May Jun Jul Aug Sep Oct Nov Dec
2019: Jan Feb Mar Apr May Jun Jul Aug Sep Oct Nov Dec
2018: Jan Feb Mar Apr May Jun Jul Aug Sep Oct Nov Dec
2017: Jan Feb Mar Apr May Jun Jul Aug Sep Oct Nov Dec
2016: Jan Feb Mar Apr May Jun Jul Aug Sep Oct Nov Dec
2015: Jan Feb Mar Apr May Jun Jul Aug Sep Oct Nov Dec
2014: Jan Feb Mar Apr May Jun Jul Aug Sep Oct Nov Dec
2013: Jan Feb Mar Apr May Jun Jul Aug Sep Oct Nov Dec
2012: Jan Feb Mar Apr May Jun Jul Aug Sep Oct Nov Dec
2011: Jan Feb Mar Apr May Jun Jul Aug Sep Oct Nov Dec
2010: Jan Feb Mar Apr May Jun Jul Aug Sep Oct Nov Dec
2009: Jan Feb Mar Apr May Jun Jul Aug Sep Oct Nov Dec
2008: Jan Feb Mar Apr May Jun Jul Aug Sep Oct Nov Dec
2007: Jan Feb Mar Apr May Jun Jul Aug Sep Oct Nov Dec
2006: Jan Feb Mar Apr May Jun Jul Aug Sep Oct Nov Dec
2005: Jan Feb Mar Apr May Jun Jul Aug Sep Oct Nov Dec
2004: Jan Feb Mar Apr May Jun Jul Aug Sep Oct Nov Dec
Report for 2008 February
Monthly Climatological Summary for Feb 2008 Name: Willand City: Willand State: Devon, UK (9am GMT end of day) Elevation: 79 m Lat: N 50° 53' 03" Lon: W 003° 22' 25" Temperature (°C), Rain (mm), Wind Speed (km/h) Heat Cool Avg Mean Deg Deg Wind Dom Day Temp High Time Low Time Days Days Rain Speed High Time Dir ---------------------------------------------------------------------------------- 1 1.2 6.0 14:20 -3.1 07:00 14.3 0.0 0.6 4.9 24.4 12:10 WNW 2 6.0 8.1 13:50 -1.6 09:00 9.5 0.0 0.6 12.5 44.8 07:20 SSW 3 4.7 8.9 16:50 -0.1 07:10 10.8 0.0 7.2 10.3 53.0 17:00 SSE 4 8.3 10.8 04:20 1.1 09:00 7.2 0.0 7.5 14.9 36.6 22:20 SW 5 10.0 13.7 14:30 6.0 08:40 5.5 0.0 0.3 20.0 42.8 15:40 W 6 7.5 10.2 13:00 4.1 18:50 8.0 0.0 0.3 5.0 20.4 13:00 SW 7 9.4 11.0 14:20 7.3 06:30 6.1 0.0 0.0 8.2 20.4 20:00 S 8 6.7 12.2 12:40 0.8 08:00 8.8 0.0 0.0 3.7 20.4 10:10 SSE 9 4.6 13.7 13:40 -0.9 05:40 10.9 0.0 0.0 1.6 14.3 12:50 S 10 3.7 11.4 14:50 -1.9 06:50 11.8 0.0 0.0 2.2 12.2 14:20 NNE 11 5.2 13.3 14:20 0.0 09:00 10.3 0.0 0.3 4.8 16.3 08:30 NNE 12 5.3 12.9 13:50 0.3 05:10 10.2 0.0 0.0 4.3 14.3 10:00 N 13 6.2 13.5 13:40 2.0 01:00 9.3 0.0 0.0 7.9 22.4 06:40 NE 14 3.5 5.0 14:20 2.6 01:40 12.0 0.0 0.0 0.6 20.4 09:50 ENE 15 2.9 5.7 16:30 0.6 04:50 12.6 0.0 0.0 5.3 22.4 08:00 NNE 16 1.5 7.2 14:30 -2.7 07:40 14.0 0.0 0.0 8.4 20.4 09:00 NNE 17 1.9 9.1 14:00 -1.7 04:00 13.6 0.0 0.0 8.0 16.3 10:20 NNE 18 3.0 10.5 14:00 -1.1 07:40 12.5 0.0 0.0 7.0 16.3 10:20 NNE 19 4.2 10.3 13:20 0.8 09:00 11.3 0.0 0.0 6.9 20.4 14:00 NNE 20 6.5 11.7 13:40 3.3 23:00 9.0 0.0 0.0 3.7 20.4 08:50 SW 21 10.1 11.4 12:30 8.3 09:00 5.4 0.0 0.0 15.0 32.6 15:30 WSW 22 10.4 12.5 12:10 8.7 06:00 5.1 0.0 0.0 9.9 40.7 13:00 W 23 10.3 11.7 10:00 8.9 06:10 5.2 0.0 0.0 8.6 26.5 14:10 SW 24 4.8 12.3 14:00 -1.8 06:00 10.7 0.0 0.0 3.4 26.5 15:50 W 25 9.4 11.2 03:40 0.0 09:00 6.1 0.0 7.8 13.2 36.6 22:10 SW 26 6.6 11.9 14:00 2.5 06:50 8.9 0.0 0.3 8.9 42.8 11:10 W 27 7.9 13.3 14:00 5.0 09:00 7.6 0.0 0.0 3.8 14.3 16:20 NNE 28 6.0 11.3 14:30 0.8 06:30 9.5 0.0 0.0 2.9 16.3 11:20 NNE 29 9.8 12.2 00:40 3.1 09:00 5.7 0.0 4.2 22.5 67.2 02:10 W ---------------------------------------------------------------------------------- 6.1 13.7 5 -3.1 1 271.9 0.0 29.1 7.9 67.2 29 WSW Max >= 30.0: 0 Max <= 0.0: 0 Min <= 0.0: 11 Min <= -18.0: 0 Max Rain: 7.8 on day 25 Days of Rain: 10 (>= 0.2 mm) 4 (>= 1.0 mm) 0 (>= 25.0 mm) Heat Base: 15.5 Cool Base: 15.5 Method: Integration