NOAA-Style Climate Reports
Select a Year or Month report
2024: Jan Feb Mar Apr May Jun Jul Aug Sep Oct Nov Dec
2023: Jan Feb Mar Apr May Jun Jul Aug Sep Oct Nov Dec
2022: Jan Feb Mar Apr May Jun Jul Aug Sep Oct Nov Dec
2021: Jan Feb Mar Apr May Jun Jul Aug Sep Oct Nov Dec
2020: Jan Feb Mar Apr May Jun Jul Aug Sep Oct Nov Dec
2019: Jan Feb Mar Apr May Jun Jul Aug Sep Oct Nov Dec
2018: Jan Feb Mar Apr May Jun Jul Aug Sep Oct Nov Dec
2017: Jan Feb Mar Apr May Jun Jul Aug Sep Oct Nov Dec
2016: Jan Feb Mar Apr May Jun Jul Aug Sep Oct Nov Dec
2015: Jan Feb Mar Apr May Jun Jul Aug Sep Oct Nov Dec
2014: Jan Feb Mar Apr May Jun Jul Aug Sep Oct Nov Dec
2013: Jan Feb Mar Apr May Jun Jul Aug Sep Oct Nov Dec
2012: Jan Feb Mar Apr May Jun Jul Aug Sep Oct Nov Dec
2011: Jan Feb Mar Apr May Jun Jul Aug Sep Oct Nov Dec
2010: Jan Feb Mar Apr May Jun Jul Aug Sep Oct Nov Dec
2009: Jan Feb Mar Apr May Jun Jul Aug Sep Oct Nov Dec
2008: Jan Feb Mar Apr May Jun Jul Aug Sep Oct Nov Dec
2007: Jan Feb Mar Apr May Jun Jul Aug Sep Oct Nov Dec
2006: Jan Feb Mar Apr May Jun Jul Aug Sep Oct Nov Dec
2005: Jan Feb Mar Apr May Jun Jul Aug Sep Oct Nov Dec
2004: Jan Feb Mar Apr May Jun Jul Aug Sep Oct Nov Dec
2024: Jan Feb Mar Apr May Jun Jul Aug Sep Oct Nov Dec
2023: Jan Feb Mar Apr May Jun Jul Aug Sep Oct Nov Dec
2022: Jan Feb Mar Apr May Jun Jul Aug Sep Oct Nov Dec
2021: Jan Feb Mar Apr May Jun Jul Aug Sep Oct Nov Dec
2020: Jan Feb Mar Apr May Jun Jul Aug Sep Oct Nov Dec
2019: Jan Feb Mar Apr May Jun Jul Aug Sep Oct Nov Dec
2018: Jan Feb Mar Apr May Jun Jul Aug Sep Oct Nov Dec
2017: Jan Feb Mar Apr May Jun Jul Aug Sep Oct Nov Dec
2016: Jan Feb Mar Apr May Jun Jul Aug Sep Oct Nov Dec
2015: Jan Feb Mar Apr May Jun Jul Aug Sep Oct Nov Dec
2014: Jan Feb Mar Apr May Jun Jul Aug Sep Oct Nov Dec
2013: Jan Feb Mar Apr May Jun Jul Aug Sep Oct Nov Dec
2012: Jan Feb Mar Apr May Jun Jul Aug Sep Oct Nov Dec
2011: Jan Feb Mar Apr May Jun Jul Aug Sep Oct Nov Dec
2010: Jan Feb Mar Apr May Jun Jul Aug Sep Oct Nov Dec
2009: Jan Feb Mar Apr May Jun Jul Aug Sep Oct Nov Dec
2008: Jan Feb Mar Apr May Jun Jul Aug Sep Oct Nov Dec
2007: Jan Feb Mar Apr May Jun Jul Aug Sep Oct Nov Dec
2006: Jan Feb Mar Apr May Jun Jul Aug Sep Oct Nov Dec
2005: Jan Feb Mar Apr May Jun Jul Aug Sep Oct Nov Dec
2004: Jan Feb Mar Apr May Jun Jul Aug Sep Oct Nov Dec
Report for 2007 January
Monthly Climatological Summary for Jan 2007 Name: Willand City: Willand State: Devon, UK (9am GMT end of day) Elevation: 79 m Lat: N 50° 53' 03" Lon: W 003° 22' 25" Temperature (°C), Rain (mm), Wind Speed (km/h) Heat Cool Avg Mean Deg Deg Wind Dom Day Temp High Time Low Time Days Days Rain Speed High Time Dir ---------------------------------------------------------------------------------- 1 7.0 9.5 11:10 5.9 02:40 8.5 0.0 3.9 15.9 44.8 01:00 W 2 7.6 11.1 08:50 4.3 21:30 7.9 0.0 0.0 10.3 44.8 11:40 W 3 10.8 12.8 14:10 8.1 07:50 4.7 0.0 2.4 19.3 50.9 15:30 WSW 4 9.4 10.8 12:10 8.5 19:20 6.1 0.0 0.0 11.6 38.7 12:30 W 5 8.1 12.7 13:20 4.3 21:30 7.4 0.0 3.3 3.5 28.5 13:40 WSW 6 7.9 8.4 11:10 7.7 09:40 7.6 0.0 2.4 1.1 6.2 09:00 ESE 7 9.6 11.1 21:00 6.5 05:40 5.9 0.0 3.3 10.7 38.7 00:50 WSW 8 12.1 13.2 15:50 7.7 09:00 3.4 0.0 0.6 20.1 57.1 02:50 WSW 9 12.6 14.1 12:50 8.2 08:50 2.9 0.0 1.5 18.6 46.9 18:00 WSW 10 8.1 11.5 08:50 2.8 20:20 7.4 0.0 0.0 17.9 61.2 04:00 WSW 11 10.2 12.7 11:20 7.9 00:20 5.3 0.0 0.3 19.4 63.0 09:00 W 12 11.3 12.4 11:10 10.0 08:40 4.2 0.0 0.0 14.0 44.3 15:00 WSW 13 7.8 11.8 17:00 1.9 08:40 7.7 0.0 0.3 10.9 48.2 18:30 WSW 14 6.4 10.7 13:50 2.0 09:00 9.1 0.0 0.0 4.3 16.6 13:20 SW 15 10.4 11.3 01:30 8.3 09:00 5.1 0.0 2.4 6.6 16.6 09:30 SSW 16 10.6 12.5 14:10 8.2 19:20 4.9 0.0 0.9 9.6 40.7 06:40 SW 17 9.3 13.6 07:30 6.6 18:20 6.2 0.0 1.8 14.1 66.6 08:40 WSW 18 12.3 13.5 09:50 10.8 08:20 3.2 0.0 0.9 23.4 68.4 14:20 W 19 12.6 14.5 12:10 8.2 08:40 2.9 0.0 0.6 15.3 42.5 04:10 WSW 20 6.6 10.1 13:00 4.6 08:00 8.9 0.0 1.8 17.1 61.2 23:40 W 21 4.4 8.9 12:20 0.6 05:10 11.1 0.0 1.8 8.5 38.9 11:10 W 22 3.0 5.5 14:10 0.8 08:40 12.5 0.0 0.0 17.4 53.6 14:50 NNE 23 1.3 4.2 08:20 -1.3 21:00 14.2 0.0 0.6 5.4 27.7 10:00 N 24 2.0 4.0 21:50 0.3 08:30 13.5 0.0 0.0 11.9 37.1 22:00 NNE 25 0.4 4.6 13:20 -3.1 00:30 15.1 0.0 0.0 3.8 16.6 09:20 NNE 26 7.3 8.7 14:10 2.1 09:00 8.2 0.0 0.0 7.2 16.6 10:00 WNW 27 7.7 11.2 11:50 6.2 07:20 7.8 0.0 0.0 7.4 16.6 10:50 WNW 28 7.6 9.2 15:00 5.4 04:40 7.9 0.0 0.0 6.0 16.6 10:50 WNW 29 8.1 10.5 12:30 6.6 08:40 7.4 0.0 0.0 2.4 16.6 13:10 N 30 7.0 9.6 14:00 5.4 05:00 8.5 0.0 0.0 1.3 16.6 02:40 WNW 31 9.8 10.8 12:50 7.1 09:00 5.7 0.0 0.0 9.6 28.5 06:00 NW ---------------------------------------------------------------------------------- 8.0 14.5 19 -3.1 25 231.2 0.0 28.8 11.4 68.4 18 W Max >= 30.0: 0 Max <= 0.0: 0 Min <= 0.0: 2 Min <= -18.0: 0 Max Rain: 3.9 on day 1 Days of Rain: 17 (>= 0.2 mm) 10 (>= 1.0 mm) 0 (>= 25.0 mm) Heat Base: 15.5 Cool Base: 15.5 Method: Integration