NOAA-Style Climate Reports
Select a Year or Month report
2024: Jan Feb Mar Apr May Jun Jul Aug Sep Oct Nov Dec
2023: Jan Feb Mar Apr May Jun Jul Aug Sep Oct Nov Dec
2022: Jan Feb Mar Apr May Jun Jul Aug Sep Oct Nov Dec
2021: Jan Feb Mar Apr May Jun Jul Aug Sep Oct Nov Dec
2020: Jan Feb Mar Apr May Jun Jul Aug Sep Oct Nov Dec
2019: Jan Feb Mar Apr May Jun Jul Aug Sep Oct Nov Dec
2018: Jan Feb Mar Apr May Jun Jul Aug Sep Oct Nov Dec
2017: Jan Feb Mar Apr May Jun Jul Aug Sep Oct Nov Dec
2016: Jan Feb Mar Apr May Jun Jul Aug Sep Oct Nov Dec
2015: Jan Feb Mar Apr May Jun Jul Aug Sep Oct Nov Dec
2014: Jan Feb Mar Apr May Jun Jul Aug Sep Oct Nov Dec
2013: Jan Feb Mar Apr May Jun Jul Aug Sep Oct Nov Dec
2012: Jan Feb Mar Apr May Jun Jul Aug Sep Oct Nov Dec
2011: Jan Feb Mar Apr May Jun Jul Aug Sep Oct Nov Dec
2010: Jan Feb Mar Apr May Jun Jul Aug Sep Oct Nov Dec
2009: Jan Feb Mar Apr May Jun Jul Aug Sep Oct Nov Dec
2008: Jan Feb Mar Apr May Jun Jul Aug Sep Oct Nov Dec
2007: Jan Feb Mar Apr May Jun Jul Aug Sep Oct Nov Dec
2006: Jan Feb Mar Apr May Jun Jul Aug Sep Oct Nov Dec
2005: Jan Feb Mar Apr May Jun Jul Aug Sep Oct Nov Dec
2004: Jan Feb Mar Apr May Jun Jul Aug Sep Oct Nov Dec
2024: Jan Feb Mar Apr May Jun Jul Aug Sep Oct Nov Dec
2023: Jan Feb Mar Apr May Jun Jul Aug Sep Oct Nov Dec
2022: Jan Feb Mar Apr May Jun Jul Aug Sep Oct Nov Dec
2021: Jan Feb Mar Apr May Jun Jul Aug Sep Oct Nov Dec
2020: Jan Feb Mar Apr May Jun Jul Aug Sep Oct Nov Dec
2019: Jan Feb Mar Apr May Jun Jul Aug Sep Oct Nov Dec
2018: Jan Feb Mar Apr May Jun Jul Aug Sep Oct Nov Dec
2017: Jan Feb Mar Apr May Jun Jul Aug Sep Oct Nov Dec
2016: Jan Feb Mar Apr May Jun Jul Aug Sep Oct Nov Dec
2015: Jan Feb Mar Apr May Jun Jul Aug Sep Oct Nov Dec
2014: Jan Feb Mar Apr May Jun Jul Aug Sep Oct Nov Dec
2013: Jan Feb Mar Apr May Jun Jul Aug Sep Oct Nov Dec
2012: Jan Feb Mar Apr May Jun Jul Aug Sep Oct Nov Dec
2011: Jan Feb Mar Apr May Jun Jul Aug Sep Oct Nov Dec
2010: Jan Feb Mar Apr May Jun Jul Aug Sep Oct Nov Dec
2009: Jan Feb Mar Apr May Jun Jul Aug Sep Oct Nov Dec
2008: Jan Feb Mar Apr May Jun Jul Aug Sep Oct Nov Dec
2007: Jan Feb Mar Apr May Jun Jul Aug Sep Oct Nov Dec
2006: Jan Feb Mar Apr May Jun Jul Aug Sep Oct Nov Dec
2005: Jan Feb Mar Apr May Jun Jul Aug Sep Oct Nov Dec
2004: Jan Feb Mar Apr May Jun Jul Aug Sep Oct Nov Dec
Report for 2006 April
Monthly Climatological Summary for Apr 2006 Name: Willand City: Willand State: Devon, UK (9am GMT end of day) Elevation: 79 m Lat: N 50° 53' 03" Lon: W 003° 22' 25" Temperature (°C), Rain (mm), Wind Speed (km/h) Heat Cool Avg Mean Deg Deg Wind Dom Day Temp High Time Low Time Days Days Rain Speed High Time Dir ---------------------------------------------------------------------------------- 1 9.4 14.6 12:20 5.1 05:00 6.1 0.0 5.7 12.6 38.7 18:40 WSW 2 9.3 14.5 14:00 5.4 07:20 6.2 0.0 0.0 13.8 55.0 12:30 W 3 6.0 12.2 13:30 0.7 04:20 9.5 0.0 0.0 5.8 24.4 10:50 WNW 4 4.7 10.4 15:20 -1.1 05:50 10.8 0.0 0.0 7.1 28.5 10:20 NNE 5 4.2 11.4 15:40 -2.7 06:40 11.3 0.0 0.0 2.9 20.4 10:20 NNE 6 7.8 12.9 13:10 4.6 21:30 7.7 0.0 4.2 7.3 34.7 17:30 W 7 8.7 13.3 14:30 5.1 07:30 6.8 0.0 1.5 13.0 34.7 23:40 W 8 5.7 12.0 15:40 -1.2 06:30 9.8 0.0 0.0 7.0 31.3 15:00 WNW 9 4.8 11.9 15:00 -1.1 06:40 10.7 0.0 0.0 4.9 25.9 16:20 NNW 10 5.1 11.7 15:50 -0.9 02:20 10.4 0.0 0.0 3.9 16.6 10:50 NW 11 7.4 10.9 18:30 3.1 07:00 8.1 0.0 3.0 9.6 31.3 10:30 W 12 11.2 13.2 17:30 10.0 10:00 4.3 0.0 0.0 13.5 33.5 16:10 W 13 11.1 13.4 13:30 9.6 04:20 4.4 0.0 1.8 12.2 38.9 13:00 W 14 11.1 15.4 15:00 7.3 05:20 4.4 0.0 0.0 2.8 16.6 10:30 W 15 11.5 14.9 14:00 9.1 03:10 4.0 0.0 0.0 5.8 16.6 11:50 NW 16 10.2 15.4 14:20 5.2 06:40 5.3 0.0 0.0 7.1 16.6 12:00 WNW 17 10.0 14.5 15:20 6.3 22:50 5.5 0.0 0.0 9.5 22.3 15:30 W 18 10.7 14.4 12:20 8.3 03:10 4.8 0.0 0.6 7.2 16.6 10:00 W 19 11.8 14.5 13:40 10.1 05:30 3.7 0.0 0.6 8.7 25.9 11:50 SW 20 11.3 14.7 13:30 9.6 06:20 4.2 0.0 1.2 6.1 16.6 12:40 SSE 21 12.4 16.0 15:30 9.2 03:40 3.1 0.0 0.0 4.9 16.6 11:00 NE 22 11.3 17.2 14:00 8.1 23:00 4.2 0.0 1.5 2.5 16.6 14:20 SSW 23 11.9 15.1 11:10 10.0 06:30 3.6 0.0 0.0 2.8 16.6 13:40 NE 24 12.0 17.8 15:30 8.0 01:50 3.5 0.0 0.0 4.6 16.6 15:50 SSW 25 13.0 16.8 17:00 6.8 05:30 2.5 0.0 0.0 7.4 16.6 11:20 W 26 10.6 15.3 09:50 5.0 04:40 4.9 0.0 0.0 5.4 14.8 15:00 WNW 27 12.5 18.8 14:40 5.6 03:50 3.0 0.0 0.0 3.4 16.6 12:40 N 28 11.2 17.3 13:40 3.8 06:20 4.3 0.0 0.0 2.7 16.6 15:10 NNE 29 11.1 18.1 14:10 4.7 04:40 4.4 0.0 0.0 3.4 16.6 10:10 NNW 30 10.9 15.2 14:20 7.4 00:00 4.6 0.0 4.8 8.0 24.4 09:20 W ---------------------------------------------------------------------------------- 9.6 18.8 27 -2.7 5 176.1 0.0 24.9 6.9 55.0 2 WNW Max >= 30.0: 0 Max <= 0.0: 0 Min <= 0.0: 5 Min <= -18.0: 0 Max Rain: 5.7 on day 1 Days of Rain: 10 (>= 0.2 mm) 8 (>= 1.0 mm) 0 (>= 25.0 mm) Heat Base: 15.5 Cool Base: 15.5 Method: Integration