NOAA-Style Climate Reports
Select a Year or Month report
2024: Jan Feb Mar Apr May Jun Jul Aug Sep Oct Nov Dec
2023: Jan Feb Mar Apr May Jun Jul Aug Sep Oct Nov Dec
2022: Jan Feb Mar Apr May Jun Jul Aug Sep Oct Nov Dec
2021: Jan Feb Mar Apr May Jun Jul Aug Sep Oct Nov Dec
2020: Jan Feb Mar Apr May Jun Jul Aug Sep Oct Nov Dec
2019: Jan Feb Mar Apr May Jun Jul Aug Sep Oct Nov Dec
2018: Jan Feb Mar Apr May Jun Jul Aug Sep Oct Nov Dec
2017: Jan Feb Mar Apr May Jun Jul Aug Sep Oct Nov Dec
2016: Jan Feb Mar Apr May Jun Jul Aug Sep Oct Nov Dec
2015: Jan Feb Mar Apr May Jun Jul Aug Sep Oct Nov Dec
2014: Jan Feb Mar Apr May Jun Jul Aug Sep Oct Nov Dec
2013: Jan Feb Mar Apr May Jun Jul Aug Sep Oct Nov Dec
2012: Jan Feb Mar Apr May Jun Jul Aug Sep Oct Nov Dec
2011: Jan Feb Mar Apr May Jun Jul Aug Sep Oct Nov Dec
2010: Jan Feb Mar Apr May Jun Jul Aug Sep Oct Nov Dec
2009: Jan Feb Mar Apr May Jun Jul Aug Sep Oct Nov Dec
2008: Jan Feb Mar Apr May Jun Jul Aug Sep Oct Nov Dec
2007: Jan Feb Mar Apr May Jun Jul Aug Sep Oct Nov Dec
2006: Jan Feb Mar Apr May Jun Jul Aug Sep Oct Nov Dec
2005: Jan Feb Mar Apr May Jun Jul Aug Sep Oct Nov Dec
2004: Jan Feb Mar Apr May Jun Jul Aug Sep Oct Nov Dec
2024: Jan Feb Mar Apr May Jun Jul Aug Sep Oct Nov Dec
2023: Jan Feb Mar Apr May Jun Jul Aug Sep Oct Nov Dec
2022: Jan Feb Mar Apr May Jun Jul Aug Sep Oct Nov Dec
2021: Jan Feb Mar Apr May Jun Jul Aug Sep Oct Nov Dec
2020: Jan Feb Mar Apr May Jun Jul Aug Sep Oct Nov Dec
2019: Jan Feb Mar Apr May Jun Jul Aug Sep Oct Nov Dec
2018: Jan Feb Mar Apr May Jun Jul Aug Sep Oct Nov Dec
2017: Jan Feb Mar Apr May Jun Jul Aug Sep Oct Nov Dec
2016: Jan Feb Mar Apr May Jun Jul Aug Sep Oct Nov Dec
2015: Jan Feb Mar Apr May Jun Jul Aug Sep Oct Nov Dec
2014: Jan Feb Mar Apr May Jun Jul Aug Sep Oct Nov Dec
2013: Jan Feb Mar Apr May Jun Jul Aug Sep Oct Nov Dec
2012: Jan Feb Mar Apr May Jun Jul Aug Sep Oct Nov Dec
2011: Jan Feb Mar Apr May Jun Jul Aug Sep Oct Nov Dec
2010: Jan Feb Mar Apr May Jun Jul Aug Sep Oct Nov Dec
2009: Jan Feb Mar Apr May Jun Jul Aug Sep Oct Nov Dec
2008: Jan Feb Mar Apr May Jun Jul Aug Sep Oct Nov Dec
2007: Jan Feb Mar Apr May Jun Jul Aug Sep Oct Nov Dec
2006: Jan Feb Mar Apr May Jun Jul Aug Sep Oct Nov Dec
2005: Jan Feb Mar Apr May Jun Jul Aug Sep Oct Nov Dec
2004: Jan Feb Mar Apr May Jun Jul Aug Sep Oct Nov Dec
Report for 2023 March
Monthly Climatological Summary for Mar 2023 Name: Willand City: Willand State: Devon, UK (9am GMT end of day) Elevation: 79 m Lat: N 50° 53' 02" Lon: W 003° 22' 23" Temperature (°C), Rain (mm), Wind Speed (km/h) Heat Cool Avg Mean Deg Deg Wind Dom Day Temp High Time Low Time Days Days Rain Speed High Time Dir ---------------------------------------------------------------------------------- 01 5.3 7.4 15:44 3.2 07:18 10.2 0.0 0.0 9.1 30.0 10:16 NNE 02 2.8 8.1 14:06 -1.8 04:04 12.7 0.0 0.0 6.6 30.0 13:47 NNE 03 4.4 6.3 13:04 2.5 09:00 11.1 0.0 0.0 6.5 25.0 10:57 NNE 04 3.8 5.2 13:53 2.7 06:15 11.7 0.0 0.0 4.4 24.0 09:32 NNE 05 3.5 5.4 12:45 1.1 05:12 11.9 0.0 0.0 4.9 24.0 16:43 W 06 5.6 9.3 12:50 3.2 08:51 9.8 0.0 0.2 8.8 37.0 11:38 WSW 07 3.0 6.8 14:24 0.2 04:39 12.4 0.0 9.2 7.9 32.0 05:46 NE 08 1.8 4.4 08:59 0.5 09:00 13.6 0.0 31.4 7.7 24.0 15:48 NNE 09 8.4 12.2 13:22 3.2 07:46 7.1 0.0 6.8 10.5 61.0 05:46 WSW 10 3.7 6.4 14:13 2.3 04:34 11.7 0.0 1.8 6.1 34.0 09:42 NE 11 7.7 10.3 08:53 3.2 09:00 7.8 0.0 3.2 10.8 41.0 20:37 SSW 12 11.8 13.9 12:21 10.1 18:15 3.7 0.0 7.2 17.5 63.0 03:24 SW 13 8.8 13.3 11:00 3.5 05:40 6.7 0.0 2.8 15.7 57.0 13:26 WSW 14 4.7 10.0 13:49 -0.2 04:37 10.8 0.0 1.6 7.6 42.0 11:46 W 15 8.5 9.4 22:31 2.9 09:00 7.0 0.0 4.4 10.3 41.0 15:40 SSE 16 9.7 10.8 08:57 8.2 04:38 5.8 0.0 0.8 7.6 41.0 09:11 SSE 17 10.7 13.8 11:55 9.1 06:26 4.8 0.0 5.8 8.2 39.0 11:43 SSE 18 8.6 13.4 11:54 2.5 04:59 6.9 0.0 0.2 7.4 32.0 21:12 W 19 9.4 12.7 14:31 7.4 23:32 6.1 0.0 0.4 6.4 24.0 09:45 SW 20 10.3 12.2 14:00 9.1 23:46 5.2 0.0 5.0 7.9 35.0 22:29 S 21 11.3 14.9 12:56 9.1 06:45 4.2 0.0 10.2 14.7 52.0 00:17 SW 22 10.0 14.7 11:13 5.3 03:41 5.5 0.0 4.6 12.1 51.0 20:22 SSW 23 8.4 13.8 10:19 3.9 03:25 7.1 0.0 7.8 9.3 47.0 11:03 SSW 24 8.9 11.1 10:50 7.2 23:19 6.6 0.0 3.4 18.5 54.0 03:36 WSW 25 9.0 14.6 13:06 5.9 07:19 6.5 0.0 10.8 9.6 56.0 11:12 SW 26 7.4 10.6 15:27 4.8 05:32 8.0 0.0 0.0 5.7 34.0 15:39 N 27 8.9 13.4 15:10 7.3 22:46 6.6 0.0 3.2 8.5 42.0 09:42 SSE 28 9.6 11.4 09:54 7.8 11:42 5.9 0.0 3.8 10.2 49.0 10:25 SSE 29 11.2 12.8 09:59 9.2 05:18 4.3 0.0 16.0 11.7 49.0 23:47 SSW 30 11.5 15.4 15:08 9.8 02:21 4.0 0.0 17.2 17.3 57.0 21:28 SSW 31 9.9 10.7 14:33 9.0 06:31 5.5 0.0 7.4 22.2 64.0 18:00 W ---------------------------------------------------------------------------------- 7.7 15.4 30 -1.8 2 241.2 0.0 165.2 10.1 64.0 31 SW Max >= 30.0 0 Max <= 0.0 0 Min <= 0.0 2 Min <= -18.0 0 Max Rain: 31.4 on day 8 Days of Rain: 25 (>= 0.2 mm) 21 (>= 1.0 mm) 1 (>= 25.0 mm) Heat Base: 15.5 Cool Base: 22.0 Method: Integration