NOAA-Style Climate Reports


Report for 2019 March
                   Monthly Climatological Summary for Mar 2019

Name: Willand   City: Willand   State: Devon, UK     (9am GMT end of day)
Elevation: 79 m  Lat: N 50 53 02   Lon: W 003 22 23

                  Temperature (°C), Rain (mm), Wind Speed (km/h)

                                      Heat  Cool        Avg
    Mean                              Deg   Deg         Wind                 Dom
Day Temp  High   Time   Low    Time   Days  Days  Rain  Speed High   Time    Dir
----------------------------------------------------------------------------------
01  10.0  13.2   12:36   8.3   21:38   5.5   0.0   6.4   7.8  35.5   06:49     S
02  10.7  13.5   12:23   8.1   04:57   4.8   0.0   1.8  12.6  43.9   13:39    SW
03   8.0  12.1   15:21   3.4   05:42   7.5   0.0   3.0  15.0  67.6   17:41    SW
04   4.9   9.0   13:23   1.8   05:17  10.6   0.0  12.2  11.7  49.0   12:35    SW
05   9.4  11.3   12:33   5.6   09:00   6.1   0.0  22.6  13.1  59.1   21:32   SSE
06   8.1  11.7   13:03   5.3   06:19   7.4   0.0   6.0  13.7  47.3   11:21    SW
07   5.8  10.6   12:43   0.3   06:25   9.7   0.0   0.8  13.0  60.8   13:22   WSW
08   8.4  10.9   08:59   4.1   09:00   7.1   0.0   1.6  10.8  54.1   08:49    SW
09   9.0  11.9   10:32   5.8   22:35   6.5   0.0   9.2  19.4  84.5   05:50   WSW
10   6.3   9.5   14:03   3.9   05:05   9.2   0.0   1.2  23.0  81.1   11:17     W
11   8.7  10.3   16:28   6.9   20:10   6.8   0.0   1.4  15.1  57.5   08:48    SW
12   6.4  10.3   09:21   3.6   11:36   9.1   0.0  12.8  19.5  59.1   04:59     W
13   8.8  10.5   13:00   7.2   09:12   6.7   0.0   9.4  22.5  67.6   06:25     W
14  11.2  12.6   12:46  10.4   09:00   4.3   0.0   3.0  24.4  69.3   11:03     W
15  11.0  12.1   11:56   9.7   07:41   4.5   0.0   0.2  21.3  57.5   15:14   WSW
16   7.6  12.1   12:59   3.1   05:58   7.8   0.0  10.0  17.4  69.3   14:37    SW
17   6.6   9.7   12:44   4.3   09:56   8.9   0.0   1.6  12.6  50.7   15:09     W
18   7.7   9.6   12:31   6.2   21:02   7.8   0.0   0.8   5.5  30.4   12:10     W
19  10.2  13.1   15:00   8.0   05:20   5.3   0.0   0.0   4.0  22.0   15:56   WSW
20  10.7  14.1   13:39   8.2   04:52   4.8   0.0   0.0   3.6  18.6   16:11   WSW
----------------------------------------------------------------------------------
     8.5  14.1    20     0.3     7   140.4   0.0 104.0  14.3  84.5     9     WSW

Max >=  30.0  0
Max <=   0.0  0
Min <=   0.0  0
Min <= -18.0  0
Max Rain: 22.6 on day 5
Days of Rain: 18 (>= 0.2 mm)  15 (>= 1.0 mm)  0 (>= 25.0 mm)
Heat Base: 15.5  Cool Base: 15.5  Method: Integration