NOAA-Style Climate Reports


Report for 2018 September
                   Monthly Climatological Summary for Sep 2018

Name: Willand   City: Willand   State: Devon, UK     (9am GMT end of day)
Elevation: 79 m  Lat: N 50 53 02   Lon: W 003 22 23

                  Temperature (°C), Rain (mm), Wind Speed (km/h)

                                      Heat  Cool        Avg
    Mean                              Deg   Deg         Wind                 Dom
Day Temp  High   Time   Low    Time   Days  Days  Rain  Speed High   Time    Dir
----------------------------------------------------------------------------------
01  18.5  23.6   15:44  15.8   05:59   0.0   3.0   0.0   4.2  25.3   13:42    SE
02  17.0  22.7   13:58  12.4   04:42   0.9   2.4   0.0   3.6  22.0   13:00   SSE
03  17.1  23.9   13:01  14.2   04:46   0.4   2.0   0.6   6.1  23.7   18:28    NW
04  15.6  18.2   13:52  12.4   07:00   0.7   0.8   0.0   5.4  23.7   16:59     N
05  14.4  21.4   16:15   7.6   06:26   2.6   1.6   0.0   4.9  25.3   13:49   NNW
06  12.5  17.4   12:27   5.8   06:09   3.4   0.4   0.4   7.3  33.8   13:46     W
07  13.5  18.4   15:11  10.2   04:15   2.4   0.5   0.0   6.2  28.7   13:11   WSW
08  15.6  18.9   14:44  13.2   01:11   0.7   0.9   0.6   5.7  32.1   09:25   SSW
09  16.3  22.0   15:23  12.3   07:15   0.9   1.8   0.0   8.1  28.7   10:34   WSW
10  17.5  21.6   14:48  15.0   02:08   0.0   2.1   0.0   8.0  32.1   17:21    SW
11  16.3  23.3   14:30  12.1   03:46   1.2   2.0   3.0   5.9  32.1   13:16     W
12   9.7  15.4   15:58   3.6   06:53   5.8   0.0   0.0   2.8  20.3   12:23   NNE
13  13.2  18.4   15:24   9.3   02:48   2.8   0.4   0.0   5.2  28.7   15:03   WSW
14  13.8  19.4   14:41   9.0   06:42   2.3   0.6   0.2   7.6  35.5   13:59   WSW
15  15.3  21.4   14:15  11.3   04:25   1.5   1.3   0.0   4.9  25.3   17:39   SSW
16  17.6  19.6   15:23  16.1   10:00   0.0   2.2   0.0   6.3  27.0   11:29     S
17  17.2  19.8   13:28  14.7   20:41   0.0   1.8   0.0  12.4  50.7   02:28     S
18  17.3  20.4   16:40  14.1   03:25   0.2   2.0   1.6  10.0  45.6   14:45   SSW
19  16.9  21.4   12:14  14.3   01:01   0.3   1.7   3.4  11.7  60.8   11:05    SW
20  14.6  18.4   14:12   8.9   06:34   2.0   1.2   9.0  16.8  57.5   23:49    SW
21  12.0  16.0   15:02   9.4   00:31   3.5   0.0   1.4  10.4  64.2   13:54   WSW
22  10.4  11.3   16:21   8.9   09:58   5.1   0.0  32.0   9.3  33.8   19:57   NNE
23   7.8  15.0   14:23   2.1   07:21   7.7   0.0   0.2   6.9  42.2   14:34    NW
24   8.0  15.5   15:04   2.1   06:07   7.5   0.0   0.0   3.1  27.0   13:08   NNW
----------------------------------------------------------------------------------
    14.5  23.9     3     2.1    23    51.9  28.7  52.4   7.2  64.2    21     WSW

Max >=  30.0  0
Max <=   0.0  0
Min <=   0.0  0
Min <= -18.0  0
Max Rain: 32.0 on day 22
Days of Rain: 11 (>= 0.2 mm)  6 (>= 1.0 mm)  1 (>= 25.0 mm)
Heat Base: 15.5  Cool Base: 15.5  Method: Integration