NOAA-Style Climate Reports


Report for 2017 October
                   Monthly Climatological Summary for Oct 2017

Name: Willand   City: Willand   State: Devon, UK     (9am GMT end of day)
Elevation: 79 m  Lat: N 50 53 02   Lon: W 003 22 23

                  Temperature (°C), Rain (mm), Wind Speed (km/h)

                                      Heat  Cool        Avg
    Mean                              Deg   Deg         Wind                 Dom
Day Temp  High   Time   Low    Time   Days  Days  Rain  Speed High   Time    Dir
----------------------------------------------------------------------------------
01  15.4  18.9   14:22  12.9   07:27   0.7   0.6   0.2  12.8  42.2   23:09   WSW
02  10.3  15.5   13:11   5.2   06:12   5.3   0.0   1.2   5.8  40.6   12:02     W
03  10.4  15.4   14:42   6.7   07:19   5.1   0.0   0.0   5.3  32.1   12:26   WNW
04  13.7  15.4   13:09  12.1   10:00   1.8   0.0   3.0  14.3  43.9   04:07   WSW
05   9.4  16.1   14:37   3.3   07:20   6.1   0.0   0.2   6.2  33.8   11:25    NW
06  11.9  16.1   14:28   8.3   22:55   3.6   0.0   0.4   5.2  32.1   09:00   WSW
07  12.0  17.1   13:10   7.6   02:25   3.7   0.2   0.0   6.4  35.5   14:55     W
08  14.4  19.9   14:17  11.8   10:00   1.8   0.7   0.4   1.3  16.9   17:36   SSW
09  13.1  14.8   13:15  11.8   21:27   2.4   0.0   0.0   4.5  16.9   11:37   WSW
10  15.0  18.8   13:40  13.6   07:26   1.0   0.4   0.6   9.2  38.9   13:50    SW
11  11.5  16.9   12:45   6.9   07:33   4.2   0.2   1.8   6.6  47.3   17:30    SW
12  14.4  16.8   13:02  11.1   19:58   1.2   0.2   0.0   5.8  27.0   16:09   SSW
13  16.4  19.1   13:17  14.9   03:41   0.1   1.0   0.0   6.0  30.4   14:59   SSW
14  15.4  18.2   13:11  12.9   20:19   0.7   0.6   0.0   4.6  28.7   22:36     S
15  15.9  18.0   13:45  13.3   19:49   0.2   0.6   0.2   7.2  37.2   06:58   SSE
16  13.0  18.3   12:55   7.9   07:35   3.0   0.5   0.0  13.3  62.5   15:16    SW
----------------------------------------------------------------------------------
    13.3  19.9     8     3.3     5    40.9   5.0   8.0   7.1  62.5    16     WSW

Max >=  30.0  0
Max <=   0.0  0
Min <=   0.0  0
Min <= -18.0  0
Max Rain: 3.0 on day 4
Days of Rain: 9 (>= 0.2 mm)  3 (>= 1.0 mm)  0 (>= 25.0 mm)
Heat Base: 15.5  Cool Base: 15.5  Method: Integration