NOAA-Style Climate Reports


Report for 2018 May
                   Monthly Climatological Summary for May 2018

Name: Willand   City: Willand   State: Devon, UK     (9am GMT end of day)
Elevation: 79 m  Lat: N 50 53 02   Lon: W 003 22 23

                  Temperature (°C), Rain (mm), Wind Speed (km/h)

                                      Heat  Cool        Avg
    Mean                              Deg   Deg         Wind                 Dom
Day Temp  High   Time   Low    Time   Days  Days  Rain  Speed High   Time    Dir
----------------------------------------------------------------------------------
01  10.1  14.4   12:51   7.9   22:02   5.4   0.0   8.6  13.1  47.3   16:42   SSW
02   9.0  13.2   14:45   4.7   06:07   6.5   0.0   0.0   9.8  47.3   11:48   WNW
03  12.4  17.1   14:34   9.7   02:20   3.2   0.1   0.0   2.3  23.7   19:12     W
04  12.6  18.1   09:42   6.0   05:25   3.0   0.2   0.0   0.0  10.1   13:15   WSW
05  15.2  24.1   17:19   6.2   05:39   2.8   2.5   0.0   0.4  22.0   18:49    NE
06  16.9  25.6   16:59   8.1   05:48   2.2   3.7   0.0   0.9  18.6   10:43     E
07  16.7  26.6   14:40   8.3   03:27   2.7   3.9   0.0   1.6  20.3   13:51     S
08  11.6  16.6   16:13   7.2   01:24   4.0   0.1   0.0   6.9  37.2   16:31   WNW
09  10.9  16.2   10:10   5.7   05:15   4.7   0.0   1.8   4.7  35.5   23:01   WSW
10  11.2  16.3   16:12   5.7   02:10   4.3   0.0   0.0   6.6  40.6   08:04   WSW
11   8.4  13.8   14:16   3.6   05:54   7.1   0.0   3.2   5.7  45.6   12:02   SSE
12   9.9  15.2   15:14   3.2   05:38   5.6   0.0   0.0   0.2  15.2   13:20     S
13  10.4  18.0   16:24   2.3   05:19   5.4   0.3   0.0   3.3  28.7   17:21   WNW
14  13.2  22.2   17:08   4.4   05:55   3.8   1.5   0.0   2.6  23.7   17:57   WNW
15  16.0  22.9   16:50  11.1   00:19   1.4   2.0   0.0   5.0  30.4   09:15    NW
16  12.2  16.5   16:10   6.9   06:13   3.4   0.1   0.0   9.2  37.2   18:38   NNE
17  12.3  19.8   15:47   5.3   05:27   4.0   0.8   0.0   3.2  23.7   10:51    NE
18  12.9  19.9   14:44   4.8   05:18   3.8   1.2   0.0   0.3  20.3   12:58    NE
19  13.9  22.5   12:25   4.7   05:30   3.7   2.1   0.0   1.5  23.7   15:21   SSE
20  14.0  21.2   16:03   6.1   05:32   3.2   1.8   0.0   1.8  23.7   12:57     S
----------------------------------------------------------------------------------
    12.5  26.6     7     2.3    13    80.2  20.3  13.6   4.0  47.3     1     WSW

Max >=  30.0  0
Max <=   0.0  0
Min <=   0.0  0
Min <= -18.0  0
Max Rain: 8.6 on day 1
Days of Rain: 3 (>= 0.2 mm)  3 (>= 1.0 mm)  0 (>= 25.0 mm)
Heat Base: 15.5  Cool Base: 15.5  Method: Integration