NOAA-Style Climate Reports


Report for 2017 November
                   Monthly Climatological Summary for Nov 2017

Name: Willand   City: Willand   State: Devon, UK     (9am GMT end of day)
Elevation: 79 m  Lat: N 50 53 02   Lon: W 003 22 23

                  Temperature (°C), Rain (mm), Wind Speed (km/h)

                                      Heat  Cool        Avg
    Mean                              Deg   Deg         Wind                 Dom
Day Temp  High   Time   Low    Time   Days  Days  Rain  Speed High   Time    Dir
----------------------------------------------------------------------------------
01   7.1  14.3   13:35   2.0   04:34   8.4   0.0   0.0   1.4  27.0   12:17   SSE
02   6.8  13.5   13:53   2.8   02:00   8.7   0.0   0.0   0.3   8.4   17:35   NNE
03  10.6  12.9   14:04   7.3   09:00   4.9   0.0   3.4   0.8  28.7   06:15   WNW
04   6.6  12.4   12:01   1.8   06:12   8.9   0.0   2.0   7.0  40.6   01:35   WNW
05   4.8  10.6   13:25  -0.4   07:06  10.7   0.0   0.0   5.5  42.2   11:25    NW
06   9.9  12.5   13:29   1.8   09:00   5.6   0.0   3.2   5.5  27.0   02:46     S
07   5.2  11.8   10:09   0.9   05:04  10.3   0.0   4.2   5.4  30.4   09:28    NW
08   6.4  10.7   13:49   2.6   19:38   9.1   0.0   0.0   3.1  25.3   11:50   NNW
09  10.3  13.3   13:33   5.3   00:10   5.2   0.0   1.2   6.3  40.6   06:31   WNW
10  10.9  13.1   08:29   8.3   17:56   4.6   0.0   7.2  13.0  49.0   03:44     W
11  10.4  13.8   12:19   6.4   07:28   5.1   0.0   5.8   6.6  42.2   08:59   WNW
12   3.6   9.2   11:50  -1.6   07:21  11.9   0.0   0.4   9.8  55.8   11:51    NW
13   6.8   9.3   13:28   0.7   09:00   8.7   0.0   0.0   2.2  16.9   13:52   SSE
14  10.4  12.5   13:33   8.4   09:00   5.1   0.0   0.2   3.0  22.0   12:13    SW
15  10.5  13.2   14:50   8.7   08:17   5.0   0.0   0.8   0.2  10.1   04:29    SW
16   6.4  13.3   14:25  -0.2   07:26   9.1   0.0   0.0   4.0  27.0   14:41    NW
17   4.0   9.3   14:05   0.1   22:11  11.5   0.0   0.0   1.5  11.8   13:26   ESE
18   9.0  11.9   13:05   5.2   07:38   6.5   0.0   0.8   5.6  37.2   17:25     W
19   9.1  11.1   08:57   5.8   09:02   6.4   0.0   0.0   1.9  28.7   04:41    SW
20  11.7  13.5   14:07  10.4   01:43   3.8   0.0   0.2   8.0  35.5   14:13   WSW
21  13.5  14.2   13:53  11.3   09:00   2.0   0.0   0.6  13.1  43.9   08:52    SW
22  11.9  15.2   11:05   5.9   08:00   3.6   0.0   6.4  16.1  57.5   12:33    SW
23   7.0  11.1   13:03   3.9   08:07   8.4   0.0   0.6   7.2  42.2   10:24   WSW
----------------------------------------------------------------------------------
     8.4  15.2    22    -1.6    12   163.5   0.0  37.0   5.5  57.5    22       W

Max >=  30.0  0
Max <=   0.0  0
Min <=   0.0  3
Min <= -18.0  0
Max Rain: 7.2 on day 10
Days of Rain: 15 (>= 0.2 mm)  8 (>= 1.0 mm)  0 (>= 25.0 mm)
Heat Base: 15.5  Cool Base: 15.5  Method: Integration