NOAA-Style Climate Reports


Report for 2018 November
                   Monthly Climatological Summary for Nov 2018

Name: Willand   City: Willand   State: Devon, UK     (9am GMT end of day)
Elevation: 79 m  Lat: N 50 53 02   Lon: W 003 22 23

                  Temperature (°C), Rain (mm), Wind Speed (km/h)

                                      Heat  Cool        Avg
    Mean                              Deg   Deg         Wind                 Dom
Day Temp  High   Time   Low    Time   Days  Days  Rain  Speed High   Time    Dir
----------------------------------------------------------------------------------
01   3.9  11.6   13:42  -2.0   06:30  11.5   0.0   0.2   4.3  28.7   13:19   WNW
02   7.4  11.9   13:55   0.4   09:00   8.1   0.0   0.0   2.7  27.0   08:14     S
03  12.0  12.9   11:36  11.3   09:00   3.5   0.0   1.4  10.2  43.9   13:24   SSE
04  10.8  12.9   10:27   8.6   05:37   4.7   0.0   4.4   7.9  28.7   18:13   ESE
05  12.1  14.4   13:01   9.9   09:00   3.4   0.0   0.6   4.6  25.3   12:41    SE
06  12.5  14.2   11:32  10.8   08:48   3.0   0.0  15.8  17.5  64.2   02:14   SSE
07   8.6  11.9   10:56   3.7   23:42   6.9   0.0   5.0   8.0  47.3   17:14    SW
08  11.6  13.4   13:07   9.4   09:00   3.9   0.0   1.0  14.3  57.5   13:01    SE
09   9.9  12.4   11:50   6.3   05:17   5.6   0.0  37.5  10.6  72.7   16:09   SSE
10   8.5  11.2   11:17   6.1   23:17   7.0   0.0  11.6   5.7  40.6   12:03     S
11   9.0  13.3   13:04   6.2   04:27   6.5   0.0   0.8   6.1  45.6   15:51   SSW
12   8.4  12.7   13:01   5.1   06:32   7.1   0.0   5.8   7.5  40.6   15:53   SSW
13  11.4  13.6   14:22   7.3   09:00   4.1   0.0   0.0   8.9  40.6   23:41     S
14   9.7  13.6   11:53   5.8   01:56   5.8   0.0   0.0   5.1  38.9   10:19   SSE
15  12.2  13.4   12:56   9.3   09:00   3.3   0.0   0.4   4.8  23.7   10:07    SE
16  11.3  13.6   10:28   8.0   08:57   4.2   0.0   0.0   7.7  30.4   12:21     E
17   6.3   9.8   13:40   3.1   07:22   9.2   0.0   0.0  10.5  27.0   14:37    NE
18   6.0  10.4   14:00   3.1   05:06   9.4   0.0   0.0  13.8  35.5   19:04   NNE
----------------------------------------------------------------------------------
     9.5  14.4     5    -2.0     1   107.2   0.0  84.5   8.4  72.7     9      SE

Max >=  30.0  0
Max <=   0.0  0
Min <=   0.0  1
Min <= -18.0  0
Max Rain: 37.5 on day 9
Days of Rain: 12 (>= 0.2 mm)  8 (>= 1.0 mm)  1 (>= 25.0 mm)
Heat Base: 15.5  Cool Base: 15.5  Method: Integration