NOAA-Style Climate Reports


Report for 2017 August
                   Monthly Climatological Summary for Aug 2017

Name: Willand   City: Willand   State: Devon, UK     (9am GMT end of day)
Elevation: 79 m  Lat: N 50 53 02   Lon: W 003 22 23

                  Temperature (°C), Rain (mm), Wind Speed (km/h)

                                      Heat  Cool        Avg
    Mean                              Deg   Deg         Wind                 Dom
Day Temp  High   Time   Low    Time   Days  Days  Rain  Speed High   Time    Dir
----------------------------------------------------------------------------------
01  16.3  21.9   13:19  13.8   23:12   0.5   1.2   2.2   7.8  40.6   06:37     S
02  16.5  19.6   16:59  14.2   06:02   0.2   1.2  14.2  10.7  43.9   10:36   SSW
03  15.9  19.8   13:36  11.0   05:56   0.7   1.2   0.0  11.4  49.0   12:53   WSW
04  15.6  19.5   14:24  12.1   06:26   1.0   1.1   0.6   5.9  37.2   14:41     W
05  13.9  19.4   13:41   8.1   05:42   2.6   1.0   0.0   7.5  38.9   14:25     W
06  16.5  20.6   16:28  14.6   23:18   0.3   1.3   0.2   6.6  25.3   14:02   WSW
07  15.0  19.3   14:36  12.4   05:43   1.2   0.7   2.8   1.7  28.7   19:17     W
08  14.3  19.7   12:50  11.2   23:19   1.8   0.6   1.6   4.1  28.7   15:42   NNW
09  14.2  19.8   09:56   8.6   06:19   1.8   0.6   2.2   6.0  32.1   16:27   NNW
10  14.2  21.8   13:33   7.9   05:51   2.8   1.6   0.0   4.7  30.4   16:53    NW
11  16.3  18.5   16:20  14.6   05:59   0.1   0.9   1.2   8.1  27.0   03:25   WSW
12  14.3  19.6   16:35   8.6   06:00   2.1   0.9   0.0   7.3  33.8   14:09   WNW
13  15.4  22.6   16:20  10.3   02:22   1.8   1.8   1.2   2.8  22.0   14:31   SSE
14  15.8  21.1   13:32  12.8   05:31   0.8   1.1   6.6   3.9  30.4   13:13   SSE
15  14.8  21.7   15:49   9.1   03:23   2.3   1.7   0.0   4.7  25.3   15:56     W
16  17.5  21.1   13:57  15.2   22:02   0.0   2.0   4.8   9.8  33.8   15:33     S
17  17.2  23.1   15:58  12.9   06:33   0.5   2.2   0.8   9.4  37.2   17:16   WSW
18  15.0  19.1   15:14  11.8   06:02   1.1   0.6   3.0  13.2  55.8   15:02   WSW
19  13.0  18.7   12:33   6.9   06:43   3.0   0.6   0.0   6.4  38.9   17:24     W
----------------------------------------------------------------------------------
    15.4  23.1    17     6.9    19    24.6  22.3  41.4   6.9  55.8    18     WSW

Max >=  30.0  0
Max <=   0.0  0
Min <=   0.0  0
Min <= -18.0  0
Max Rain: 14.2 on day 2
Days of Rain: 13 (>= 0.2 mm)  10 (>= 1.0 mm)  0 (>= 25.0 mm)
Heat Base: 15.5  Cool Base: 15.5  Method: Integration