NOAA-Style Climate Reports
Select a Year or Month report
2024: Jan Feb Mar Apr May Jun Jul Aug Sep Oct Nov Dec
2023: Jan Feb Mar Apr May Jun Jul Aug Sep Oct Nov Dec
2022: Jan Feb Mar Apr May Jun Jul Aug Sep Oct Nov Dec
2021: Jan Feb Mar Apr May Jun Jul Aug Sep Oct Nov Dec
2020: Jan Feb Mar Apr May Jun Jul Aug Sep Oct Nov Dec
2019: Jan Feb Mar Apr May Jun Jul Aug Sep Oct Nov Dec
2018: Jan Feb Mar Apr May Jun Jul Aug Sep Oct Nov Dec
2017: Jan Feb Mar Apr May Jun Jul Aug Sep Oct Nov Dec
2016: Jan Feb Mar Apr May Jun Jul Aug Sep Oct Nov Dec
2015: Jan Feb Mar Apr May Jun Jul Aug Sep Oct Nov Dec
2014: Jan Feb Mar Apr May Jun Jul Aug Sep Oct Nov Dec
2013: Jan Feb Mar Apr May Jun Jul Aug Sep Oct Nov Dec
2012: Jan Feb Mar Apr May Jun Jul Aug Sep Oct Nov Dec
2011: Jan Feb Mar Apr May Jun Jul Aug Sep Oct Nov Dec
2010: Jan Feb Mar Apr May Jun Jul Aug Sep Oct Nov Dec
2009: Jan Feb Mar Apr May Jun Jul Aug Sep Oct Nov Dec
2008: Jan Feb Mar Apr May Jun Jul Aug Sep Oct Nov Dec
2007: Jan Feb Mar Apr May Jun Jul Aug Sep Oct Nov Dec
2006: Jan Feb Mar Apr May Jun Jul Aug Sep Oct Nov Dec
2005: Jan Feb Mar Apr May Jun Jul Aug Sep Oct Nov Dec
2004: Jan Feb Mar Apr May Jun Jul Aug Sep Oct Nov Dec
2024: Jan Feb Mar Apr May Jun Jul Aug Sep Oct Nov Dec
2023: Jan Feb Mar Apr May Jun Jul Aug Sep Oct Nov Dec
2022: Jan Feb Mar Apr May Jun Jul Aug Sep Oct Nov Dec
2021: Jan Feb Mar Apr May Jun Jul Aug Sep Oct Nov Dec
2020: Jan Feb Mar Apr May Jun Jul Aug Sep Oct Nov Dec
2019: Jan Feb Mar Apr May Jun Jul Aug Sep Oct Nov Dec
2018: Jan Feb Mar Apr May Jun Jul Aug Sep Oct Nov Dec
2017: Jan Feb Mar Apr May Jun Jul Aug Sep Oct Nov Dec
2016: Jan Feb Mar Apr May Jun Jul Aug Sep Oct Nov Dec
2015: Jan Feb Mar Apr May Jun Jul Aug Sep Oct Nov Dec
2014: Jan Feb Mar Apr May Jun Jul Aug Sep Oct Nov Dec
2013: Jan Feb Mar Apr May Jun Jul Aug Sep Oct Nov Dec
2012: Jan Feb Mar Apr May Jun Jul Aug Sep Oct Nov Dec
2011: Jan Feb Mar Apr May Jun Jul Aug Sep Oct Nov Dec
2010: Jan Feb Mar Apr May Jun Jul Aug Sep Oct Nov Dec
2009: Jan Feb Mar Apr May Jun Jul Aug Sep Oct Nov Dec
2008: Jan Feb Mar Apr May Jun Jul Aug Sep Oct Nov Dec
2007: Jan Feb Mar Apr May Jun Jul Aug Sep Oct Nov Dec
2006: Jan Feb Mar Apr May Jun Jul Aug Sep Oct Nov Dec
2005: Jan Feb Mar Apr May Jun Jul Aug Sep Oct Nov Dec
2004: Jan Feb Mar Apr May Jun Jul Aug Sep Oct Nov Dec
Report for 2024 April
Monthly Climatological Summary for Apr 2024 Name: Willand City: Willand State: Devon, UK (9am GMT end of day) Elevation: 79 m Lat: N 50° 53' 02" Lon: W 003° 22' 23" Temperature (°C), Rain (mm), Wind Speed (km/h) Heat Cool Avg Mean Deg Deg Wind Dom Day Temp High Time Low Time Days Days Rain Speed High Time Dir ---------------------------------------------------------------------------------- 01 8.9 13.5 15:20 6.4 05:10 6.6 0.0 4.8 6.5 37.0 18:00 S 02 10.3 12.2 11:47 8.9 06:27 5.2 0.0 7.0 11.6 53.0 08:30 S 03 10.3 13.3 15:50 8.3 04:52 5.2 0.0 3.6 11.4 48.0 14:47 WSW 04 12.0 14.4 15:52 10.4 06:31 3.5 0.0 12.0 12.1 44.0 00:44 SSW 05 12.9 16.0 13:52 11.1 21:00 2.6 0.0 2.4 12.3 44.0 11:36 S 06 11.6 14.7 14:38 9.0 00:55 3.8 0.0 3.6 16.7 58.0 18:10 SSW 07 11.7 14.4 14:26 10.1 05:18 3.8 0.0 0.2 13.2 55.0 17:01 SSW 08 9.0 12.2 13:39 5.7 05:16 6.4 0.0 3.6 23.1 71.0 01:59 SSW 09 8.3 11.7 14:10 4.7 02:58 7.2 0.0 1.8 13.6 66.0 11:08 W 10 12.3 14.2 16:11 9.7 10:00 3.2 0.0 1.0 7.7 47.0 11:01 SSW 11 11.8 16.9 17:10 6.1 06:39 3.8 0.0 0.0 5.3 27.0 14:57 S 12 13.4 20.8 14:49 6.8 06:42 3.2 0.0 0.0 6.4 35.0 13:53 SSW 13 11.1 17.6 15:27 6.1 06:39 4.7 0.0 0.0 7.0 39.0 16:43 WSW 14 9.8 14.3 13:02 5.4 00:09 5.7 0.0 1.2 13.2 66.0 08:49 WSW 15 8.7 11.2 14:26 7.1 21:10 6.7 0.0 0.6 20.5 69.0 12:40 WNW 16 8.7 13.6 15:40 4.4 02:25 6.8 0.0 0.0 11.9 53.0 10:59 NW 17 6.9 11.9 15:22 1.4 06:19 8.6 0.0 0.0 9.2 48.0 14:39 NW 18 10.9 14.8 15:24 8.7 21:24 4.6 0.0 0.0 10.2 38.9 09:14 W ---------------------------------------------------------------------------------- 10.5 20.8 12 1.4 17 91.6 0.0 41.8 11.8 71.0 8 SW Max >= 30.0 0 Max <= 0.0 0 Min <= 0.0 0 Min <= -18.0 0 Max Rain: 12.0 on day 4 Days of Rain: 12 (>= 0.2 mm) 10 (>= 1.0 mm) 0 (>= 25.0 mm) Heat Base: 15.5 Cool Base: 22.0 Method: Integration