NOAA-Style Climate Reports


Report for 2019 May
                   Monthly Climatological Summary for May 2019

Name: Willand   City: Willand   State: Devon, UK     (9am GMT end of day)
Elevation: 79 m  Lat: N 50 53 02   Lon: W 003 22 23

                  Temperature (°C), Rain (mm), Wind Speed (km/h)

                                      Heat  Cool        Avg
    Mean                              Deg   Deg         Wind                 Dom
Day Temp  High   Time   Low    Time   Days  Days  Rain  Speed High   Time    Dir
----------------------------------------------------------------------------------
01   9.4  16.3   13:25   3.8   06:01   6.2   0.0   1.0   4.0  25.3   19:20   SSW
02   9.0  13.9   12:22   3.8   06:07   6.5   0.0   0.0   7.5  35.5   15:36     W
03   9.6  16.1   15:04   3.6   06:50   5.9   0.0   0.8  10.2  35.5   09:39   WNW
04   7.2  14.4   16:56  -0.4   05:35   8.3   0.0   0.0   6.6  35.5   10:07     N
05   7.6  14.1   13:32   0.1   04:13   7.9   0.0   0.0   3.3  18.6   13:59   WNW
06   9.7  14.9   14:00   4.7   06:04   5.8   0.0   0.0   3.5  23.7   11:00   ENE
07  11.3  14.8   11:17   8.9   22:38   4.2   0.0  11.6  11.1  30.4   01:57    SE
08   9.6  14.2   12:12   7.0   22:20   5.9   0.0  20.0   7.4  38.9   10:05    SW
09   7.8  14.3   16:16   1.4   05:37   7.7   0.0   0.0   8.0  42.2   13:44     W
10  10.9  15.8   14:07   5.2   06:02   4.6   0.0   0.0   4.8  25.3   09:39   SSW
11  11.0  18.2   15:32   3.3   05:06   4.7   0.2   0.0   6.6  32.1   12:57    NW
12  12.1  19.1   14:53   4.9   05:52   4.1   0.7   0.0   5.2  25.3   14:26   ESE
13  12.2  18.5   17:40   5.2   04:37   4.1   0.8   0.0   6.6  27.0   10:03   ESE
14  13.5  21.8   16:31   5.6   05:22   3.6   1.6   0.0   7.3  28.7   11:24     E
15  13.0  21.2   15:50   5.3   04:10   4.0   1.5   0.0   6.0  27.0   11:20   ESE
16  11.8  18.7   13:40   4.7   05:32   4.3   0.6   0.2   5.7  33.8   13:03     E
17  10.9  13.6   09:39   8.6   03:14   4.5   0.0   0.4   4.3  23.7   12:13     N
18  12.5  17.6   15:16   8.7   05:21   3.2   0.1   0.6   2.2  15.2   17:01    NW
19  13.2  19.4   14:44   7.2   03:27   3.1   0.8   0.0   4.0  20.3   13:12   NNW
20  12.8  20.3   14:19   4.7   05:05   3.7   1.0   0.0   3.7  22.0   20:05   NNW
21  14.0  22.2   15:17   5.2   05:13   3.4   1.9   0.0   3.2  18.6   11:13     N
22  14.2  22.4   14:28   5.8   04:37   3.4   2.1   0.0   4.0  23.7   15:35   SSE
23  14.3  21.4   12:34   7.5   05:38   2.7   1.5   0.0   6.0  27.0   18:05     W
24  14.2  19.9   15:07   7.3   05:18   2.5   1.2   0.0   5.7  28.7   19:19     W
25  16.6  21.5   15:07  13.1   06:17   0.8   2.0   0.0   7.0  28.7   09:18     W
26  13.3  18.2   15:44   7.8   03:44   2.7   0.5   0.4   9.4  35.5   14:46     W
27  12.5  17.7   13:34   8.8   05:24   3.1   0.2   1.6  10.1  40.6   13:20     W
28  11.4  17.8   17:13   6.0   03:18   4.3   0.2   0.2   7.1  33.8   18:01   WNW
29  14.5  17.8   09:57  10.8   10:00   1.1   0.2   0.2   8.6  32.1   16:13    SW
30  16.6  20.9   15:55  13.7   05:48   0.4   1.5   0.0   7.6  33.8   15:50   WSW
31  15.3  22.8   18:54   8.9   04:06   2.0   1.8   0.0   5.0  27.0   16:43   SSE
----------------------------------------------------------------------------------
    12.0  22.8    31    -0.4     4   128.7  20.4  37.0   6.2  42.2     9       W

Max >=  30.0  0
Max <=   0.0  0
Min <=   0.0  1
Min <= -18.0  0
Max Rain: 20.0 on day 8
Days of Rain: 11 (>= 0.2 mm)  4 (>= 1.0 mm)  0 (>= 25.0 mm)
Heat Base: 15.5  Cool Base: 15.5  Method: Integration