NOAA-Style Climate Reports


Report for 2019 April
                   Monthly Climatological Summary for Apr 2019

Name: Willand   City: Willand   State: Devon, UK     (9am GMT end of day)
Elevation: 79 m  Lat: N 50 53 02   Lon: W 003 22 23

                  Temperature (°C), Rain (mm), Wind Speed (km/h)

                                      Heat  Cool        Avg
    Mean                              Deg   Deg         Wind                 Dom
Day Temp  High   Time   Low    Time   Days  Days  Rain  Speed High   Time    Dir
----------------------------------------------------------------------------------
01   9.2  17.1   15:38   4.2   23:59   6.4   0.1   0.8   4.6  32.1   09:14   WSW
02   3.7  10.1   12:48  -1.8   07:11  11.8   0.0   1.6   7.4  49.0   13:01     W
03   5.5   9.1   14:17   3.1   03:01  10.0   0.0   5.0   8.8  38.9   14:52     W
04   6.7   9.6   11:35   4.7   21:34   8.8   0.0  17.6  10.1  43.9   16:51   SSE
05   7.2   9.6   11:14   5.2   05:18   8.3   0.0   7.2  12.7  42.2   18:47     E
06   9.1  13.2   13:59   6.7   06:20   6.4   0.0   0.0  14.8  33.8   15:31   NNE
07   8.0  14.8   15:30   2.4   05:26   7.5   0.0   0.0   5.7  28.7   14:10   ENE
08   9.6  16.6   15:05   4.7   04:04   5.9   0.0   0.0   6.0  25.3   15:53     E
09   7.6  11.8   11:27   3.9   07:12   7.9   0.0   2.0  11.4  32.1   04:25   NNE
10   6.1  12.6   16:23   0.4   06:56   9.4   0.0   0.2   7.8  30.4   12:01   NNE
11   6.1  14.2   16:31  -0.6   04:24   9.4   0.0   0.0   4.1  20.3   10:25   ENE
12   6.5  12.9   15:39   1.4   04:24   9.0   0.0   0.0   7.6  28.7   09:48     E
13   6.7  12.3   14:06   2.8   06:11   8.8   0.0   0.0  14.5  43.9   15:20     E
14   7.4   9.5   09:16   5.5   21:09   8.1   0.0   0.0  18.6  52.4   09:54   ESE
15   9.5  12.5   13:33   6.9   06:44   6.0   0.0   9.0  14.3  62.5   11:12   ESE
16   8.7  14.9   16:24   3.7   04:20   6.8   0.0   0.0   2.6  13.5   14:52    NE
17  12.2  18.9   14:57   7.2   05:56   3.7   0.4   0.0   6.6  25.3   08:48   ENE
18  14.9  21.2   15:23   9.7   01:42   2.2   1.6   0.0   8.4  32.1   10:36    NE
19  15.4  23.6   16:24   7.1   06:05   2.5   2.5   0.0   5.4  22.0   11:21   NNE
20  15.4  24.8   16:34   6.2   06:19   3.1   2.9   0.0   5.0  22.0   11:20   NNE
21  14.4  25.4   16:02   4.9   05:59   4.1   3.0   0.0   3.0  20.3   15:10     S
22  16.1  22.3   12:56  12.1   02:55   1.2   1.8   0.0   5.2  33.8   14:29   ESE
23  15.7  22.9   13:47  11.3   05:44   1.7   1.9   1.6   3.1  20.3   14:13    SE
24  10.2  12.8   16:22   8.7   09:44   5.3   0.0  15.2  10.6  42.2   06:10    SE
25   9.0  14.3   16:29   5.4   01:07   6.5   0.0   5.8   6.4  42.2   13:55   SSE
26   9.2  12.3   16:48   6.2   04:47   6.3   0.0   3.2  18.8  76.0   08:37   WSW
27   9.1  12.0   14:29   6.4   05:28   6.3   0.0   0.0  17.9  71.0   10:15     W
28  10.3  13.6   12:53   7.7   06:17   5.2   0.0   5.0   5.6  33.8   14:05   WNW
29   9.6  16.1   16:09   2.9   06:08   5.9   0.0   0.0   3.6  20.3   15:23   SSE
30  11.8  17.2   15:53   8.1   04:47   3.9   0.2   0.0   3.6  23.7   12:27   SSE
----------------------------------------------------------------------------------
     9.7  25.4    21    -1.8     2   188.4  14.4  74.2   8.5  76.0    26       E

Max >=  30.0  0
Max <=   0.0  0
Min <=   0.0  2
Min <= -18.0  0
Max Rain: 17.6 on day 4
Days of Rain: 13 (>= 0.2 mm)  11 (>= 1.0 mm)  0 (>= 25.0 mm)
Heat Base: 15.5  Cool Base: 15.5  Method: Integration