NOAA-Style Climate Reports


Report for 2019 February
                   Monthly Climatological Summary for Feb 2019

Name: Willand   City: Willand   State: Devon, UK     (9am GMT end of day)
Elevation: 79 m  Lat: N 50 53 02   Lon: W 003 22 23

                  Temperature (°C), Rain (mm), Wind Speed (km/h)

                                      Heat  Cool        Avg
    Mean                              Deg   Deg         Wind                 Dom
Day Temp  High   Time   Low    Time   Days  Days  Rain  Speed High   Time    Dir
----------------------------------------------------------------------------------
01   0.8   2.7   14:42  -2.4   08:08  14.7   0.0   3.8  11.9  49.0   15:36   NNW
02  -0.3   5.6   14:13  -5.9   07:03  15.7   0.0   0.0   6.2  42.2   14:55    NW
03   6.1   8.9   08:51  -4.3   09:00   9.4   0.0  15.6   7.6  49.0   03:21     S
04   5.6  10.7   14:14   0.6   00:16   9.9   0.0   0.0   4.2  27.0   08:17     W
05   8.1  10.6   19:29   3.1   07:58   7.4   0.0  12.6   7.3  30.4   10:41   SSE
06   7.0   9.7   13:38   4.3   09:00   8.5   0.0  13.6  12.7  76.0   01:23    SW
07   8.2  10.4   08:56   5.3   09:00   7.3   0.0   3.2  13.4  60.8   08:46    SW
08   7.8  11.9   12:58   5.3   03:38   7.7   0.0  10.8  20.3  59.1   09:34    SW
09   6.5  10.4   12:52   3.6   08:25   9.0   0.0  10.8  10.2  49.0   11:42    SW
10   5.9   7.8   13:03   3.4   07:21   9.6   0.0   1.8  15.9  57.5   14:21     W
11   3.7  10.7   13:39  -1.3   06:29  11.8   0.0   0.0   3.3  25.3   13:18    NW
12   7.4   9.6   15:11   0.9   09:00   8.0   0.0   0.0   3.0  18.6   07:35   SSE
13   6.2  11.4   13:34   0.7   07:26   9.3   0.0   0.0   5.3  30.4   11:52   SSE
14   4.4  11.9   13:55  -0.2   05:09  11.1   0.0   0.0   4.6  23.7   11:56    SE
15   8.9  13.6   14:02   1.8   09:00   6.6   0.0   0.0   5.4  23.7   11:54   SSE
16   9.6  11.8   12:44   6.7   04:50   5.9   0.0   0.0   9.2  37.2   22:59   SSE
17   9.4  12.8   13:44   6.9   04:52   6.1   0.0   0.4   7.5  37.2   15:26     S
18   5.2  10.9   15:04   0.4   07:02  10.3   0.0   1.2   5.4  30.4   14:16    SW
19   8.6  11.1   11:09   3.8   09:00   6.9   0.0   0.2   6.9  32.1   11:20     S
20   9.9  12.3   11:30   8.7   06:20   5.6   0.0   0.0   7.6  35.5   11:36   SSE
21   8.6  14.6   14:13   3.2   03:37   6.9   0.0   0.0   4.4  27.0   12:37   SSE
22   5.6  11.3   12:11   1.4   05:39   9.9   0.0   0.0   5.4  25.3   13:33    SE
23   7.5  14.6   11:53   2.2   03:35   8.0   0.0   0.0   3.8  25.3   13:38   SSE
24   5.7  16.3   14:06  -1.3   05:00   9.8   0.0   0.0   3.5  18.6   13:29   ENE
25   6.0  15.3   13:36   0.1   06:11   9.5   0.0   0.0   4.1  27.0   13:53     E
26   6.7  16.3   12:42  -0.3   06:56   8.9   0.0   0.0   4.9  30.4   13:22    SE
27   9.2  17.1   13:27   3.2   09:00   6.4   0.1   0.6   3.5  30.4   07:50     S
28   9.9  12.8   14:23   8.2   01:30   5.6   0.0   1.2  11.2  42.2   20:14     W
----------------------------------------------------------------------------------
     6.7  17.1    27    -5.9     2   245.8   0.1  75.8   7.4  76.0     6     SSW

Max >=  30.0  0
Max <=   0.0  0
Min <=   0.0  7
Min <= -18.0  0
Max Rain: 15.6 on day 3
Days of Rain: 13 (>= 0.2 mm)  10 (>= 1.0 mm)  0 (>= 25.0 mm)
Heat Base: 15.5  Cool Base: 15.5  Method: Integration