NOAA-Style Climate Reports


Report for 2018 January
                   Monthly Climatological Summary for Jan 2018

Name: Willand   City: Willand   State: Devon, UK     (9am GMT end of day)
Elevation: 79 m  Lat: N 50 53 02   Lon: W 003 22 23

                  Temperature (°C), Rain (mm), Wind Speed (km/h)

                                      Heat  Cool        Avg
    Mean                              Deg   Deg         Wind                 Dom
Day Temp  High   Time   Low    Time   Days  Days  Rain  Speed High   Time    Dir
----------------------------------------------------------------------------------
01   6.5   8.9   13:34   3.8   03:35   9.0   0.0   1.2  11.6  50.7   12:29     W
02   9.7  12.6   21:51   6.6   02:59   5.8   0.0  11.4  20.7  87.9   02:17   WSW
03   8.6  12.6   06:03   5.6   11:49   6.9   0.0  15.6  15.5  74.4   11:42   WSW
04   7.7  11.8   09:05   4.7   08:38   7.8   0.0   1.2  15.7  76.0   11:18   WSW
05   2.5   7.7   13:07  -1.4   04:26  13.0   0.0   0.2   3.8  30.4   09:49     W
06   2.8   4.6   12:03   0.1   09:00  12.7   0.0   0.0  18.0  40.6   21:49   NNE
07   2.0   4.3   13:57   0.1   00:36  13.5   0.0   0.2  16.8  55.8   12:00    NE
08   3.2   5.7   08:58   1.9   09:00  12.3   0.0   0.0   7.4  23.7   17:32   ENE
09   6.5   9.5   19:57   1.3   08:59   9.0   0.0   4.6   5.8  35.5   19:12    SE
10   4.1   8.8   14:34   0.8   09:10  11.4   0.0   0.2   3.1  22.0   00:20   NNE
11   1.3   7.2   14:31  -2.8   02:31  14.2   0.0   0.0   2.0  18.6   13:37     N
12   5.8   7.6   16:01  -1.3   09:00   9.7   0.0   0.0  11.6  43.9   00:11    SE
13   5.8   7.7   13:37   1.6   07:00   9.7   0.0   0.2   8.9  38.9   10:57   ESE
14   6.6   9.9   07:29   2.2   09:00   8.9   0.0   6.8   6.2  40.6   02:24   SSW
15   7.8  11.1   11:32   4.9   08:53   7.7   0.0   6.4  17.6  55.8   00:20     W
16   4.4   7.7   12:25   2.7   20:36  11.1   0.0   5.4  17.8  62.5   15:08     W
17   7.5  11.6   02:11   4.6   09:20   8.0   0.0   9.0  19.4  76.0   01:56     W
18   4.1   8.7   11:46   0.5   07:04  11.4   0.0   1.2   8.5  37.2   12:07     W
19   3.9   6.9   12:14   1.3   09:10  11.6   0.0   4.2   5.9  43.9   13:29   WSW
20   6.7  11.2   14:13   3.8   01:27   8.8   0.0   5.6   8.5  52.4   14:36   WNW
----------------------------------------------------------------------------------
     5.4  12.6     2    -2.8    11   202.5   0.0  73.4  11.2  87.9     2       W

Max >=  30.0  0
Max <=   0.0  0
Min <=   0.0  3
Min <= -18.0  0
Max Rain: 15.6 on day 3
Days of Rain: 16 (>= 0.2 mm)  12 (>= 1.0 mm)  0 (>= 25.0 mm)
Heat Base: 15.5  Cool Base: 15.5  Method: Integration