NOAA-Style Climate Reports
Select a Year or Month report
2024: Jan Feb Mar Apr May Jun Jul Aug Sep Oct Nov Dec
2023: Jan Feb Mar Apr May Jun Jul Aug Sep Oct Nov Dec
2022: Jan Feb Mar Apr May Jun Jul Aug Sep Oct Nov Dec
2021: Jan Feb Mar Apr May Jun Jul Aug Sep Oct Nov Dec
2020: Jan Feb Mar Apr May Jun Jul Aug Sep Oct Nov Dec
2019: Jan Feb Mar Apr May Jun Jul Aug Sep Oct Nov Dec
2018: Jan Feb Mar Apr May Jun Jul Aug Sep Oct Nov Dec
2017: Jan Feb Mar Apr May Jun Jul Aug Sep Oct Nov Dec
2016: Jan Feb Mar Apr May Jun Jul Aug Sep Oct Nov Dec
2015: Jan Feb Mar Apr May Jun Jul Aug Sep Oct Nov Dec
2014: Jan Feb Mar Apr May Jun Jul Aug Sep Oct Nov Dec
2013: Jan Feb Mar Apr May Jun Jul Aug Sep Oct Nov Dec
2012: Jan Feb Mar Apr May Jun Jul Aug Sep Oct Nov Dec
2011: Jan Feb Mar Apr May Jun Jul Aug Sep Oct Nov Dec
2010: Jan Feb Mar Apr May Jun Jul Aug Sep Oct Nov Dec
2009: Jan Feb Mar Apr May Jun Jul Aug Sep Oct Nov Dec
2008: Jan Feb Mar Apr May Jun Jul Aug Sep Oct Nov Dec
2007: Jan Feb Mar Apr May Jun Jul Aug Sep Oct Nov Dec
2006: Jan Feb Mar Apr May Jun Jul Aug Sep Oct Nov Dec
2005: Jan Feb Mar Apr May Jun Jul Aug Sep Oct Nov Dec
2004: Jan Feb Mar Apr May Jun Jul Aug Sep Oct Nov Dec
2024: Jan Feb Mar Apr May Jun Jul Aug Sep Oct Nov Dec
2023: Jan Feb Mar Apr May Jun Jul Aug Sep Oct Nov Dec
2022: Jan Feb Mar Apr May Jun Jul Aug Sep Oct Nov Dec
2021: Jan Feb Mar Apr May Jun Jul Aug Sep Oct Nov Dec
2020: Jan Feb Mar Apr May Jun Jul Aug Sep Oct Nov Dec
2019: Jan Feb Mar Apr May Jun Jul Aug Sep Oct Nov Dec
2018: Jan Feb Mar Apr May Jun Jul Aug Sep Oct Nov Dec
2017: Jan Feb Mar Apr May Jun Jul Aug Sep Oct Nov Dec
2016: Jan Feb Mar Apr May Jun Jul Aug Sep Oct Nov Dec
2015: Jan Feb Mar Apr May Jun Jul Aug Sep Oct Nov Dec
2014: Jan Feb Mar Apr May Jun Jul Aug Sep Oct Nov Dec
2013: Jan Feb Mar Apr May Jun Jul Aug Sep Oct Nov Dec
2012: Jan Feb Mar Apr May Jun Jul Aug Sep Oct Nov Dec
2011: Jan Feb Mar Apr May Jun Jul Aug Sep Oct Nov Dec
2010: Jan Feb Mar Apr May Jun Jul Aug Sep Oct Nov Dec
2009: Jan Feb Mar Apr May Jun Jul Aug Sep Oct Nov Dec
2008: Jan Feb Mar Apr May Jun Jul Aug Sep Oct Nov Dec
2007: Jan Feb Mar Apr May Jun Jul Aug Sep Oct Nov Dec
2006: Jan Feb Mar Apr May Jun Jul Aug Sep Oct Nov Dec
2005: Jan Feb Mar Apr May Jun Jul Aug Sep Oct Nov Dec
2004: Jan Feb Mar Apr May Jun Jul Aug Sep Oct Nov Dec
Report for 2014 May
Monthly Climatological Summary for May 2014 Name: Willand City: Willand State: Devon, UK (9am GMT end of day) Elevation: 79 m Lat: N 50° 53' 03" Lon: W 003° 22' 25" Temperature (°C), Rain (mm), Wind Speed (km/h) Heat Cool Avg Mean Deg Deg Wind Dom Day Temp High Time Low Time Days Days Rain Speed High Time Dir ---------------------------------------------------------------------------------- 1 11.3 16.1 14:56 8.2 06:21 4.2 0.0 3.6 8.4 31.9 07:01 NNW 2 10.2 12.8 16:13 7.1 07:18 5.3 0.0 0.0 6.2 28.3 10:14 NE 3 8.9 16.3 16:54 3.5 05:49 6.6 0.0 0.0 3.1 19.5 09:58 ESE 4 10.1 15.6 16:01 4.1 05:23 5.4 0.0 0.0 6.1 37.2 09:05 SSE 5 12.2 16.8 13:11 8.5 05:27 3.3 0.0 9.0 9.4 37.2 12:44 S 6 11.9 16.2 14:54 9.1 06:15 3.5 0.0 1.2 10.2 42.5 09:30 WSW 7 11.9 15.7 12:31 10.2 20:41 3.6 0.0 8.4 13.6 49.6 18:24 WSW 8 12.4 16.1 14:36 10.3 05:41 3.1 0.0 1.0 16.6 61.9 14:02 W 9 12.6 15.6 14:45 10.1 23:03 2.9 0.0 8.2 13.7 51.4 13:45 WSW 10 10.9 15.3 13:36 8.3 05:28 4.6 0.0 0.6 24.1 81.4 14:14 W 11 9.9 14.7 15:11 6.1 04:37 5.6 0.0 2.2 12.8 58.4 10:25 W 12 10.5 14.7 13:49 6.5 05:36 5.0 0.0 1.4 10.5 44.2 12:11 W 13 11.1 16.2 16:36 6.7 01:39 4.4 0.0 0.4 8.8 42.5 16:31 WNW 14 12.1 19.0 16:29 4.6 05:12 4.1 0.7 0.0 6.3 31.9 18:09 WNW 15 14.6 23.0 14:35 6.4 05:36 3.0 2.1 0.0 2.5 16.0 16:41 SSE 16 15.2 24.3 15:35 7.2 05:42 2.7 2.4 0.0 2.9 16.0 15:36 SSE 17 15.9 24.3 15:11 7.7 05:32 2.2 2.7 0.0 3.4 23.0 09:39 SSW 18 16.1 22.4 14:59 10.9 04:56 1.7 2.2 0.0 6.2 31.9 14:26 SSE 19 14.6 19.8 10:00 12.4 00:21 1.3 0.4 5.4 5.9 31.9 09:45 SE 20 11.7 18.6 16:44 4.3 05:03 4.2 0.4 0.2 6.2 31.9 12:05 SSE 21 15.1 21.4 14:43 10.0 06:31 1.8 1.5 13.8 5.7 28.3 16:36 ENE 22 13.6 18.1 18:17 10.5 05:28 2.2 0.4 3.6 8.6 40.7 12:38 E 23 12.2 17.0 13:47 8.5 06:03 3.3 0.0 4.4 5.8 28.3 19:08 SSE 24 11.1 13.9 10:00 10.0 00:27 4.4 0.0 13.0 5.7 24.8 13:16 SSE 25 11.2 16.8 17:25 6.8 02:55 4.3 0.0 0.6 6.4 38.9 15:52 SSE 26 13.4 18.4 15:00 10.8 03:06 2.3 0.2 0.0 3.7 14.2 14:19 SW 27 13.3 18.1 16:27 10.3 05:26 2.4 0.2 0.4 5.2 26.5 18:29 WNW 28 13.1 15.3 15:49 11.7 04:55 2.4 0.0 2.0 6.4 24.8 15:59 NW 29 13.1 15.5 17:03 12.2 10:00 2.4 0.0 2.8 5.5 21.2 12:14 NNE 30 13.8 19.1 14:23 9.5 03:45 2.3 0.6 0.2 6.0 31.9 17:00 NNE 31 14.0 20.5 15:11 8.4 03:49 2.2 0.7 0.0 4.0 19.5 19:57 WNW ---------------------------------------------------------------------------------- 12.5 24.3 16 3.5 3 106.7 14.5 82.4 7.7 81.4 10 WSW Max >= 30.0: 0 Max <= 0.0: 0 Min <= 0.0: 0 Min <= -18.0: 0 Max Rain: 13.8 on day 21 Days of Rain: 21 (>= 0.2 mm) 15 (>= 1.0 mm) 0 (>= 25.0 mm) Heat Base: 15.5 Cool Base: 15.5 Method: Integration