NOAA-Style Climate Reports
Select a Year or Month report
2024: Jan Feb Mar Apr May Jun Jul Aug Sep Oct Nov Dec
2023: Jan Feb Mar Apr May Jun Jul Aug Sep Oct Nov Dec
2022: Jan Feb Mar Apr May Jun Jul Aug Sep Oct Nov Dec
2021: Jan Feb Mar Apr May Jun Jul Aug Sep Oct Nov Dec
2020: Jan Feb Mar Apr May Jun Jul Aug Sep Oct Nov Dec
2019: Jan Feb Mar Apr May Jun Jul Aug Sep Oct Nov Dec
2018: Jan Feb Mar Apr May Jun Jul Aug Sep Oct Nov Dec
2017: Jan Feb Mar Apr May Jun Jul Aug Sep Oct Nov Dec
2016: Jan Feb Mar Apr May Jun Jul Aug Sep Oct Nov Dec
2015: Jan Feb Mar Apr May Jun Jul Aug Sep Oct Nov Dec
2014: Jan Feb Mar Apr May Jun Jul Aug Sep Oct Nov Dec
2013: Jan Feb Mar Apr May Jun Jul Aug Sep Oct Nov Dec
2012: Jan Feb Mar Apr May Jun Jul Aug Sep Oct Nov Dec
2011: Jan Feb Mar Apr May Jun Jul Aug Sep Oct Nov Dec
2010: Jan Feb Mar Apr May Jun Jul Aug Sep Oct Nov Dec
2009: Jan Feb Mar Apr May Jun Jul Aug Sep Oct Nov Dec
2008: Jan Feb Mar Apr May Jun Jul Aug Sep Oct Nov Dec
2007: Jan Feb Mar Apr May Jun Jul Aug Sep Oct Nov Dec
2006: Jan Feb Mar Apr May Jun Jul Aug Sep Oct Nov Dec
2005: Jan Feb Mar Apr May Jun Jul Aug Sep Oct Nov Dec
2004: Jan Feb Mar Apr May Jun Jul Aug Sep Oct Nov Dec
2024: Jan Feb Mar Apr May Jun Jul Aug Sep Oct Nov Dec
2023: Jan Feb Mar Apr May Jun Jul Aug Sep Oct Nov Dec
2022: Jan Feb Mar Apr May Jun Jul Aug Sep Oct Nov Dec
2021: Jan Feb Mar Apr May Jun Jul Aug Sep Oct Nov Dec
2020: Jan Feb Mar Apr May Jun Jul Aug Sep Oct Nov Dec
2019: Jan Feb Mar Apr May Jun Jul Aug Sep Oct Nov Dec
2018: Jan Feb Mar Apr May Jun Jul Aug Sep Oct Nov Dec
2017: Jan Feb Mar Apr May Jun Jul Aug Sep Oct Nov Dec
2016: Jan Feb Mar Apr May Jun Jul Aug Sep Oct Nov Dec
2015: Jan Feb Mar Apr May Jun Jul Aug Sep Oct Nov Dec
2014: Jan Feb Mar Apr May Jun Jul Aug Sep Oct Nov Dec
2013: Jan Feb Mar Apr May Jun Jul Aug Sep Oct Nov Dec
2012: Jan Feb Mar Apr May Jun Jul Aug Sep Oct Nov Dec
2011: Jan Feb Mar Apr May Jun Jul Aug Sep Oct Nov Dec
2010: Jan Feb Mar Apr May Jun Jul Aug Sep Oct Nov Dec
2009: Jan Feb Mar Apr May Jun Jul Aug Sep Oct Nov Dec
2008: Jan Feb Mar Apr May Jun Jul Aug Sep Oct Nov Dec
2007: Jan Feb Mar Apr May Jun Jul Aug Sep Oct Nov Dec
2006: Jan Feb Mar Apr May Jun Jul Aug Sep Oct Nov Dec
2005: Jan Feb Mar Apr May Jun Jul Aug Sep Oct Nov Dec
2004: Jan Feb Mar Apr May Jun Jul Aug Sep Oct Nov Dec
Report for 2014 April
Monthly Climatological Summary for Apr 2014 Name: Willand City: Willand State: Devon, UK (9am GMT end of day) Elevation: 79 m Lat: N 50° 53' 03" Lon: W 003° 22' 25" Temperature (°C), Rain (mm), Wind Speed (km/h) Heat Cool Avg Mean Deg Deg Wind Dom Day Temp High Time Low Time Days Days Rain Speed High Time Dir ---------------------------------------------------------------------------------- 1 13.3 18.4 14:57 8.9 10:00 2.5 0.4 2.0 6.5 28.3 15:02 ENE 2 11.6 15.6 16:17 8.8 04:34 3.9 0.0 1.2 5.9 30.1 13:30 ESE 3 10.2 12.2 10:26 8.7 00:46 5.3 0.0 3.2 5.1 24.8 17:49 W 4 11.2 16.5 15:08 7.4 22:58 4.3 0.0 0.0 7.4 26.5 17:35 SSW 5 12.4 14.6 15:03 11.2 22:44 3.1 0.0 2.4 9.9 33.7 04:31 S 6 12.1 14.5 11:59 11.0 07:10 3.4 0.0 6.8 12.0 47.9 11:48 SSW 7 8.6 13.9 13:35 5.2 05:43 6.9 0.0 1.2 14.2 42.5 17:33 WSW 8 8.1 12.7 14:03 4.3 01:20 7.4 0.0 0.4 9.2 46.0 11:05 W 9 8.7 15.6 14:47 3.3 02:27 6.8 0.0 0.0 5.4 26.5 17:00 WNW 10 8.5 14.3 13:57 2.9 03:42 7.0 0.0 0.0 4.3 24.8 15:19 NW 11 9.9 17.5 15:44 3.3 05:42 5.8 0.2 0.0 5.1 23.0 14:02 WNW 12 9.3 13.6 13:45 4.4 06:32 6.2 0.0 0.0 8.1 33.7 14:22 W 13 9.1 14.1 15:26 3.7 06:42 6.4 0.0 0.0 7.6 31.9 12:56 WNW 14 10.4 16.9 16:40 3.8 05:01 5.3 0.1 0.0 7.1 30.1 07:48 NE 15 9.4 16.5 14:14 3.5 05:14 6.2 0.0 0.0 8.1 31.9 10:39 SE 16 8.8 15.8 15:17 2.3 06:18 6.7 0.0 0.0 6.2 31.9 12:18 SE 17 10.1 15.5 13:16 4.9 06:02 5.4 0.0 0.0 9.7 35.4 15:35 NW 18 8.8 16.1 16:10 1.5 05:04 6.7 0.0 0.0 7.3 28.3 16:47 NE 19 8.3 13.4 16:17 4.2 01:38 7.2 0.0 0.0 10.2 40.7 06:28 NE 20 9.0 12.0 09:38 7.2 21:32 6.5 0.0 20.6 10.4 47.9 11:13 ENE 21 11.8 17.3 14:53 8.7 05:40 3.9 0.2 4.6 5.8 35.4 10:58 SSE 22 11.1 15.5 13:19 8.0 22:09 4.4 0.0 8.2 9.5 38.9 09:46 SSE 23 10.7 16.3 13:46 6.6 01:42 4.8 0.0 0.0 6.0 40.7 10:21 SSE 24 10.6 17.2 15:31 6.8 03:14 5.0 0.1 0.0 4.5 24.8 13:22 S 25 10.7 15.7 14:05 7.3 06:02 4.8 0.0 9.2 11.8 63.7 02:28 SE 26 9.4 12.9 13:00 7.7 18:50 6.1 0.0 10.8 16.0 56.7 14:00 SE 27 10.4 14.0 13:46 7.7 04:38 5.3 0.0 2.6 7.6 37.2 15:46 N 28 11.3 17.1 17:04 7.9 00:34 4.3 0.1 0.2 3.9 30.1 18:55 NE 29 11.4 18.2 16:43 8.1 07:09 4.1 0.2 0.8 3.7 19.5 12:28 NE 30 11.7 16.8 14:06 9.8 04:21 3.9 0.1 4.4 5.4 30.1 13:33 SSE ---------------------------------------------------------------------------------- 10.2 18.4 1 1.5 18 159.6 1.4 78.6 7.8 63.7 25 SSE Max >= 30.0: 0 Max <= 0.0: 0 Min <= 0.0: 0 Min <= -18.0: 0 Max Rain: 20.6 on day 20 Days of Rain: 16 (>= 0.2 mm) 13 (>= 1.0 mm) 0 (>= 25.0 mm) Heat Base: 15.5 Cool Base: 15.5 Method: Integration