NOAA-Style Climate Reports
Select a Year or Month report
2024: Jan Feb Mar Apr May Jun Jul Aug Sep Oct Nov Dec
2023: Jan Feb Mar Apr May Jun Jul Aug Sep Oct Nov Dec
2022: Jan Feb Mar Apr May Jun Jul Aug Sep Oct Nov Dec
2021: Jan Feb Mar Apr May Jun Jul Aug Sep Oct Nov Dec
2020: Jan Feb Mar Apr May Jun Jul Aug Sep Oct Nov Dec
2019: Jan Feb Mar Apr May Jun Jul Aug Sep Oct Nov Dec
2018: Jan Feb Mar Apr May Jun Jul Aug Sep Oct Nov Dec
2017: Jan Feb Mar Apr May Jun Jul Aug Sep Oct Nov Dec
2016: Jan Feb Mar Apr May Jun Jul Aug Sep Oct Nov Dec
2015: Jan Feb Mar Apr May Jun Jul Aug Sep Oct Nov Dec
2014: Jan Feb Mar Apr May Jun Jul Aug Sep Oct Nov Dec
2013: Jan Feb Mar Apr May Jun Jul Aug Sep Oct Nov Dec
2012: Jan Feb Mar Apr May Jun Jul Aug Sep Oct Nov Dec
2011: Jan Feb Mar Apr May Jun Jul Aug Sep Oct Nov Dec
2010: Jan Feb Mar Apr May Jun Jul Aug Sep Oct Nov Dec
2009: Jan Feb Mar Apr May Jun Jul Aug Sep Oct Nov Dec
2008: Jan Feb Mar Apr May Jun Jul Aug Sep Oct Nov Dec
2007: Jan Feb Mar Apr May Jun Jul Aug Sep Oct Nov Dec
2006: Jan Feb Mar Apr May Jun Jul Aug Sep Oct Nov Dec
2005: Jan Feb Mar Apr May Jun Jul Aug Sep Oct Nov Dec
2004: Jan Feb Mar Apr May Jun Jul Aug Sep Oct Nov Dec
2024: Jan Feb Mar Apr May Jun Jul Aug Sep Oct Nov Dec
2023: Jan Feb Mar Apr May Jun Jul Aug Sep Oct Nov Dec
2022: Jan Feb Mar Apr May Jun Jul Aug Sep Oct Nov Dec
2021: Jan Feb Mar Apr May Jun Jul Aug Sep Oct Nov Dec
2020: Jan Feb Mar Apr May Jun Jul Aug Sep Oct Nov Dec
2019: Jan Feb Mar Apr May Jun Jul Aug Sep Oct Nov Dec
2018: Jan Feb Mar Apr May Jun Jul Aug Sep Oct Nov Dec
2017: Jan Feb Mar Apr May Jun Jul Aug Sep Oct Nov Dec
2016: Jan Feb Mar Apr May Jun Jul Aug Sep Oct Nov Dec
2015: Jan Feb Mar Apr May Jun Jul Aug Sep Oct Nov Dec
2014: Jan Feb Mar Apr May Jun Jul Aug Sep Oct Nov Dec
2013: Jan Feb Mar Apr May Jun Jul Aug Sep Oct Nov Dec
2012: Jan Feb Mar Apr May Jun Jul Aug Sep Oct Nov Dec
2011: Jan Feb Mar Apr May Jun Jul Aug Sep Oct Nov Dec
2010: Jan Feb Mar Apr May Jun Jul Aug Sep Oct Nov Dec
2009: Jan Feb Mar Apr May Jun Jul Aug Sep Oct Nov Dec
2008: Jan Feb Mar Apr May Jun Jul Aug Sep Oct Nov Dec
2007: Jan Feb Mar Apr May Jun Jul Aug Sep Oct Nov Dec
2006: Jan Feb Mar Apr May Jun Jul Aug Sep Oct Nov Dec
2005: Jan Feb Mar Apr May Jun Jul Aug Sep Oct Nov Dec
2004: Jan Feb Mar Apr May Jun Jul Aug Sep Oct Nov Dec
Report for 2013 June
Monthly Climatological Summary for Jun 2013 Name: Willand City: Willand State: Devon, UK (9am GMT end of day) Elevation: 79 m Lat: N 50° 53' 03" Lon: W 003° 22' 25" Temperature (°C), Rain (mm), Wind Speed (km/h) Heat Cool Avg Mean Deg Deg Wind Dom Day Temp High Time Low Time Days Days Rain Speed High Time Dir ---------------------------------------------------------------------------------- 1 12.6 17.6 16:30 6.2 05:40 2.9 0.0 0.0 7.5 38.7 17:30 NW 2 13.5 19.2 14:10 5.8 04:10 2.0 0.0 0.0 4.3 19.4 18:00 N 3 13.5 21.0 13:50 5.9 03:00 2.0 0.0 0.0 4.8 24.9 17:00 NE 4 15.5 21.8 16:10 9.0 05:30 0.0 0.0 0.0 10.2 30.1 16:40 NE 5 15.7 21.4 14:50 9.7 05:30 0.0 0.2 0.0 7.6 24.9 08:10 NE 6 17.0 22.7 16:20 11.7 06:40 0.0 1.5 0.0 9.5 30.1 09:20 NNE 7 14.5 18.8 11:50 10.5 05:50 1.0 0.0 1.0 11.2 35.2 10:20 NNE 8 15.0 21.6 16:40 8.3 02:40 0.5 0.0 0.0 11.4 31.6 11:10 NNE 9 13.0 21.1 16:40 5.2 05:00 2.5 0.0 0.0 4.8 30.1 11:50 ENE 10 13.1 17.5 16:20 11.0 23:40 2.4 0.0 2.6 8.1 26.5 09:00 SE 11 15.1 19.7 17:00 12.9 23:30 0.4 0.0 0.6 8.5 24.9 10:50 S 12 14.2 16.6 15:50 12.6 04:40 1.3 0.0 0.8 12.8 45.9 07:00 SW 13 12.5 17.1 17:20 7.7 01:10 3.0 0.0 0.2 10.3 49.5 11:20 WSW 14 12.8 18.6 13:40 8.8 03:30 2.7 0.0 2.6 12.4 42.3 09:20 SSW 15 12.8 16.9 17:40 9.9 05:10 2.7 0.0 2.0 10.7 45.9 13:00 WSW 16 12.5 14.0 16:10 11.0 10:10 3.0 0.0 2.4 7.3 26.5 19:30 ESE 17 16.3 21.3 15:10 13.1 10:00 0.0 0.8 2.2 8.8 31.6 11:00 NNE 18 16.5 23.3 15:30 11.8 02:30 0.0 1.0 0.0 3.4 23.0 16:20 SE 19 20.1 26.3 17:00 14.5 06:10 0.0 4.6 1.6 6.4 21.3 02:40 N 20 14.2 16.2 13:00 12.6 01:00 1.3 0.0 0.8 5.4 19.4 16:20 W 21 14.4 17.2 19:20 11.6 00:20 1.1 0.0 5.6 9.0 31.6 09:30 WSW 22 14.1 16.7 17:40 12.1 06:40 1.4 0.0 5.0 16.6 38.7 17:00 WSW 23 11.5 14.1 09:10 7.1 05:50 4.0 0.0 0.6 10.9 35.2 12:10 W 24 11.5 17.6 17:20 4.8 04:50 4.0 0.0 0.0 5.8 30.1 16:10 W 25 14.7 21.5 15:10 7.6 05:20 0.8 0.0 0.0 2.9 14.3 15:10 S 26 15.4 22.3 17:10 10.4 04:10 0.1 0.0 0.0 4.8 28.5 19:10 WNW 27 15.3 19.7 13:10 12.4 21:00 0.2 0.0 3.2 8.5 31.6 13:20 W 28 15.5 17.9 09:50 13.6 05:50 0.0 0.0 0.0 10.1 30.1 20:00 W 29 16.2 20.8 17:00 11.7 06:00 0.0 0.7 0.0 7.6 33.7 16:20 W 30 15.6 21.2 15:20 12.2 04:50 0.0 0.1 0.0 8.6 26.5 20:00 WSW ---------------------------------------------------------------------------------- 14.5 26.3 19 4.8 24 39.3 8.9 31.2 8.5 49.5 13 WNW Max >= 30.0: 0 Max <= 0.0: 0 Min <= 0.0: 0 Min <= -18.0: 0 Max Rain: 5.6 on day 21 Days of Rain: 15 (>= 0.2 mm) 10 (>= 1.0 mm) 0 (>= 25.0 mm) Heat Base: 15.5 Cool Base: 15.5 Method: Integration