NOAA-Style Climate Reports
Select a Year or Month report
2024: Jan Feb Mar Apr May Jun Jul Aug Sep Oct Nov Dec
2023: Jan Feb Mar Apr May Jun Jul Aug Sep Oct Nov Dec
2022: Jan Feb Mar Apr May Jun Jul Aug Sep Oct Nov Dec
2021: Jan Feb Mar Apr May Jun Jul Aug Sep Oct Nov Dec
2020: Jan Feb Mar Apr May Jun Jul Aug Sep Oct Nov Dec
2019: Jan Feb Mar Apr May Jun Jul Aug Sep Oct Nov Dec
2018: Jan Feb Mar Apr May Jun Jul Aug Sep Oct Nov Dec
2017: Jan Feb Mar Apr May Jun Jul Aug Sep Oct Nov Dec
2016: Jan Feb Mar Apr May Jun Jul Aug Sep Oct Nov Dec
2015: Jan Feb Mar Apr May Jun Jul Aug Sep Oct Nov Dec
2014: Jan Feb Mar Apr May Jun Jul Aug Sep Oct Nov Dec
2013: Jan Feb Mar Apr May Jun Jul Aug Sep Oct Nov Dec
2012: Jan Feb Mar Apr May Jun Jul Aug Sep Oct Nov Dec
2011: Jan Feb Mar Apr May Jun Jul Aug Sep Oct Nov Dec
2010: Jan Feb Mar Apr May Jun Jul Aug Sep Oct Nov Dec
2009: Jan Feb Mar Apr May Jun Jul Aug Sep Oct Nov Dec
2008: Jan Feb Mar Apr May Jun Jul Aug Sep Oct Nov Dec
2007: Jan Feb Mar Apr May Jun Jul Aug Sep Oct Nov Dec
2006: Jan Feb Mar Apr May Jun Jul Aug Sep Oct Nov Dec
2005: Jan Feb Mar Apr May Jun Jul Aug Sep Oct Nov Dec
2004: Jan Feb Mar Apr May Jun Jul Aug Sep Oct Nov Dec
2024: Jan Feb Mar Apr May Jun Jul Aug Sep Oct Nov Dec
2023: Jan Feb Mar Apr May Jun Jul Aug Sep Oct Nov Dec
2022: Jan Feb Mar Apr May Jun Jul Aug Sep Oct Nov Dec
2021: Jan Feb Mar Apr May Jun Jul Aug Sep Oct Nov Dec
2020: Jan Feb Mar Apr May Jun Jul Aug Sep Oct Nov Dec
2019: Jan Feb Mar Apr May Jun Jul Aug Sep Oct Nov Dec
2018: Jan Feb Mar Apr May Jun Jul Aug Sep Oct Nov Dec
2017: Jan Feb Mar Apr May Jun Jul Aug Sep Oct Nov Dec
2016: Jan Feb Mar Apr May Jun Jul Aug Sep Oct Nov Dec
2015: Jan Feb Mar Apr May Jun Jul Aug Sep Oct Nov Dec
2014: Jan Feb Mar Apr May Jun Jul Aug Sep Oct Nov Dec
2013: Jan Feb Mar Apr May Jun Jul Aug Sep Oct Nov Dec
2012: Jan Feb Mar Apr May Jun Jul Aug Sep Oct Nov Dec
2011: Jan Feb Mar Apr May Jun Jul Aug Sep Oct Nov Dec
2010: Jan Feb Mar Apr May Jun Jul Aug Sep Oct Nov Dec
2009: Jan Feb Mar Apr May Jun Jul Aug Sep Oct Nov Dec
2008: Jan Feb Mar Apr May Jun Jul Aug Sep Oct Nov Dec
2007: Jan Feb Mar Apr May Jun Jul Aug Sep Oct Nov Dec
2006: Jan Feb Mar Apr May Jun Jul Aug Sep Oct Nov Dec
2005: Jan Feb Mar Apr May Jun Jul Aug Sep Oct Nov Dec
2004: Jan Feb Mar Apr May Jun Jul Aug Sep Oct Nov Dec
Report for 2011 December
Monthly Climatological Summary for Dec 2011 Name: Willand City: Willand State: Devon, UK (9am GMT end of day) Elevation: 79 m Lat: N 50° 53' 03" Lon: W 003° 22' 25" Temperature (°C), Rain (mm), Wind Speed (km/h) Heat Cool Avg Mean Deg Deg Wind Dom Day Temp High Time Low Time Days Days Rain Speed High Time Dir ---------------------------------------------------------------------------------- 1 5.8 9.9 13:10 0.5 08:10 9.7 0.0 1.2 1.9 21.2 00:40 WNW 2 8.2 11.5 04:50 1.0 09:00 7.3 0.0 2.8 10.8 37.3 04:10 SW 3 9.4 11.7 13:30 7.4 07:20 6.1 0.0 1.8 8.8 42.6 09:00 WSW 4 5.5 9.6 13:20 1.1 04:20 10.0 0.0 2.0 8.5 42.6 08:00 WSW 5 4.4 8.0 12:50 1.7 23:10 11.1 0.0 2.8 8.8 40.7 12:50 WSW 6 7.6 9.5 02:30 4.4 09:20 7.9 0.0 9.4 14.3 47.8 06:00 WSW 7 6.6 10.4 08:50 3.7 00:10 8.9 0.0 0.0 10.1 47.8 10:00 WSW 8 7.9 12.6 13:10 2.5 08:30 7.6 0.0 3.6 14.6 61.9 11:50 WSW 9 2.8 7.5 13:30 0.0 22:30 12.7 0.0 0.2 3.6 30.1 13:50 WSW 10 4.8 7.1 08:50 1.3 09:00 10.7 0.0 0.2 3.0 17.7 12:40 S 11 6.1 10.0 13:00 2.7 03:10 9.4 0.0 7.6 6.7 30.1 14:50 SW 12 8.0 11.6 21:50 3.5 08:50 7.5 0.0 13.0 16.7 65.6 02:50 SW 13 3.3 6.2 12:30 1.2 05:10 12.2 0.0 7.0 11.8 46.1 13:00 SW 14 4.2 6.7 02:20 1.8 20:30 11.3 0.0 6.2 12.7 51.4 02:20 SW 15 4.8 7.7 12:50 1.1 08:30 10.7 0.0 8.8 8.3 38.9 10:00 WNW 16 2.7 5.5 13:00 -0.5 08:30 12.8 0.0 1.2 9.7 47.8 14:20 W 17 3.0 6.6 12:20 -0.6 08:10 12.5 0.0 1.0 7.7 35.4 12:40 WNW 18 2.3 7.2 13:30 -0.9 01:10 13.2 0.0 0.6 4.6 23.0 14:00 W 19 7.5 10.2 16:40 2.4 09:00 8.0 0.0 3.8 6.6 33.7 17:10 W 20 8.8 11.5 07:20 6.8 18:30 6.7 0.0 1.8 8.5 33.7 03:50 W 21 10.7 11.7 12:00 9.8 00:00 4.8 0.0 0.0 10.8 38.9 12:20 W 22 10.7 11.6 13:50 9.8 05:20 4.8 0.0 0.0 8.1 33.7 23:40 SW 23 5.7 11.6 11:10 1.2 05:00 9.8 0.0 2.2 12.2 49.5 13:10 W 24 8.4 9.8 08:50 4.9 09:00 7.1 0.0 0.6 13.0 33.7 14:20 SW 25 10.9 11.6 12:50 9.8 09:30 4.6 0.0 0.0 10.7 40.7 14:20 SW 26 9.6 11.2 10:30 8.6 08:30 5.9 0.0 0.0 7.9 32.0 10:40 SW 27 9.3 10.4 01:30 8.3 18:30 6.2 0.0 0.8 9.8 38.9 06:40 SSW 28 6.8 8.5 09:00 5.1 06:20 8.7 0.0 1.4 15.8 56.7 11:10 W 29 8.8 10.0 14:10 7.2 08:20 6.7 0.0 2.2 19.1 60.3 16:10 W 30 10.5 11.3 08:40 7.4 09:00 5.0 0.0 6.4 9.2 37.3 04:00 WSW 31 11.4 12.3 14:30 9.3 08:50 4.1 0.0 2.6 11.2 42.6 13:20 SW ---------------------------------------------------------------------------------- 7.0 12.6 8 -0.9 18 264.0 0.0 91.2 9.9 65.6 12 WSW Max >= 30.0: 0 Max <= 0.0: 0 Min <= 0.0: 4 Min <= -18.0: 0 Max Rain: 13.0 on day 12 Days of Rain: 26 (>= 0.2 mm) 21 (>= 1.0 mm) 0 (>= 25.0 mm) Heat Base: 15.5 Cool Base: 15.5 Method: Integration