NOAA-Style Climate Reports
Select a Year or Month report
2024: Jan Feb Mar Apr May Jun Jul Aug Sep Oct Nov Dec
2023: Jan Feb Mar Apr May Jun Jul Aug Sep Oct Nov Dec
2022: Jan Feb Mar Apr May Jun Jul Aug Sep Oct Nov Dec
2021: Jan Feb Mar Apr May Jun Jul Aug Sep Oct Nov Dec
2020: Jan Feb Mar Apr May Jun Jul Aug Sep Oct Nov Dec
2019: Jan Feb Mar Apr May Jun Jul Aug Sep Oct Nov Dec
2018: Jan Feb Mar Apr May Jun Jul Aug Sep Oct Nov Dec
2017: Jan Feb Mar Apr May Jun Jul Aug Sep Oct Nov Dec
2016: Jan Feb Mar Apr May Jun Jul Aug Sep Oct Nov Dec
2015: Jan Feb Mar Apr May Jun Jul Aug Sep Oct Nov Dec
2014: Jan Feb Mar Apr May Jun Jul Aug Sep Oct Nov Dec
2013: Jan Feb Mar Apr May Jun Jul Aug Sep Oct Nov Dec
2012: Jan Feb Mar Apr May Jun Jul Aug Sep Oct Nov Dec
2011: Jan Feb Mar Apr May Jun Jul Aug Sep Oct Nov Dec
2010: Jan Feb Mar Apr May Jun Jul Aug Sep Oct Nov Dec
2009: Jan Feb Mar Apr May Jun Jul Aug Sep Oct Nov Dec
2008: Jan Feb Mar Apr May Jun Jul Aug Sep Oct Nov Dec
2007: Jan Feb Mar Apr May Jun Jul Aug Sep Oct Nov Dec
2006: Jan Feb Mar Apr May Jun Jul Aug Sep Oct Nov Dec
2005: Jan Feb Mar Apr May Jun Jul Aug Sep Oct Nov Dec
2004: Jan Feb Mar Apr May Jun Jul Aug Sep Oct Nov Dec
2024: Jan Feb Mar Apr May Jun Jul Aug Sep Oct Nov Dec
2023: Jan Feb Mar Apr May Jun Jul Aug Sep Oct Nov Dec
2022: Jan Feb Mar Apr May Jun Jul Aug Sep Oct Nov Dec
2021: Jan Feb Mar Apr May Jun Jul Aug Sep Oct Nov Dec
2020: Jan Feb Mar Apr May Jun Jul Aug Sep Oct Nov Dec
2019: Jan Feb Mar Apr May Jun Jul Aug Sep Oct Nov Dec
2018: Jan Feb Mar Apr May Jun Jul Aug Sep Oct Nov Dec
2017: Jan Feb Mar Apr May Jun Jul Aug Sep Oct Nov Dec
2016: Jan Feb Mar Apr May Jun Jul Aug Sep Oct Nov Dec
2015: Jan Feb Mar Apr May Jun Jul Aug Sep Oct Nov Dec
2014: Jan Feb Mar Apr May Jun Jul Aug Sep Oct Nov Dec
2013: Jan Feb Mar Apr May Jun Jul Aug Sep Oct Nov Dec
2012: Jan Feb Mar Apr May Jun Jul Aug Sep Oct Nov Dec
2011: Jan Feb Mar Apr May Jun Jul Aug Sep Oct Nov Dec
2010: Jan Feb Mar Apr May Jun Jul Aug Sep Oct Nov Dec
2009: Jan Feb Mar Apr May Jun Jul Aug Sep Oct Nov Dec
2008: Jan Feb Mar Apr May Jun Jul Aug Sep Oct Nov Dec
2007: Jan Feb Mar Apr May Jun Jul Aug Sep Oct Nov Dec
2006: Jan Feb Mar Apr May Jun Jul Aug Sep Oct Nov Dec
2005: Jan Feb Mar Apr May Jun Jul Aug Sep Oct Nov Dec
2004: Jan Feb Mar Apr May Jun Jul Aug Sep Oct Nov Dec
Report for 2010 May
Monthly Climatological Summary for May 2010 Name: Willand City: Willand State: Devon, UK (9am GMT end of day) Elevation: 79 m Lat: N 50° 53' 03" Lon: W 003° 22' 25" Temperature (°C), Rain (mm), Wind Speed (km/h) Heat Cool Avg Mean Deg Deg Wind Dom Day Temp High Time Low Time Days Days Rain Speed High Time Dir ---------------------------------------------------------------------------------- 1 9.9 15.7 11:30 6.8 01:30 5.6 0.0 1.5 5.7 24.4 09:40 WNW 2 7.9 13.5 16:00 2.0 06:00 7.6 0.0 2.1 10.3 32.6 13:10 N 3 8.8 15.2 15:30 2.1 06:20 6.7 0.0 0.0 8.0 32.6 16:30 N 4 10.7 16.8 15:20 3.9 06:10 4.8 0.0 0.0 6.3 26.5 12:50 NNW 5 12.7 17.9 14:50 9.8 06:20 2.8 0.0 2.4 4.6 20.4 17:50 NW 6 10.7 16.2 17:00 5.5 06:30 4.8 0.0 1.8 6.5 22.4 08:20 NNE 7 8.8 12.8 14:40 6.5 01:40 6.7 0.0 0.3 9.1 26.5 22:00 NNE 8 7.9 10.1 14:30 6.3 03:50 7.6 0.0 0.0 10.9 22.4 15:10 NNE 9 8.3 11.2 15:20 3.8 02:10 7.2 0.0 0.0 6.7 22.4 11:50 NNE 10 10.5 16.4 13:50 6.7 05:50 5.0 0.0 0.0 9.2 26.5 11:40 NNE 11 7.4 13.7 16:00 0.1 05:30 8.1 0.0 0.0 5.7 22.4 16:50 N 12 11.3 16.0 14:30 7.0 18:20 4.2 0.0 1.8 5.8 16.3 16:40 NNE 13 7.2 11.6 18:40 4.2 03:30 8.3 0.0 1.8 3.7 20.4 08:50 S 14 9.4 14.6 09:50 7.6 05:40 6.1 0.0 0.6 3.8 20.4 12:50 S 15 10.5 19.3 14:20 3.4 02:30 5.0 0.0 0.3 7.6 26.5 15:20 W 16 10.3 16.9 17:00 3.7 05:40 5.2 0.0 0.0 8.3 26.5 12:00 WSW 17 11.8 19.2 14:10 5.6 02:00 3.7 0.0 0.0 5.2 20.4 12:30 W 18 14.9 21.8 15:40 10.7 04:50 0.6 0.0 0.0 5.9 22.4 15:00 W 19 14.4 17.4 14:50 12.7 02:30 1.1 0.0 0.0 2.9 16.3 12:40 S 20 16.0 24.7 16:40 9.1 05:20 0.0 0.5 0.0 2.5 10.2 11:20 NNW 21 18.4 28.6 16:20 9.2 05:10 0.0 2.9 0.0 2.9 14.3 13:20 ENE 22 17.6 27.1 15:40 7.8 04:40 0.0 2.1 0.0 4.4 16.3 10:30 E 23 17.8 28.9 14:20 6.0 05:40 0.0 2.3 0.0 3.7 18.4 14:20 SE 24 19.7 31.4 16:00 9.3 05:20 0.0 4.2 0.0 5.5 20.4 14:50 WNW 25 17.1 26.2 15:20 9.9 06:00 0.0 1.6 0.0 5.9 18.4 16:40 NE 26 14.1 21.3 14:10 10.1 06:30 1.4 0.0 3.0 6.4 18.4 13:50 ESE 27 11.9 18.0 14:20 5.3 04:10 3.6 0.0 0.0 7.1 32.6 14:20 WNW 28 13.1 20.0 15:40 8.2 00:50 2.4 0.0 3.3 8.2 22.4 10:40 SSW 29 14.1 17.6 16:20 11.6 10:00 1.4 0.0 2.1 11.6 26.5 12:50 WSW 30 13.8 18.7 12:40 7.8 05:40 1.7 0.0 0.0 8.9 30.6 13:20 WNW 31 14.4 22.1 14:40 10.3 04:20 1.1 0.0 9.6 5.6 18.4 13:40 ESE ---------------------------------------------------------------------------------- 12.3 31.4 24 0.1 11 112.7 13.6 30.6 6.4 32.6 2 NNW Max >= 30.0: 1 Max <= 0.0: 0 Min <= 0.0: 0 Min <= -18.0: 0 Max Rain: 9.6 on day 31 Days of Rain: 13 (>= 0.2 mm) 10 (>= 1.0 mm) 0 (>= 25.0 mm) Heat Base: 15.5 Cool Base: 15.5 Method: Integration