NOAA-Style Climate Reports
Select a Year or Month report
2024: Jan Feb Mar Apr May Jun Jul Aug Sep Oct Nov Dec
2023: Jan Feb Mar Apr May Jun Jul Aug Sep Oct Nov Dec
2022: Jan Feb Mar Apr May Jun Jul Aug Sep Oct Nov Dec
2021: Jan Feb Mar Apr May Jun Jul Aug Sep Oct Nov Dec
2020: Jan Feb Mar Apr May Jun Jul Aug Sep Oct Nov Dec
2019: Jan Feb Mar Apr May Jun Jul Aug Sep Oct Nov Dec
2018: Jan Feb Mar Apr May Jun Jul Aug Sep Oct Nov Dec
2017: Jan Feb Mar Apr May Jun Jul Aug Sep Oct Nov Dec
2016: Jan Feb Mar Apr May Jun Jul Aug Sep Oct Nov Dec
2015: Jan Feb Mar Apr May Jun Jul Aug Sep Oct Nov Dec
2014: Jan Feb Mar Apr May Jun Jul Aug Sep Oct Nov Dec
2013: Jan Feb Mar Apr May Jun Jul Aug Sep Oct Nov Dec
2012: Jan Feb Mar Apr May Jun Jul Aug Sep Oct Nov Dec
2011: Jan Feb Mar Apr May Jun Jul Aug Sep Oct Nov Dec
2010: Jan Feb Mar Apr May Jun Jul Aug Sep Oct Nov Dec
2009: Jan Feb Mar Apr May Jun Jul Aug Sep Oct Nov Dec
2008: Jan Feb Mar Apr May Jun Jul Aug Sep Oct Nov Dec
2007: Jan Feb Mar Apr May Jun Jul Aug Sep Oct Nov Dec
2006: Jan Feb Mar Apr May Jun Jul Aug Sep Oct Nov Dec
2005: Jan Feb Mar Apr May Jun Jul Aug Sep Oct Nov Dec
2004: Jan Feb Mar Apr May Jun Jul Aug Sep Oct Nov Dec
2024: Jan Feb Mar Apr May Jun Jul Aug Sep Oct Nov Dec
2023: Jan Feb Mar Apr May Jun Jul Aug Sep Oct Nov Dec
2022: Jan Feb Mar Apr May Jun Jul Aug Sep Oct Nov Dec
2021: Jan Feb Mar Apr May Jun Jul Aug Sep Oct Nov Dec
2020: Jan Feb Mar Apr May Jun Jul Aug Sep Oct Nov Dec
2019: Jan Feb Mar Apr May Jun Jul Aug Sep Oct Nov Dec
2018: Jan Feb Mar Apr May Jun Jul Aug Sep Oct Nov Dec
2017: Jan Feb Mar Apr May Jun Jul Aug Sep Oct Nov Dec
2016: Jan Feb Mar Apr May Jun Jul Aug Sep Oct Nov Dec
2015: Jan Feb Mar Apr May Jun Jul Aug Sep Oct Nov Dec
2014: Jan Feb Mar Apr May Jun Jul Aug Sep Oct Nov Dec
2013: Jan Feb Mar Apr May Jun Jul Aug Sep Oct Nov Dec
2012: Jan Feb Mar Apr May Jun Jul Aug Sep Oct Nov Dec
2011: Jan Feb Mar Apr May Jun Jul Aug Sep Oct Nov Dec
2010: Jan Feb Mar Apr May Jun Jul Aug Sep Oct Nov Dec
2009: Jan Feb Mar Apr May Jun Jul Aug Sep Oct Nov Dec
2008: Jan Feb Mar Apr May Jun Jul Aug Sep Oct Nov Dec
2007: Jan Feb Mar Apr May Jun Jul Aug Sep Oct Nov Dec
2006: Jan Feb Mar Apr May Jun Jul Aug Sep Oct Nov Dec
2005: Jan Feb Mar Apr May Jun Jul Aug Sep Oct Nov Dec
2004: Jan Feb Mar Apr May Jun Jul Aug Sep Oct Nov Dec
Report for 2005 November
Monthly Climatological Summary for Nov 2005 Name: Willand City: Willand State: Devon, UK (9am GMT end of day) Elevation: 79 m Lat: N 50° 53' 03" Lon: W 003° 22' 25" Temperature (°C), Rain (mm), Wind Speed (km/h) Heat Cool Avg Mean Deg Deg Wind Dom Day Temp High Time Low Time Days Days Rain Speed High Time Dir ---------------------------------------------------------------------------------- 1 13.5 16.3 08:50 8.2 09:10 2.0 0.0 10.2 11.8 46.9 21:40 S 2 15.1 17.2 11:10 13.4 04:10 0.4 0.0 18.6 18.1 55.0 00:30 SW 3 10.8 15.4 11:20 5.2 07:20 4.7 0.0 0.3 15.8 50.9 10:30 WSW 4 8.7 13.0 11:50 6.3 21:20 6.8 0.0 8.4 6.5 28.5 13:10 W 5 13.6 14.6 13:00 8.7 09:00 1.9 0.0 16.5 13.8 48.8 06:30 SW 6 9.5 14.2 09:00 5.5 07:00 6.0 0.0 3.7 5.4 32.6 09:20 SW 7 12.9 14.5 08:50 7.9 09:00 2.6 0.0 0.0 14.4 40.7 18:40 SW 8 9.6 15.1 09:50 5.8 02:10 5.9 0.0 13.0 6.5 36.6 10:40 SW 9 8.4 12.3 08:40 4.2 21:20 7.1 0.0 0.3 4.3 18.4 15:20 WSW 10 13.7 15.0 13:50 12.4 09:00 1.8 0.0 0.6 12.3 33.5 08:20 WSW 11 8.6 14.3 12:30 3.6 08:10 6.9 0.0 0.9 12.0 50.0 12:50 WSW 12 5.0 12.5 12:40 0.6 03:00 10.5 0.0 0.0 0.9 14.8 13:30 WNW 13 4.9 10.3 12:30 -0.5 07:40 10.6 0.0 0.0 2.9 16.6 10:10 NNE 14 8.7 12.0 08:50 0.6 09:00 6.8 0.0 0.3 3.9 16.6 22:40 W 15 9.0 14.3 11:50 4.6 21:00 6.5 0.0 0.0 3.5 16.6 12:20 NW 16 2.6 9.4 11:20 -2.5 06:50 12.9 0.0 0.0 1.8 16.6 09:10 N 17 2.4 9.1 13:40 -1.1 09:00 13.1 0.0 0.0 0.5 13.0 07:30 NNE 18 2.0 7.9 12:50 -0.6 22:00 13.5 0.0 0.0 2.1 16.6 11:20 NE 19 1.8 7.0 13:00 -1.7 07:00 13.7 0.0 0.3 1.2 16.6 11:10 N 20 1.3 8.2 13:40 -2.4 06:40 14.2 0.0 0.0 0.2 11.2 23:10 N 21 2.8 8.1 13:00 -0.6 09:00 12.7 0.0 0.3 1.4 16.6 15:10 NNE 22 2.9 5.6 18:00 0.1 08:10 12.6 0.0 0.0 3.3 16.6 10:50 NNE 23 1.9 7.8 14:00 -1.4 21:50 13.6 0.0 0.3 0.1 7.6 09:30 NNE 24 4.3 10.8 12:10 -0.1 07:40 11.2 0.0 1.2 8.3 16.6 11:10 NW 25 -0.5 2.9 14:10 -3.6 03:40 16.0 0.0 4.5 1.6 16.6 11:50 WNW 26 2.9 7.5 13:10 -1.0 07:20 12.6 0.0 0.6 2.3 16.6 12:00 NW 27 1.3 8.2 13:10 -3.9 08:00 14.2 0.0 0.6 2.1 16.6 11:30 NW 28 0.7 4.2 12:50 -2.8 09:00 14.8 0.0 0.9 1.0 16.6 14:10 NNW 29 2.3 6.3 13:00 0.4 09:00 13.2 0.0 0.3 0.9 14.8 13:10 W 30 8.5 10.5 08:50 4.4 09:00 7.0 0.0 9.0 4.4 33.5 08:40 S ---------------------------------------------------------------------------------- 6.3 17.2 2 -3.9 27 275.8 0.0 90.8 5.4 55.0 2 WSW Max >= 30.0: 0 Max <= 0.0: 0 Min <= 0.0: 13 Min <= -18.0: 0 Max Rain: 18.6 on day 2 Days of Rain: 21 (>= 0.2 mm) 9 (>= 1.0 mm) 0 (>= 25.0 mm) Heat Base: 15.5 Cool Base: 15.5 Method: Integration