NOAA-Style Climate Reports


Report for 2019 October
                   Monthly Climatological Summary for Oct 2019

Name: Willand   City: Willand   State: Devon, UK     (9am GMT end of day)
Elevation: 79 m  Lat: N 50 53 02   Lon: W 003 22 23

                  Temperature (°C), Rain (mm), Wind Speed (km/h)

                                      Heat  Cool        Avg
    Mean                              Deg   Deg         Wind                 Dom
Day Temp  High   Time   Low    Time   Days  Days  Rain  Speed High   Time    Dir
----------------------------------------------------------------------------------
01  13.1  17.6   14:54   8.8   08:25   2.8   0.4   1.4   7.9  35.5   21:55   NNW
02   9.0  16.3   14:46   4.3   03:11   6.6   0.0   0.0   3.3  27.0   12:37   NNW
03  13.4  15.2   12:55   9.1   10:00   2.1   0.0   2.8  11.4  45.6   11:55   SSW
04  13.7  16.1   11:57  12.7   07:15   1.8   0.0   0.8   8.2  50.7   11:25     W
05  14.3  17.7   13:32  10.9   08:05   1.5   0.3   8.0   5.9  30.4   09:59   SSW
06  11.6  16.3   14:39   8.6   22:10   3.9   0.0   3.8   7.9  40.6   12:23     W
07  13.0  16.2   16:29   8.9   07:20   2.6   0.0   1.4   5.6  33.8   10:41   SSW
08  11.6  15.8   13:36   8.7   05:39   3.9   0.0   2.2  10.1  45.6   13:39   WSW
09  10.4  14.1   15:06   7.8   07:44   5.1   0.0   5.4   7.8  40.6   18:33   WSW
10  14.7  16.1   15:12  12.2   10:00   0.9   0.0  15.6  10.3  40.6   14:28    SW
11  12.6  16.9   14:20  10.2   01:55   3.0   0.1  12.8   6.7  43.9   12:41    SW
12  11.6  13.6   13:05  10.7   00:43   3.9   0.0  16.6   2.8  18.6   15:52    SE
13  10.9  14.2   16:18   8.0   01:32   4.6   0.0   3.0   5.5  38.9   12:49    SW
14  11.2  12.4   10:52  10.0   01:06   4.2   0.0   6.2   3.1  23.7   14:25   NNE
15  12.7  16.1   13:41  10.2   08:15   2.8   0.0   2.6   7.8  37.2   01:33   SSW
16   9.1  15.3   13:56   4.3   01:17   6.3   0.0   0.0   3.0  27.0   12:13   WSW
17  10.7  15.8   14:30   6.7   05:38   4.8   0.0   7.6   6.3  40.6   13:47   SSW
18   9.7  14.6   13:49   6.1   06:27   5.8   0.0   1.0   7.9  52.4   12:53   SSW
19   8.7  14.3   13:39   4.9   22:34   6.8   0.0   0.0   4.2  27.0   13:47   WNW
20  10.1  12.5   15:04   8.8   10:00   5.4   0.0   2.2   7.6  28.7   14:14   NNE
21   8.2  13.1   15:31   1.9   07:18   7.2   0.0   0.0   4.8  32.1   11:20   NNE
22   7.5  14.9   14:26   3.1   07:53   7.9   0.0   0.0   2.2  15.2   14:30    SW
23  10.4  15.4   13:42   5.2   10:00   5.1   0.0   0.6   2.2  20.3   13:40    NE
24  10.6  15.2   13:52   7.9   00:38   4.9   0.0   0.4   4.8  27.0   14:03    SW
25  14.7  15.7   13:57  12.4   10:00   0.8   0.0   5.8  16.6  60.8   19:05   SSW
26   7.7  15.4   14:07   1.5   07:10   7.8   0.0   3.4   6.3  42.2   10:17   WNW
27   5.0  11.5   13:01   1.4   03:19  10.4   0.0   0.0   3.2  20.3   11:25     N
28   7.5   9.4   14:08   5.3   09:00   7.9   0.0   0.0  14.2  37.2   01:14    NE
29   8.7  10.0   15:07   7.4   09:00   6.8   0.0   1.0  13.5  38.9   12:42    NE
30   8.5   9.8   12:11   7.4   21:25   6.9   0.0  31.2   9.3  28.7   18:24    NE
31  11.7  13.8   06:00   8.5   09:00   3.8   0.0   5.6   6.0  28.7   02:01    SE
----------------------------------------------------------------------------------
    10.7  17.7     5     1.4    27   148.3   0.8 141.4   7.0  60.8    25      SW

Max >=  30.0  0
Max <=   0.0  0
Min <=   0.0  0
Min <= -18.0  0
Max Rain: 31.2 on day 30
Days of Rain: 24 (>= 0.2 mm)  21 (>= 1.0 mm)  1 (>= 25.0 mm)
Heat Base: 15.5  Cool Base: 15.5  Method: Integration