NOAA-Style Climate Reports


Report for 2019 September
                   Monthly Climatological Summary for Sep 2019

Name: Willand   City: Willand   State: Devon, UK     (9am GMT end of day)
Elevation: 79 m  Lat: N 50 53 02   Lon: W 003 22 23

                  Temperature (°C), Rain (mm), Wind Speed (km/h)

                                      Heat  Cool        Avg
    Mean                              Deg   Deg         Wind                 Dom
Day Temp  High   Time   Low    Time   Days  Days  Rain  Speed High   Time    Dir
----------------------------------------------------------------------------------
01  12.8  18.7   15:12   7.7   06:30   3.3   0.6   0.2   6.1  32.1   11:38   WNW
02  15.6  19.1   15:56  13.0   06:46   0.8   0.9   0.0   7.2  30.4   14:48   WSW
03  16.7  20.3   14:12  14.4   07:50   0.2   1.4   1.0   7.6  38.9   09:41   WSW
04  14.5  18.8   13:32  11.0   07:09   1.6   0.6   0.0  14.3  49.0   13:42   WNW
05  12.6  17.7   16:26   7.9   00:46   3.3   0.4   0.0   7.5  33.8   16:40   WNW
06  13.4  17.6   16:05   9.8   00:59   2.4   0.3   0.6   7.0  35.5   18:07     W
07  12.8  19.0   14:28   5.8   05:45   3.5   0.8   0.0   4.3  25.3   12:23   NNW
08  12.8  19.2   15:28   7.4   00:50   3.4   0.8   4.6   3.0  23.7   15:24   SSW
09  13.1  15.3   15:58  11.3   03:37   2.4   0.0   7.4   2.8  20.3   12:58     N
10  14.4  18.2   13:42  11.9   21:20   1.5   0.5   0.2   5.3  30.4   16:23   WSW
11  17.0  19.9   14:36  14.7   23:04   0.1   1.5   0.4   7.9  33.8   10:29   WSW
12  17.7  23.0   13:57  12.2   07:02   0.4   2.5   0.2   7.4  32.1   13:30   WSW
13  13.3  21.2   15:27   7.6   07:07   3.4   1.2   0.0   5.8  27.0   11:10   NNE
14  14.5  23.3   15:13   7.3   03:11   3.0   2.0   0.0   2.8  18.6   13:09    SE
15  17.7  23.8   15:33  14.4   04:40   0.2   2.4   0.0   5.4  23.7   19:08     W
16  16.3  20.9   14:22  11.6   06:58   0.8   1.6   0.0   6.7  27.0   09:45    NW
17  13.2  19.5   15:00   7.5   06:33   3.2   0.8   0.0   6.2  25.3   10:06   NNE
18  13.0  20.5   15:28   7.0   07:05   3.7   1.1   0.0   3.8  25.3   14:20    NE
19  14.3  21.9   14:43   9.3   01:43   2.8   1.6   0.0   4.5  20.3   15:27   ENE
20  16.2  21.8   14:12  11.7   07:29   0.9   1.6   0.0  10.0  43.9   16:21     E
21  19.1  23.3   13:49  15.3   07:52   0.0   3.6   3.2   9.2  35.5   13:27    SE
22  13.8  18.6   13:05   8.9   06:35   2.2   0.5   2.8   5.5  33.8   13:20   SSW
23  15.8  16.6   02:56  14.4   13:11   0.1   0.5  15.8   8.3  37.2   14:18   SSE
24  15.7  20.4   14:17  14.1   23:11   0.5   0.8  18.2  10.1  38.9   12:47    SW
25  16.0  17.6   15:22  14.1   07:59   0.1   0.6   3.2   8.3  42.2   11:10    SW
26  14.8  19.7   14:02  11.2   01:34   1.4   0.8   0.2  10.0  37.2   13:45    SW
27  14.0  17.3   13:27  11.2   00:34   1.7   0.2   3.0  12.5  50.7   14:54   WSW
28  15.5  17.5   15:19  13.7   18:43   0.2   0.2  18.8  11.6  49.0   00:12   SSW
29  13.4  16.8   10:38  10.4   23:55   2.2   0.1   1.4   8.0  55.8   13:20     W
30  15.0  16.4   18:54  13.5   10:00   0.7   0.1  12.8   6.2  35.5   14:07     S
----------------------------------------------------------------------------------
    14.8  23.8    15     5.8     7    50.0  30.0  94.0   7.2  55.8    29     WSW

Max >=  30.0  0
Max <=   0.0  0
Min <=   0.0  0
Min <= -18.0  0
Max Rain: 18.8 on day 28
Days of Rain: 18 (>= 0.2 mm)  12 (>= 1.0 mm)  0 (>= 25.0 mm)
Heat Base: 15.5  Cool Base: 15.5  Method: Integration