NOAA-Style Climate Reports
Select a Year or Month report
2024: Jan Feb Mar Apr May Jun Jul Aug Sep Oct Nov Dec
2023: Jan Feb Mar Apr May Jun Jul Aug Sep Oct Nov Dec
2022: Jan Feb Mar Apr May Jun Jul Aug Sep Oct Nov Dec
2021: Jan Feb Mar Apr May Jun Jul Aug Sep Oct Nov Dec
2020: Jan Feb Mar Apr May Jun Jul Aug Sep Oct Nov Dec
2019: Jan Feb Mar Apr May Jun Jul Aug Sep Oct Nov Dec
2018: Jan Feb Mar Apr May Jun Jul Aug Sep Oct Nov Dec
2017: Jan Feb Mar Apr May Jun Jul Aug Sep Oct Nov Dec
2016: Jan Feb Mar Apr May Jun Jul Aug Sep Oct Nov Dec
2015: Jan Feb Mar Apr May Jun Jul Aug Sep Oct Nov Dec
2014: Jan Feb Mar Apr May Jun Jul Aug Sep Oct Nov Dec
2013: Jan Feb Mar Apr May Jun Jul Aug Sep Oct Nov Dec
2012: Jan Feb Mar Apr May Jun Jul Aug Sep Oct Nov Dec
2011: Jan Feb Mar Apr May Jun Jul Aug Sep Oct Nov Dec
2010: Jan Feb Mar Apr May Jun Jul Aug Sep Oct Nov Dec
2009: Jan Feb Mar Apr May Jun Jul Aug Sep Oct Nov Dec
2008: Jan Feb Mar Apr May Jun Jul Aug Sep Oct Nov Dec
2007: Jan Feb Mar Apr May Jun Jul Aug Sep Oct Nov Dec
2006: Jan Feb Mar Apr May Jun Jul Aug Sep Oct Nov Dec
2005: Jan Feb Mar Apr May Jun Jul Aug Sep Oct Nov Dec
2004: Jan Feb Mar Apr May Jun Jul Aug Sep Oct Nov Dec
2024: Jan Feb Mar Apr May Jun Jul Aug Sep Oct Nov Dec
2023: Jan Feb Mar Apr May Jun Jul Aug Sep Oct Nov Dec
2022: Jan Feb Mar Apr May Jun Jul Aug Sep Oct Nov Dec
2021: Jan Feb Mar Apr May Jun Jul Aug Sep Oct Nov Dec
2020: Jan Feb Mar Apr May Jun Jul Aug Sep Oct Nov Dec
2019: Jan Feb Mar Apr May Jun Jul Aug Sep Oct Nov Dec
2018: Jan Feb Mar Apr May Jun Jul Aug Sep Oct Nov Dec
2017: Jan Feb Mar Apr May Jun Jul Aug Sep Oct Nov Dec
2016: Jan Feb Mar Apr May Jun Jul Aug Sep Oct Nov Dec
2015: Jan Feb Mar Apr May Jun Jul Aug Sep Oct Nov Dec
2014: Jan Feb Mar Apr May Jun Jul Aug Sep Oct Nov Dec
2013: Jan Feb Mar Apr May Jun Jul Aug Sep Oct Nov Dec
2012: Jan Feb Mar Apr May Jun Jul Aug Sep Oct Nov Dec
2011: Jan Feb Mar Apr May Jun Jul Aug Sep Oct Nov Dec
2010: Jan Feb Mar Apr May Jun Jul Aug Sep Oct Nov Dec
2009: Jan Feb Mar Apr May Jun Jul Aug Sep Oct Nov Dec
2008: Jan Feb Mar Apr May Jun Jul Aug Sep Oct Nov Dec
2007: Jan Feb Mar Apr May Jun Jul Aug Sep Oct Nov Dec
2006: Jan Feb Mar Apr May Jun Jul Aug Sep Oct Nov Dec
2005: Jan Feb Mar Apr May Jun Jul Aug Sep Oct Nov Dec
2004: Jan Feb Mar Apr May Jun Jul Aug Sep Oct Nov Dec
Report for 2015 June
Monthly Climatological Summary for Jun 2015 Name: Willand City: Willand State: Devon, UK (9am GMT end of day) Elevation: 79 m Lat: N 50 53 03 Lon: W 003 22 25 Temperature (°C), Rain (mm), Wind Speed (km/h) Heat Cool Avg Mean Deg Deg Wind Dom Day Temp High Time Low Time Days Days Rain Speed High Time Dir ---------------------------------------------------------------------------------- 01 12.1 15.3 09:59 10.1 17:03 3.4 0.0 13.2 14.7 49.0 14:35 SW 02 13.1 18.1 16:33 8.6 05:22 2.6 0.3 1.8 14.8 52.4 12:17 WSW 03 12.3 19.1 15:31 5.0 05:18 3.7 0.5 0.0 5.4 25.3 12:45 WNW 04 15.6 21.1 16:10 10.9 05:07 1.3 1.5 0.0 6.2 28.7 13:00 N 05 12.3 20.0 11:00 6.1 05:16 3.7 0.5 0.0 9.4 38.9 13:29 WSW 06 11.5 17.6 15:02 3.9 05:03 4.2 0.3 0.0 8.0 38.9 12:37 W 07 14.1 20.6 16:17 8.2 04:11 2.7 1.3 0.0 8.2 30.4 07:43 NNE 08 13.7 19.3 17:30 7.2 05:56 2.7 0.8 0.0 10.9 37.2 08:24 NNE 09 11.6 16.6 16:09 6.1 04:06 4.0 0.0 0.0 14.0 42.2 19:57 NE 10 14.0 18.1 16:40 11.3 02:49 2.0 0.5 0.0 16.2 40.6 14:56 NE 11 18.0 25.7 16:09 12.8 04:44 0.6 3.0 0.4 7.6 30.4 13:05 ENE 12 15.7 20.7 10:36 12.8 05:42 0.9 1.1 6.6 5.0 23.7 11:24 W 13 14.5 20.7 13:50 11.2 00:45 1.8 0.9 0.0 6.6 25.3 10:45 W 14 14.4 19.1 18:55 9.1 02:31 2.1 0.9 0.0 5.9 25.3 13:19 N 15 14.9 22.2 16:52 8.2 04:28 2.2 1.6 0.0 3.5 18.6 10:31 ESE 16 16.0 21.7 16:14 11.5 00:26 1.3 1.7 0.0 6.3 25.3 08:12 W 17 16.7 21.3 18:34 13.8 05:36 0.2 1.5 0.0 9.2 33.8 17:03 W 18 14.1 19.7 16:16 7.6 04:52 2.6 1.1 0.0 9.3 32.1 14:26 WNW 19 15.7 20.7 15:18 11.1 00:04 1.3 1.5 0.0 8.5 32.1 16:45 W 20 16.2 22.0 17:01 12.3 06:02 1.0 1.8 0.0 10.1 42.2 19:23 W 21 14.3 18.6 14:28 11.6 05:41 1.8 0.5 3.8 10.8 35.5 18:22 W 22 12.3 18.3 09:45 6.5 05:32 3.4 0.2 0.2 8.3 37.2 14:19 NW 23 15.5 22.1 14:43 7.7 05:10 2.1 2.1 0.0 3.0 20.3 14:23 W 24 16.0 22.2 12:01 9.6 03:32 1.8 2.3 0.0 3.8 23.7 16:02 S 25 17.8 23.8 13:29 12.9 00:00 0.6 2.9 0.0 6.7 30.4 15:35 SSE 26 16.3 22.2 12:08 12.2 05:46 0.9 1.7 0.6 7.3 28.7 11:57 WSW 27 17.8 24.5 16:07 14.0 04:34 0.4 2.7 1.4 6.6 27.0 18:45 SW 28 16.1 22.1 17:33 11.9 03:27 0.9 1.4 0.2 5.9 33.8 16:09 WSW 29 18.4 23.5 09:59 13.4 01:17 0.5 3.5 0.0 5.9 32.1 17:22 SSE 30 22.6 29.1 16:41 15.4 05:37 0.0 7.1 0.0 7.3 37.2 16:33 SE ---------------------------------------------------------------------------------- 15.1 29.1 30 3.9 6 56.7 45.2 28.2 8.2 52.4 2 WNW Max >= 30.0 0 Max <= 0.0 0 Min <= 0.0 0 Min <= -18.0 0 Max Rain: 13.2 on day 1 Days of Rain: 9 (>= 0.2 mm) 5 (>= 1.0 mm) 0 (>= 25.0 mm) Heat Base: 15.5 Cool Base: 15.5 Method: Integration