NOAA-Style Climate Reports
Select a Year or Month report
2024: Jan Feb Mar Apr May Jun Jul Aug Sep Oct Nov Dec
2023: Jan Feb Mar Apr May Jun Jul Aug Sep Oct Nov Dec
2022: Jan Feb Mar Apr May Jun Jul Aug Sep Oct Nov Dec
2021: Jan Feb Mar Apr May Jun Jul Aug Sep Oct Nov Dec
2020: Jan Feb Mar Apr May Jun Jul Aug Sep Oct Nov Dec
2019: Jan Feb Mar Apr May Jun Jul Aug Sep Oct Nov Dec
2018: Jan Feb Mar Apr May Jun Jul Aug Sep Oct Nov Dec
2017: Jan Feb Mar Apr May Jun Jul Aug Sep Oct Nov Dec
2016: Jan Feb Mar Apr May Jun Jul Aug Sep Oct Nov Dec
2015: Jan Feb Mar Apr May Jun Jul Aug Sep Oct Nov Dec
2014: Jan Feb Mar Apr May Jun Jul Aug Sep Oct Nov Dec
2013: Jan Feb Mar Apr May Jun Jul Aug Sep Oct Nov Dec
2012: Jan Feb Mar Apr May Jun Jul Aug Sep Oct Nov Dec
2011: Jan Feb Mar Apr May Jun Jul Aug Sep Oct Nov Dec
2010: Jan Feb Mar Apr May Jun Jul Aug Sep Oct Nov Dec
2009: Jan Feb Mar Apr May Jun Jul Aug Sep Oct Nov Dec
2008: Jan Feb Mar Apr May Jun Jul Aug Sep Oct Nov Dec
2007: Jan Feb Mar Apr May Jun Jul Aug Sep Oct Nov Dec
2006: Jan Feb Mar Apr May Jun Jul Aug Sep Oct Nov Dec
2005: Jan Feb Mar Apr May Jun Jul Aug Sep Oct Nov Dec
2004: Jan Feb Mar Apr May Jun Jul Aug Sep Oct Nov Dec
2024: Jan Feb Mar Apr May Jun Jul Aug Sep Oct Nov Dec
2023: Jan Feb Mar Apr May Jun Jul Aug Sep Oct Nov Dec
2022: Jan Feb Mar Apr May Jun Jul Aug Sep Oct Nov Dec
2021: Jan Feb Mar Apr May Jun Jul Aug Sep Oct Nov Dec
2020: Jan Feb Mar Apr May Jun Jul Aug Sep Oct Nov Dec
2019: Jan Feb Mar Apr May Jun Jul Aug Sep Oct Nov Dec
2018: Jan Feb Mar Apr May Jun Jul Aug Sep Oct Nov Dec
2017: Jan Feb Mar Apr May Jun Jul Aug Sep Oct Nov Dec
2016: Jan Feb Mar Apr May Jun Jul Aug Sep Oct Nov Dec
2015: Jan Feb Mar Apr May Jun Jul Aug Sep Oct Nov Dec
2014: Jan Feb Mar Apr May Jun Jul Aug Sep Oct Nov Dec
2013: Jan Feb Mar Apr May Jun Jul Aug Sep Oct Nov Dec
2012: Jan Feb Mar Apr May Jun Jul Aug Sep Oct Nov Dec
2011: Jan Feb Mar Apr May Jun Jul Aug Sep Oct Nov Dec
2010: Jan Feb Mar Apr May Jun Jul Aug Sep Oct Nov Dec
2009: Jan Feb Mar Apr May Jun Jul Aug Sep Oct Nov Dec
2008: Jan Feb Mar Apr May Jun Jul Aug Sep Oct Nov Dec
2007: Jan Feb Mar Apr May Jun Jul Aug Sep Oct Nov Dec
2006: Jan Feb Mar Apr May Jun Jul Aug Sep Oct Nov Dec
2005: Jan Feb Mar Apr May Jun Jul Aug Sep Oct Nov Dec
2004: Jan Feb Mar Apr May Jun Jul Aug Sep Oct Nov Dec
Report for 2015 May
Monthly Climatological Summary for May 2015 Name: Willand City: Willand State: Devon, UK (9am GMT end of day) Elevation: 79 m Lat: N 50 53 03 Lon: W 003 22 25 Temperature (°C), Rain (mm), Wind Speed (km/h) Heat Cool Avg Mean Deg Deg Wind Dom Day Temp High Time Low Time Days Days Rain Speed High Time Dir ---------------------------------------------------------------------------------- 01 9.3 11.4 14:02 8.4 04:23 6.2 0.0 0.2 10.0 33.8 05:41 ESE 02 10.9 14.7 09:57 9.5 10:00 4.6 0.0 3.6 13.3 50.7 12:45 SE 03 12.6 17.8 11:47 7.3 06:11 3.1 0.2 1.0 11.6 43.9 11:27 SW 04 11.9 15.6 11:38 9.4 07:28 3.6 0.0 12.6 10.9 62.5 06:55 S 05 10.5 14.0 11:33 7.6 05:01 4.9 0.0 2.6 17.6 60.8 17:55 SW 06 10.3 13.8 13:33 6.9 04:56 5.2 0.0 0.8 16.9 62.5 13:41 WSW 07 10.3 14.4 14:20 7.7 02:25 5.2 0.0 1.8 5.3 27.0 11:02 NW 08 11.6 14.3 14:14 9.1 10:00 3.9 0.0 0.2 11.2 37.2 00:06 SW 09 12.1 16.7 15:25 7.9 03:57 3.5 0.1 0.0 7.6 35.5 10:54 WSW 10 12.7 15.8 12:53 10.8 05:05 2.8 0.0 0.0 6.7 35.5 14:15 S 11 14.4 21.0 16:21 8.3 06:37 2.4 1.3 0.0 9.0 32.1 13:52 WSW 12 9.9 17.3 16:37 2.2 05:18 5.6 0.1 0.0 8.0 45.6 11:18 W 13 13.4 20.3 16:00 8.6 00:25 3.2 1.1 8.0 8.2 43.9 06:48 E 14 9.9 13.8 18:09 7.3 05:18 5.6 0.0 3.6 5.7 30.4 00:00 NNE 15 13.4 17.3 14:28 11.3 05:50 2.2 0.1 0.4 7.9 35.5 10:00 W 16 10.0 15.1 14:10 4.3 03:47 5.5 0.0 0.0 8.4 37.2 11:10 WNW 17 11.7 15.8 16:30 7.9 01:26 3.8 0.0 3.0 9.1 42.2 09:10 WSW 18 8.8 14.1 16:17 6.2 03:12 6.7 0.0 5.4 16.1 54.1 10:35 W 19 8.2 13.1 13:51 2.3 05:15 7.3 0.0 0.2 11.3 50.7 12:49 WNW 20 10.5 14.7 16:40 6.7 00:20 5.0 0.0 0.0 8.9 35.5 14:10 NNE 21 12.6 18.6 14:50 8.6 00:10 3.2 0.4 0.2 7.4 33.8 17:30 NNE 22 14.7 19.3 16:48 10.5 05:48 1.7 0.9 0.2 7.4 25.3 12:31 WNW 23 14.1 22.1 16:07 8.1 02:05 2.8 1.5 0.0 4.1 27.0 18:06 W 24 12.4 18.0 18:55 7.1 02:33 3.4 0.3 0.0 6.0 23.7 19:29 W 25 12.4 17.6 14:17 7.1 03:45 3.4 0.3 0.0 7.7 35.5 19:08 WNW 26 12.5 20.1 14:32 4.1 05:43 4.0 1.0 0.0 5.4 27.0 13:57 NW 27 13.8 19.8 14:35 10.1 06:20 2.5 0.7 0.0 10.8 38.9 17:16 WSW 28 11.3 15.5 13:59 8.2 23:52 4.2 0.0 0.0 9.8 38.9 09:07 W 29 9.9 14.3 17:29 5.8 05:13 5.6 0.0 4.0 8.9 47.3 11:01 W 30 13.6 18.0 14:23 11.2 21:04 2.1 0.2 4.6 9.2 32.1 08:35 SSW 31 10.0 14.0 13:09 6.2 01:54 5.5 0.0 0.0 11.9 49.0 16:16 W ---------------------------------------------------------------------------------- 11.6 22.1 23 2.2 12 128.7 8.2 52.4 9.4 62.5 4 WSW Max >= 30.0 0 Max <= 0.0 0 Min <= 0.0 0 Min <= -18.0 0 Max Rain: 12.6 on day 4 Days of Rain: 18 (>= 0.2 mm) 11 (>= 1.0 mm) 0 (>= 25.0 mm) Heat Base: 15.5 Cool Base: 15.5 Method: Integration