NOAA-Style Climate Reports
Select a Year or Month report
2024: Jan Feb Mar Apr May Jun Jul Aug Sep Oct Nov Dec
2023: Jan Feb Mar Apr May Jun Jul Aug Sep Oct Nov Dec
2022: Jan Feb Mar Apr May Jun Jul Aug Sep Oct Nov Dec
2021: Jan Feb Mar Apr May Jun Jul Aug Sep Oct Nov Dec
2020: Jan Feb Mar Apr May Jun Jul Aug Sep Oct Nov Dec
2019: Jan Feb Mar Apr May Jun Jul Aug Sep Oct Nov Dec
2018: Jan Feb Mar Apr May Jun Jul Aug Sep Oct Nov Dec
2017: Jan Feb Mar Apr May Jun Jul Aug Sep Oct Nov Dec
2016: Jan Feb Mar Apr May Jun Jul Aug Sep Oct Nov Dec
2015: Jan Feb Mar Apr May Jun Jul Aug Sep Oct Nov Dec
2014: Jan Feb Mar Apr May Jun Jul Aug Sep Oct Nov Dec
2013: Jan Feb Mar Apr May Jun Jul Aug Sep Oct Nov Dec
2012: Jan Feb Mar Apr May Jun Jul Aug Sep Oct Nov Dec
2011: Jan Feb Mar Apr May Jun Jul Aug Sep Oct Nov Dec
2010: Jan Feb Mar Apr May Jun Jul Aug Sep Oct Nov Dec
2009: Jan Feb Mar Apr May Jun Jul Aug Sep Oct Nov Dec
2008: Jan Feb Mar Apr May Jun Jul Aug Sep Oct Nov Dec
2007: Jan Feb Mar Apr May Jun Jul Aug Sep Oct Nov Dec
2006: Jan Feb Mar Apr May Jun Jul Aug Sep Oct Nov Dec
2005: Jan Feb Mar Apr May Jun Jul Aug Sep Oct Nov Dec
2004: Jan Feb Mar Apr May Jun Jul Aug Sep Oct Nov Dec
2024: Jan Feb Mar Apr May Jun Jul Aug Sep Oct Nov Dec
2023: Jan Feb Mar Apr May Jun Jul Aug Sep Oct Nov Dec
2022: Jan Feb Mar Apr May Jun Jul Aug Sep Oct Nov Dec
2021: Jan Feb Mar Apr May Jun Jul Aug Sep Oct Nov Dec
2020: Jan Feb Mar Apr May Jun Jul Aug Sep Oct Nov Dec
2019: Jan Feb Mar Apr May Jun Jul Aug Sep Oct Nov Dec
2018: Jan Feb Mar Apr May Jun Jul Aug Sep Oct Nov Dec
2017: Jan Feb Mar Apr May Jun Jul Aug Sep Oct Nov Dec
2016: Jan Feb Mar Apr May Jun Jul Aug Sep Oct Nov Dec
2015: Jan Feb Mar Apr May Jun Jul Aug Sep Oct Nov Dec
2014: Jan Feb Mar Apr May Jun Jul Aug Sep Oct Nov Dec
2013: Jan Feb Mar Apr May Jun Jul Aug Sep Oct Nov Dec
2012: Jan Feb Mar Apr May Jun Jul Aug Sep Oct Nov Dec
2011: Jan Feb Mar Apr May Jun Jul Aug Sep Oct Nov Dec
2010: Jan Feb Mar Apr May Jun Jul Aug Sep Oct Nov Dec
2009: Jan Feb Mar Apr May Jun Jul Aug Sep Oct Nov Dec
2008: Jan Feb Mar Apr May Jun Jul Aug Sep Oct Nov Dec
2007: Jan Feb Mar Apr May Jun Jul Aug Sep Oct Nov Dec
2006: Jan Feb Mar Apr May Jun Jul Aug Sep Oct Nov Dec
2005: Jan Feb Mar Apr May Jun Jul Aug Sep Oct Nov Dec
2004: Jan Feb Mar Apr May Jun Jul Aug Sep Oct Nov Dec
Report for 2013 November
Monthly Climatological Summary for Nov 2013 Name: Willand City: Willand State: Devon, UK (9am GMT end of day) Elevation: 79 m Lat: N 50° 53' 03" Lon: W 003° 22' 25" Temperature (°C), Rain (mm), Wind Speed (km/h) Heat Cool Avg Mean Deg Deg Wind Dom Day Temp High Time Low Time Days Days Rain Speed High Time Dir ---------------------------------------------------------------------------------- 1 11.5 14.1 14:00 9.4 04:30 4.0 0.0 2.0 2.9 32.0 12:00 S 2 9.6 13.8 13:10 6.4 02:40 5.9 0.0 4.4 15.4 61.2 13:50 WSW 3 8.6 12.3 22:00 4.9 08:10 6.9 0.0 21.0 9.9 56.2 01:40 W 4 8.5 11.4 13:20 5.5 09:00 7.0 0.0 4.4 5.8 38.5 07:50 W 5 10.8 13.8 08:20 9.0 17:10 4.7 0.0 4.8 11.0 54.7 13:30 W 6 12.3 15.2 14:10 7.1 07:40 3.2 0.0 1.0 11.0 41.8 13:50 WSW 7 7.0 11.2 13:30 2.6 06:00 8.5 0.0 3.6 1.6 20.9 14:20 SSW 8 5.3 8.7 15:30 2.7 02:50 10.2 0.0 7.0 2.1 25.9 15:50 WSW 9 6.6 9.7 12:30 2.8 06:50 8.9 0.0 4.2 3.3 32.0 13:40 W 10 9.2 12.9 08:40 5.6 09:00 6.3 0.0 8.2 3.8 27.4 00:40 S 11 12.4 14.5 14:50 8.1 08:40 3.1 0.0 0.4 4.0 25.9 03:40 W 12 5.0 12.7 12:10 -0.7 07:30 10.5 0.0 0.0 3.4 28.8 12:10 NW 13 8.0 10.1 13:30 0.8 09:00 7.5 0.0 1.2 7.3 41.8 01:40 W 14 6.4 10.3 13:00 2.1 06:10 9.1 0.0 0.2 9.0 53.3 14:50 NW 15 5.3 10.2 12:50 -0.1 07:20 10.2 0.0 0.0 2.2 25.9 12:50 N 16 6.5 7.4 20:30 1.4 09:00 9.0 0.0 0.0 0.3 9.7 09:30 NNW 17 8.0 9.0 12:50 6.9 07:10 7.5 0.0 0.0 0.5 11.2 13:30 N 18 5.4 9.5 12:50 0.8 08:10 10.1 0.0 1.4 3.4 25.9 16:30 NW 19 2.4 6.9 08:50 -1.3 23:40 13.1 0.0 1.4 5.5 33.8 12:00 WNW 20 6.1 8.6 10:50 4.7 20:00 9.4 0.0 7.4 16.1 59.4 11:40 NW 21 5.2 8.1 14:00 2.0 02:10 10.3 0.0 0.0 7.8 50.0 12:40 N 22 4.0 7.4 13:30 0.2 08:10 11.5 0.0 0.0 6.5 32.0 11:10 N 23 1.9 7.1 13:20 -2.3 07:50 13.6 0.0 0.0 5.0 22.7 13:20 N 24 4.6 6.9 14:20 -0.5 09:00 10.9 0.0 0.2 2.5 16.2 20:20 N 25 1.1 6.6 12:00 -3.5 08:00 14.4 0.0 0.0 3.2 24.1 14:00 N 26 3.0 7.3 08:50 -2.9 09:00 12.5 0.0 0.0 1.1 9.7 08:30 SSW 27 8.3 10.4 14:30 6.1 08:00 7.2 0.0 0.0 2.2 14.4 11:10 NNW 28 8.3 10.6 12:30 6.5 09:00 7.2 0.0 0.2 2.8 19.4 08:40 NW 29 7.7 10.4 12:00 3.3 07:00 7.8 0.0 0.0 10.4 32.0 14:20 NW 30 2.3 8.4 13:40 -1.9 04:40 13.2 0.0 0.0 3.2 24.1 11:00 N ---------------------------------------------------------------------------------- 6.7 15.2 6 -3.5 25 263.7 0.0 73.0 5.4 61.2 2 WNW Max >= 30.0: 0 Max <= 0.0: 0 Min <= 0.0: 8 Min <= -18.0: 0 Max Rain: 21.0 on day 3 Days of Rain: 18 (>= 0.2 mm) 14 (>= 1.0 mm) 0 (>= 25.0 mm) Heat Base: 15.5 Cool Base: 15.5 Method: Integration