NOAA-Style Climate Reports
Select a Year or Month report
2024: Jan Feb Mar Apr May Jun Jul Aug Sep Oct Nov Dec
2023: Jan Feb Mar Apr May Jun Jul Aug Sep Oct Nov Dec
2022: Jan Feb Mar Apr May Jun Jul Aug Sep Oct Nov Dec
2021: Jan Feb Mar Apr May Jun Jul Aug Sep Oct Nov Dec
2020: Jan Feb Mar Apr May Jun Jul Aug Sep Oct Nov Dec
2019: Jan Feb Mar Apr May Jun Jul Aug Sep Oct Nov Dec
2018: Jan Feb Mar Apr May Jun Jul Aug Sep Oct Nov Dec
2017: Jan Feb Mar Apr May Jun Jul Aug Sep Oct Nov Dec
2016: Jan Feb Mar Apr May Jun Jul Aug Sep Oct Nov Dec
2015: Jan Feb Mar Apr May Jun Jul Aug Sep Oct Nov Dec
2014: Jan Feb Mar Apr May Jun Jul Aug Sep Oct Nov Dec
2013: Jan Feb Mar Apr May Jun Jul Aug Sep Oct Nov Dec
2012: Jan Feb Mar Apr May Jun Jul Aug Sep Oct Nov Dec
2011: Jan Feb Mar Apr May Jun Jul Aug Sep Oct Nov Dec
2010: Jan Feb Mar Apr May Jun Jul Aug Sep Oct Nov Dec
2009: Jan Feb Mar Apr May Jun Jul Aug Sep Oct Nov Dec
2008: Jan Feb Mar Apr May Jun Jul Aug Sep Oct Nov Dec
2007: Jan Feb Mar Apr May Jun Jul Aug Sep Oct Nov Dec
2006: Jan Feb Mar Apr May Jun Jul Aug Sep Oct Nov Dec
2005: Jan Feb Mar Apr May Jun Jul Aug Sep Oct Nov Dec
2004: Jan Feb Mar Apr May Jun Jul Aug Sep Oct Nov Dec
2024: Jan Feb Mar Apr May Jun Jul Aug Sep Oct Nov Dec
2023: Jan Feb Mar Apr May Jun Jul Aug Sep Oct Nov Dec
2022: Jan Feb Mar Apr May Jun Jul Aug Sep Oct Nov Dec
2021: Jan Feb Mar Apr May Jun Jul Aug Sep Oct Nov Dec
2020: Jan Feb Mar Apr May Jun Jul Aug Sep Oct Nov Dec
2019: Jan Feb Mar Apr May Jun Jul Aug Sep Oct Nov Dec
2018: Jan Feb Mar Apr May Jun Jul Aug Sep Oct Nov Dec
2017: Jan Feb Mar Apr May Jun Jul Aug Sep Oct Nov Dec
2016: Jan Feb Mar Apr May Jun Jul Aug Sep Oct Nov Dec
2015: Jan Feb Mar Apr May Jun Jul Aug Sep Oct Nov Dec
2014: Jan Feb Mar Apr May Jun Jul Aug Sep Oct Nov Dec
2013: Jan Feb Mar Apr May Jun Jul Aug Sep Oct Nov Dec
2012: Jan Feb Mar Apr May Jun Jul Aug Sep Oct Nov Dec
2011: Jan Feb Mar Apr May Jun Jul Aug Sep Oct Nov Dec
2010: Jan Feb Mar Apr May Jun Jul Aug Sep Oct Nov Dec
2009: Jan Feb Mar Apr May Jun Jul Aug Sep Oct Nov Dec
2008: Jan Feb Mar Apr May Jun Jul Aug Sep Oct Nov Dec
2007: Jan Feb Mar Apr May Jun Jul Aug Sep Oct Nov Dec
2006: Jan Feb Mar Apr May Jun Jul Aug Sep Oct Nov Dec
2005: Jan Feb Mar Apr May Jun Jul Aug Sep Oct Nov Dec
2004: Jan Feb Mar Apr May Jun Jul Aug Sep Oct Nov Dec
Report for 2012 July
Monthly Climatological Summary for Jul 2012 Name: Willand City: Willand State: Devon, UK (9am GMT end of day) Elevation: 79 m Lat: N 50° 53' 03" Lon: W 003° 22' 25" Temperature (°C), Rain (mm), Wind Speed (km/h) Heat Cool Avg Mean Deg Deg Wind Dom Day Temp High Time Low Time Days Days Rain Speed High Time Dir ---------------------------------------------------------------------------------- 1 15.0 19.8 15:10 13.1 22:40 0.5 0.0 5.6 10.8 32.0 13:10 SSW 2 15.5 17.2 17:00 14.7 03:40 0.0 0.0 4.4 5.4 19.6 13:40 SSE 3 15.3 16.1 12:10 14.5 05:30 0.2 0.0 4.8 6.8 24.9 14:40 SSE 4 15.3 20.5 18:00 12.8 02:40 0.2 0.0 2.0 4.1 19.6 10:40 SSE 5 16.1 20.9 17:20 12.7 05:00 0.0 0.6 0.0 3.6 30.1 13:40 SE 6 14.9 20.0 12:50 12.0 01:50 0.6 0.0 32.6 9.9 51.4 06:10 SE 7 14.1 18.2 09:50 13.2 04:10 1.4 0.0 4.0 9.9 35.4 10:20 NE 8 16.4 22.1 15:00 13.8 05:00 0.0 0.9 0.0 6.5 26.5 15:50 WSW 9 13.8 17.4 11:50 11.0 01:10 1.7 0.0 8.2 3.0 14.3 13:10 SW 10 13.5 17.0 12:20 11.2 04:30 2.0 0.0 6.0 8.0 28.3 17:30 W 11 13.3 18.8 15:00 8.6 05:10 2.2 0.0 2.8 7.2 33.7 14:30 W 12 13.6 15.1 19:20 11.3 05:10 1.9 0.0 16.0 6.8 26.5 13:10 SSW 13 14.8 18.7 16:30 13.1 23:00 0.7 0.0 5.6 8.7 33.7 15:10 WSW 14 13.8 18.8 14:50 10.7 03:40 1.7 0.0 0.0 5.5 26.5 17:20 W 15 14.4 17.8 17:30 11.6 22:30 1.1 0.0 1.8 7.0 32.0 14:20 WSW 16 15.7 17.8 09:40 14.2 05:10 0.0 0.2 4.4 12.0 44.2 15:30 WSW 17 17.1 22.0 13:10 13.5 05:50 0.0 1.6 0.0 7.7 30.1 14:30 WSW 18 15.6 19.3 15:10 12.6 05:50 0.0 0.1 4.0 11.5 35.4 18:10 WSW 19 14.8 19.8 16:40 10.5 01:50 0.7 0.0 0.2 7.3 35.4 14:10 W 20 13.9 21.2 15:40 6.5 04:50 1.6 0.0 0.2 4.7 23.0 16:40 WNW 21 16.4 23.7 16:30 11.2 06:10 0.0 0.9 0.0 2.5 14.3 10:00 E 22 16.4 23.0 15:20 9.5 05:00 0.0 0.9 0.0 4.2 26.5 14:10 SSE 23 17.7 25.4 16:00 9.9 05:50 0.0 2.2 0.0 4.2 21.2 13:50 SSE 24 19.7 29.2 17:00 9.9 05:50 0.0 4.2 0.0 1.8 12.4 13:50 S 25 21.3 29.0 17:00 14.7 05:00 0.0 5.8 0.0 2.5 15.8 18:20 N 26 21.3 29.3 16:10 14.6 04:00 0.0 5.8 0.0 3.3 19.6 15:50 S 27 16.6 24.9 13:30 9.0 05:50 0.0 1.1 0.0 7.0 30.1 17:50 WNW 28 13.6 19.6 14:00 8.9 03:00 1.9 0.0 0.0 6.6 32.0 12:50 W 29 12.7 18.4 15:20 7.3 05:30 2.8 0.0 1.4 6.5 32.0 15:10 W 30 15.1 19.8 15:10 12.2 01:00 0.4 0.0 3.2 6.2 26.5 12:50 WSW 31 17.2 21.3 17:40 15.3 23:00 0.0 1.7 0.2 0.0 0.0 00:00 E ---------------------------------------------------------------------------------- 15.6 29.3 26 6.5 20 21.6 26.0 107.4 6.2 51.4 6 SW Max >= 30.0: 0 Max <= 0.0: 0 Min <= 0.0: 0 Min <= -18.0: 0 Max Rain: 32.6 on day 6 Days of Rain: 19 (>= 0.2 mm) 16 (>= 1.0 mm) 1 (>= 25.0 mm) Heat Base: 15.5 Cool Base: 15.5 Method: Integration