NOAA-Style Climate Reports
Select a Year or Month report
2024: Jan Feb Mar Apr May Jun Jul Aug Sep Oct Nov Dec
2023: Jan Feb Mar Apr May Jun Jul Aug Sep Oct Nov Dec
2022: Jan Feb Mar Apr May Jun Jul Aug Sep Oct Nov Dec
2021: Jan Feb Mar Apr May Jun Jul Aug Sep Oct Nov Dec
2020: Jan Feb Mar Apr May Jun Jul Aug Sep Oct Nov Dec
2019: Jan Feb Mar Apr May Jun Jul Aug Sep Oct Nov Dec
2018: Jan Feb Mar Apr May Jun Jul Aug Sep Oct Nov Dec
2017: Jan Feb Mar Apr May Jun Jul Aug Sep Oct Nov Dec
2016: Jan Feb Mar Apr May Jun Jul Aug Sep Oct Nov Dec
2015: Jan Feb Mar Apr May Jun Jul Aug Sep Oct Nov Dec
2014: Jan Feb Mar Apr May Jun Jul Aug Sep Oct Nov Dec
2013: Jan Feb Mar Apr May Jun Jul Aug Sep Oct Nov Dec
2012: Jan Feb Mar Apr May Jun Jul Aug Sep Oct Nov Dec
2011: Jan Feb Mar Apr May Jun Jul Aug Sep Oct Nov Dec
2010: Jan Feb Mar Apr May Jun Jul Aug Sep Oct Nov Dec
2009: Jan Feb Mar Apr May Jun Jul Aug Sep Oct Nov Dec
2008: Jan Feb Mar Apr May Jun Jul Aug Sep Oct Nov Dec
2007: Jan Feb Mar Apr May Jun Jul Aug Sep Oct Nov Dec
2006: Jan Feb Mar Apr May Jun Jul Aug Sep Oct Nov Dec
2005: Jan Feb Mar Apr May Jun Jul Aug Sep Oct Nov Dec
2004: Jan Feb Mar Apr May Jun Jul Aug Sep Oct Nov Dec
2024: Jan Feb Mar Apr May Jun Jul Aug Sep Oct Nov Dec
2023: Jan Feb Mar Apr May Jun Jul Aug Sep Oct Nov Dec
2022: Jan Feb Mar Apr May Jun Jul Aug Sep Oct Nov Dec
2021: Jan Feb Mar Apr May Jun Jul Aug Sep Oct Nov Dec
2020: Jan Feb Mar Apr May Jun Jul Aug Sep Oct Nov Dec
2019: Jan Feb Mar Apr May Jun Jul Aug Sep Oct Nov Dec
2018: Jan Feb Mar Apr May Jun Jul Aug Sep Oct Nov Dec
2017: Jan Feb Mar Apr May Jun Jul Aug Sep Oct Nov Dec
2016: Jan Feb Mar Apr May Jun Jul Aug Sep Oct Nov Dec
2015: Jan Feb Mar Apr May Jun Jul Aug Sep Oct Nov Dec
2014: Jan Feb Mar Apr May Jun Jul Aug Sep Oct Nov Dec
2013: Jan Feb Mar Apr May Jun Jul Aug Sep Oct Nov Dec
2012: Jan Feb Mar Apr May Jun Jul Aug Sep Oct Nov Dec
2011: Jan Feb Mar Apr May Jun Jul Aug Sep Oct Nov Dec
2010: Jan Feb Mar Apr May Jun Jul Aug Sep Oct Nov Dec
2009: Jan Feb Mar Apr May Jun Jul Aug Sep Oct Nov Dec
2008: Jan Feb Mar Apr May Jun Jul Aug Sep Oct Nov Dec
2007: Jan Feb Mar Apr May Jun Jul Aug Sep Oct Nov Dec
2006: Jan Feb Mar Apr May Jun Jul Aug Sep Oct Nov Dec
2005: Jan Feb Mar Apr May Jun Jul Aug Sep Oct Nov Dec
2004: Jan Feb Mar Apr May Jun Jul Aug Sep Oct Nov Dec
Report for 2012 May
Monthly Climatological Summary for May 2012 Name: Willand City: Willand State: Devon, UK (9am GMT end of day) Elevation: 79 m Lat: N 50° 53' 03" Lon: W 003° 22' 25" Temperature (°C), Rain (mm), Wind Speed (km/h) Heat Cool Avg Mean Deg Deg Wind Dom Day Temp High Time Low Time Days Days Rain Speed High Time Dir ---------------------------------------------------------------------------------- 1 10.8 16.4 14:20 4.7 03:20 4.7 0.0 0.0 5.8 24.9 13:30 ESE 2 11.8 18.5 16:10 7.5 08:40 3.7 0.0 5.2 6.5 24.9 16:40 N 3 8.2 10.0 16:50 7.5 04:20 7.3 0.0 0.8 3.8 15.8 13:10 NNE 4 7.9 11.6 12:20 4.4 06:50 7.6 0.0 0.0 9.3 28.3 09:10 NNE 5 7.6 10.2 14:30 5.1 06:10 7.9 0.0 0.0 7.9 26.5 10:40 NNE 6 8.8 13.4 12:40 5.9 02:40 6.7 0.0 4.0 5.9 19.6 10:50 ESE 7 12.1 16.2 17:20 10.2 05:50 3.4 0.0 10.4 6.3 30.1 14:00 S 8 11.5 18.4 15:50 7.8 04:20 4.0 0.0 4.0 4.0 21.2 16:10 NNW 9 13.5 15.1 09:10 10.9 10:00 2.0 0.0 3.0 9.6 30.1 03:00 S 10 12.5 15.8 15:40 9.4 08:20 3.0 0.0 0.6 11.0 46.1 01:40 SW 11 8.8 14.1 16:00 2.8 05:20 6.7 0.0 0.0 9.8 44.2 14:10 WNW 12 9.8 16.7 15:50 1.6 05:40 5.7 0.0 0.0 4.6 21.2 10:20 NNW 13 10.4 17.8 16:30 4.5 04:50 5.1 0.0 1.0 6.4 23.0 15:40 SW 14 8.8 13.4 17:30 4.5 06:20 6.7 0.0 1.4 11.3 38.9 08:40 W 15 7.2 13.1 16:10 0.3 05:10 8.3 0.0 0.2 9.0 42.6 10:00 WNW 16 10.5 16.7 15:10 6.3 04:10 5.0 0.0 0.0 3.7 21.2 11:10 NW 17 10.1 14.3 14:10 6.6 05:20 5.4 0.0 0.2 9.3 32.0 15:10 ENE 18 10.9 14.2 15:20 6.5 05:30 4.6 0.0 0.0 2.7 21.2 11:10 NNE 19 12.1 17.3 16:40 8.5 06:30 3.4 0.0 0.2 6.0 28.3 09:30 NNE 20 10.8 17.5 16:50 6.3 04:20 4.7 0.0 0.0 6.8 26.5 17:50 N 21 13.0 21.0 17:10 5.4 06:00 2.5 0.0 0.0 6.3 28.3 18:40 WNW 22 15.6 22.3 14:20 9.9 01:50 0.0 0.1 0.0 6.3 26.5 16:20 W 23 16.2 25.7 13:50 10.0 06:30 0.0 0.7 0.0 5.8 26.5 18:20 W 24 20.6 26.5 15:40 16.7 01:20 0.0 5.1 0.0 5.7 23.0 08:40 N 25 20.9 28.7 15:40 13.4 05:50 0.0 5.4 0.0 11.9 40.7 09:00 NE 26 19.9 27.8 16:20 11.0 03:40 0.0 4.4 0.0 9.1 40.7 11:10 ENE 27 15.5 22.3 12:20 7.9 05:20 0.0 0.0 0.0 3.3 19.6 14:00 W 28 16.1 23.3 16:50 9.3 05:50 0.0 0.6 0.0 4.4 23.0 15:40 SW 29 17.2 25.0 15:30 10.1 05:00 0.0 1.7 0.0 2.0 12.4 14:30 SSW 30 16.0 22.8 15:00 11.6 00:30 0.0 0.5 0.0 6.6 26.5 14:50 WSW 31 16.2 21.8 14:40 14.2 04:20 0.0 0.7 0.0 7.6 35.4 16:00 WSW ---------------------------------------------------------------------------------- 12.6 28.7 25 0.3 15 108.4 19.2 31.0 6.7 46.1 10 NW Max >= 30.0: 0 Max <= 0.0: 0 Min <= 0.0: 0 Min <= -18.0: 0 Max Rain: 10.4 on day 7 Days of Rain: 12 (>= 0.2 mm) 7 (>= 1.0 mm) 0 (>= 25.0 mm) Heat Base: 15.5 Cool Base: 15.5 Method: Integration