NOAA-Style Climate Reports
Select a Year or Month report
2024: Jan Feb Mar Apr May Jun Jul Aug Sep Oct Nov Dec
2023: Jan Feb Mar Apr May Jun Jul Aug Sep Oct Nov Dec
2022: Jan Feb Mar Apr May Jun Jul Aug Sep Oct Nov Dec
2021: Jan Feb Mar Apr May Jun Jul Aug Sep Oct Nov Dec
2020: Jan Feb Mar Apr May Jun Jul Aug Sep Oct Nov Dec
2019: Jan Feb Mar Apr May Jun Jul Aug Sep Oct Nov Dec
2018: Jan Feb Mar Apr May Jun Jul Aug Sep Oct Nov Dec
2017: Jan Feb Mar Apr May Jun Jul Aug Sep Oct Nov Dec
2016: Jan Feb Mar Apr May Jun Jul Aug Sep Oct Nov Dec
2015: Jan Feb Mar Apr May Jun Jul Aug Sep Oct Nov Dec
2014: Jan Feb Mar Apr May Jun Jul Aug Sep Oct Nov Dec
2013: Jan Feb Mar Apr May Jun Jul Aug Sep Oct Nov Dec
2012: Jan Feb Mar Apr May Jun Jul Aug Sep Oct Nov Dec
2011: Jan Feb Mar Apr May Jun Jul Aug Sep Oct Nov Dec
2010: Jan Feb Mar Apr May Jun Jul Aug Sep Oct Nov Dec
2009: Jan Feb Mar Apr May Jun Jul Aug Sep Oct Nov Dec
2008: Jan Feb Mar Apr May Jun Jul Aug Sep Oct Nov Dec
2007: Jan Feb Mar Apr May Jun Jul Aug Sep Oct Nov Dec
2006: Jan Feb Mar Apr May Jun Jul Aug Sep Oct Nov Dec
2005: Jan Feb Mar Apr May Jun Jul Aug Sep Oct Nov Dec
2004: Jan Feb Mar Apr May Jun Jul Aug Sep Oct Nov Dec
2024: Jan Feb Mar Apr May Jun Jul Aug Sep Oct Nov Dec
2023: Jan Feb Mar Apr May Jun Jul Aug Sep Oct Nov Dec
2022: Jan Feb Mar Apr May Jun Jul Aug Sep Oct Nov Dec
2021: Jan Feb Mar Apr May Jun Jul Aug Sep Oct Nov Dec
2020: Jan Feb Mar Apr May Jun Jul Aug Sep Oct Nov Dec
2019: Jan Feb Mar Apr May Jun Jul Aug Sep Oct Nov Dec
2018: Jan Feb Mar Apr May Jun Jul Aug Sep Oct Nov Dec
2017: Jan Feb Mar Apr May Jun Jul Aug Sep Oct Nov Dec
2016: Jan Feb Mar Apr May Jun Jul Aug Sep Oct Nov Dec
2015: Jan Feb Mar Apr May Jun Jul Aug Sep Oct Nov Dec
2014: Jan Feb Mar Apr May Jun Jul Aug Sep Oct Nov Dec
2013: Jan Feb Mar Apr May Jun Jul Aug Sep Oct Nov Dec
2012: Jan Feb Mar Apr May Jun Jul Aug Sep Oct Nov Dec
2011: Jan Feb Mar Apr May Jun Jul Aug Sep Oct Nov Dec
2010: Jan Feb Mar Apr May Jun Jul Aug Sep Oct Nov Dec
2009: Jan Feb Mar Apr May Jun Jul Aug Sep Oct Nov Dec
2008: Jan Feb Mar Apr May Jun Jul Aug Sep Oct Nov Dec
2007: Jan Feb Mar Apr May Jun Jul Aug Sep Oct Nov Dec
2006: Jan Feb Mar Apr May Jun Jul Aug Sep Oct Nov Dec
2005: Jan Feb Mar Apr May Jun Jul Aug Sep Oct Nov Dec
2004: Jan Feb Mar Apr May Jun Jul Aug Sep Oct Nov Dec
Report for 2012 February
Monthly Climatological Summary for Feb 2012 Name: Willand City: Willand State: Devon, UK (9am GMT end of day) Elevation: 79 m Lat: N 50° 53' 03" Lon: W 003° 22' 25" Temperature (°C), Rain (mm), Wind Speed (km/h) Heat Cool Avg Mean Deg Deg Wind Dom Day Temp High Time Low Time Days Days Rain Speed High Time Dir ---------------------------------------------------------------------------------- 1 -2.5 -0.4 19:40 -3.4 06:30 18.0 0.0 0.2 11.8 26.5 03:50 NNE 2 -3.1 1.6 14:20 -7.3 08:00 18.6 0.0 0.0 6.7 32.0 10:40 NNE 3 -4.0 1.6 13:50 -7.4 02:10 19.5 0.0 0.0 1.4 12.4 11:50 NNE 4 3.0 5.8 23:50 -3.4 09:00 12.5 0.0 8.6 7.3 28.3 00:10 WSW 5 3.8 7.8 13:50 1.9 03:00 11.7 0.0 0.0 3.5 21.2 10:30 WNW 6 4.1 7.6 14:20 1.8 07:10 11.4 0.0 0.0 2.5 17.7 01:00 NNE 7 -0.3 4.2 13:20 -5.7 05:10 15.8 0.0 0.0 3.4 17.7 01:20 NE 8 -1.2 0.5 14:20 -2.7 09:00 16.7 0.0 0.0 5.2 24.9 14:30 NE 9 2.5 5.9 15:50 -0.9 09:00 13.0 0.0 8.8 3.7 19.6 02:50 SE 10 -0.4 3.5 09:30 -5.0 07:10 15.9 0.0 0.8 6.7 28.3 11:30 E 11 -1.8 3.9 14:20 -5.3 02:00 17.3 0.0 0.0 1.4 8.8 14:40 N 12 4.7 7.3 13:20 0.2 09:00 10.8 0.0 0.8 2.6 17.7 00:10 WNW 13 5.8 7.9 13:40 3.3 07:30 9.7 0.0 0.2 9.9 40.7 14:30 WNW 14 7.5 9.2 12:50 3.3 09:00 8.0 0.0 0.0 11.2 38.9 16:30 WNW 15 8.0 11.6 14:30 6.0 07:20 7.5 0.0 0.0 8.6 38.9 14:10 WNW 16 8.4 9.7 14:50 6.9 09:00 7.1 0.0 0.0 8.9 32.0 15:10 W 17 8.6 11.1 15:00 7.1 06:50 6.9 0.0 0.0 11.7 38.9 16:10 WSW 18 3.8 9.9 12:00 -1.0 07:40 11.7 0.0 1.6 9.2 44.2 12:30 W 19 1.5 8.0 14:00 -3.5 03:30 14.0 0.0 0.2 4.9 28.3 11:10 WNW 20 5.5 8.8 13:40 -0.5 09:00 10.0 0.0 0.2 4.7 26.5 13:30 SSW 21 8.4 10.4 11:40 6.5 21:50 7.1 0.0 0.0 7.2 30.1 08:50 SSW 22 10.3 11.6 20:30 8.1 11:50 5.2 0.0 1.8 11.9 38.9 13:50 SW 23 10.1 12.6 11:50 8.6 07:20 5.4 0.0 0.0 7.9 23.0 21:20 WSW 24 10.0 11.9 15:10 8.1 07:00 5.5 0.0 0.0 4.6 19.6 12:20 W 25 6.7 11.5 14:40 0.9 06:50 8.8 0.0 0.0 3.4 19.6 17:00 WNW 26 8.4 12.7 14:00 3.4 09:00 7.1 0.0 0.2 3.8 12.4 13:00 S 27 9.9 11.6 13:40 9.0 20:50 5.6 0.0 0.6 6.8 24.9 14:40 WSW 28 9.9 12.1 14:30 8.6 07:00 5.6 0.0 0.0 2.8 17.7 13:50 W 29 9.1 15.0 14:00 5.6 04:00 6.4 0.0 0.0 3.6 17.7 13:40 SSE ---------------------------------------------------------------------------------- 4.7 15.0 29 -7.4 3 312.8 0.0 24.0 6.0 44.2 18 W Max >= 30.0: 0 Max <= 0.0: 1 Min <= 0.0: 12 Min <= -18.0: 0 Max Rain: 8.8 on day 9 Days of Rain: 12 (>= 0.2 mm) 4 (>= 1.0 mm) 0 (>= 25.0 mm) Heat Base: 15.5 Cool Base: 15.5 Method: Integration