NOAA-Style Climate Reports
Select a Year or Month report
2024: Jan Feb Mar Apr May Jun Jul Aug Sep Oct Nov Dec
2023: Jan Feb Mar Apr May Jun Jul Aug Sep Oct Nov Dec
2022: Jan Feb Mar Apr May Jun Jul Aug Sep Oct Nov Dec
2021: Jan Feb Mar Apr May Jun Jul Aug Sep Oct Nov Dec
2020: Jan Feb Mar Apr May Jun Jul Aug Sep Oct Nov Dec
2019: Jan Feb Mar Apr May Jun Jul Aug Sep Oct Nov Dec
2018: Jan Feb Mar Apr May Jun Jul Aug Sep Oct Nov Dec
2017: Jan Feb Mar Apr May Jun Jul Aug Sep Oct Nov Dec
2016: Jan Feb Mar Apr May Jun Jul Aug Sep Oct Nov Dec
2015: Jan Feb Mar Apr May Jun Jul Aug Sep Oct Nov Dec
2014: Jan Feb Mar Apr May Jun Jul Aug Sep Oct Nov Dec
2013: Jan Feb Mar Apr May Jun Jul Aug Sep Oct Nov Dec
2012: Jan Feb Mar Apr May Jun Jul Aug Sep Oct Nov Dec
2011: Jan Feb Mar Apr May Jun Jul Aug Sep Oct Nov Dec
2010: Jan Feb Mar Apr May Jun Jul Aug Sep Oct Nov Dec
2009: Jan Feb Mar Apr May Jun Jul Aug Sep Oct Nov Dec
2008: Jan Feb Mar Apr May Jun Jul Aug Sep Oct Nov Dec
2007: Jan Feb Mar Apr May Jun Jul Aug Sep Oct Nov Dec
2006: Jan Feb Mar Apr May Jun Jul Aug Sep Oct Nov Dec
2005: Jan Feb Mar Apr May Jun Jul Aug Sep Oct Nov Dec
2004: Jan Feb Mar Apr May Jun Jul Aug Sep Oct Nov Dec
2024: Jan Feb Mar Apr May Jun Jul Aug Sep Oct Nov Dec
2023: Jan Feb Mar Apr May Jun Jul Aug Sep Oct Nov Dec
2022: Jan Feb Mar Apr May Jun Jul Aug Sep Oct Nov Dec
2021: Jan Feb Mar Apr May Jun Jul Aug Sep Oct Nov Dec
2020: Jan Feb Mar Apr May Jun Jul Aug Sep Oct Nov Dec
2019: Jan Feb Mar Apr May Jun Jul Aug Sep Oct Nov Dec
2018: Jan Feb Mar Apr May Jun Jul Aug Sep Oct Nov Dec
2017: Jan Feb Mar Apr May Jun Jul Aug Sep Oct Nov Dec
2016: Jan Feb Mar Apr May Jun Jul Aug Sep Oct Nov Dec
2015: Jan Feb Mar Apr May Jun Jul Aug Sep Oct Nov Dec
2014: Jan Feb Mar Apr May Jun Jul Aug Sep Oct Nov Dec
2013: Jan Feb Mar Apr May Jun Jul Aug Sep Oct Nov Dec
2012: Jan Feb Mar Apr May Jun Jul Aug Sep Oct Nov Dec
2011: Jan Feb Mar Apr May Jun Jul Aug Sep Oct Nov Dec
2010: Jan Feb Mar Apr May Jun Jul Aug Sep Oct Nov Dec
2009: Jan Feb Mar Apr May Jun Jul Aug Sep Oct Nov Dec
2008: Jan Feb Mar Apr May Jun Jul Aug Sep Oct Nov Dec
2007: Jan Feb Mar Apr May Jun Jul Aug Sep Oct Nov Dec
2006: Jan Feb Mar Apr May Jun Jul Aug Sep Oct Nov Dec
2005: Jan Feb Mar Apr May Jun Jul Aug Sep Oct Nov Dec
2004: Jan Feb Mar Apr May Jun Jul Aug Sep Oct Nov Dec
Report for 2011 August
Monthly Climatological Summary for Aug 2011 Name: Willand City: Willand State: Devon, UK (9am GMT end of day) Elevation: 79 m Lat: N 50° 53' 03" Lon: W 003° 22' 25" Temperature (°C), Rain (mm), Wind Speed (km/h) Heat Cool Avg Mean Deg Deg Wind Dom Day Temp High Time Low Time Days Days Rain Speed High Time Dir ---------------------------------------------------------------------------------- 1 18.3 22.7 16:10 15.9 23:20 0.0 2.8 1.0 4.0 20.4 15:40 S 2 18.4 23.8 15:40 13.6 06:10 0.0 2.9 0.0 2.5 16.3 15:20 WNW 3 20.4 27.3 15:00 17.1 07:30 0.0 4.9 18.4 6.3 32.6 18:00 S 4 16.8 20.4 16:40 14.1 06:00 0.0 1.3 0.4 7.8 32.6 16:40 WSW 5 15.7 21.8 12:40 11.6 06:10 0.0 0.2 0.0 2.8 16.3 13:30 W 6 14.9 19.9 16:40 10.9 05:50 0.6 0.0 0.2 8.6 34.7 14:00 WSW 7 13.3 20.3 14:40 8.3 02:40 2.2 0.0 2.6 6.2 28.5 12:30 SW 8 14.5 19.6 14:50 8.7 05:50 1.0 0.0 0.8 10.2 42.8 12:00 W 9 13.1 19.3 16:20 7.5 06:00 2.4 0.0 0.0 5.7 24.4 13:30 WNW 10 17.4 23.9 15:50 12.9 02:50 0.0 1.9 1.4 8.0 34.7 14:40 SW 11 17.1 20.0 15:50 14.8 05:50 0.0 1.6 0.0 9.1 34.7 10:30 WSW 12 17.6 21.5 17:20 14.4 06:20 0.0 2.1 2.4 6.4 24.4 04:40 SW 13 15.9 19.3 16:30 13.1 05:40 0.0 0.4 0.2 5.3 22.4 14:30 WSW 14 13.8 20.3 14:30 7.5 06:20 1.7 0.0 0.0 6.5 30.6 15:40 W 15 15.7 20.9 13:00 13.7 23:50 0.0 0.2 2.4 4.8 20.4 12:40 SW 16 16.0 21.3 14:30 11.4 04:50 0.0 0.5 2.6 5.9 26.5 11:00 WSW 17 13.7 16.3 13:20 11.0 02:00 1.8 0.0 3.8 4.7 20.4 16:40 NNE 18 10.3 14.0 09:50 5.5 06:20 5.2 0.0 2.2 4.2 22.4 12:40 NNE 19 16.9 22.4 16:20 13.7 02:50 0.0 1.4 0.0 6.0 30.6 16:40 S 20 16.3 21.5 15:20 14.3 22:40 0.0 0.8 1.2 3.9 20.4 14:30 SSE 21 15.5 21.9 14:50 9.9 02:10 0.0 0.0 0.0 4.9 24.4 17:10 W 22 17.0 23.4 16:40 12.7 01:00 0.0 1.5 0.0 3.6 22.4 09:30 NNE 23 14.5 19.6 16:50 7.9 06:40 1.0 0.0 0.0 2.8 14.3 19:10 SSE 24 13.1 19.4 16:20 10.2 03:00 2.4 0.0 4.4 3.3 28.5 14:10 SSW 25 14.5 19.2 14:20 9.4 03:20 1.0 0.0 6.0 5.9 32.6 15:40 SSE 26 11.3 14.2 09:30 8.3 05:40 4.2 0.0 16.2 5.1 28.5 17:00 W 27 13.3 16.9 15:20 10.5 05:20 2.2 0.0 0.2 9.5 32.6 10:40 WSW 28 12.5 18.1 15:30 7.7 06:40 3.0 0.0 0.0 6.9 34.7 18:00 W 29 13.3 17.9 14:50 10.6 06:00 2.2 0.0 0.0 4.6 22.4 15:10 WNW 30 14.6 18.3 13:50 12.1 06:20 0.9 0.0 0.0 2.3 14.3 15:50 N 31 13.7 18.5 14:30 8.6 03:20 1.8 0.0 0.0 4.6 18.4 11:40 ENE ---------------------------------------------------------------------------------- 15.1 27.3 3 5.5 18 33.6 22.5 66.4 5.5 42.8 8 WSW Max >= 30.0: 0 Max <= 0.0: 0 Min <= 0.0: 0 Min <= -18.0: 0 Max Rain: 18.4 on day 3 Days of Rain: 18 (>= 0.2 mm) 13 (>= 1.0 mm) 0 (>= 25.0 mm) Heat Base: 15.5 Cool Base: 15.5 Method: Integration