NOAA-Style Climate Reports
Select a Year or Month report
2024: Jan Feb Mar Apr May Jun Jul Aug Sep Oct Nov Dec
2023: Jan Feb Mar Apr May Jun Jul Aug Sep Oct Nov Dec
2022: Jan Feb Mar Apr May Jun Jul Aug Sep Oct Nov Dec
2021: Jan Feb Mar Apr May Jun Jul Aug Sep Oct Nov Dec
2020: Jan Feb Mar Apr May Jun Jul Aug Sep Oct Nov Dec
2019: Jan Feb Mar Apr May Jun Jul Aug Sep Oct Nov Dec
2018: Jan Feb Mar Apr May Jun Jul Aug Sep Oct Nov Dec
2017: Jan Feb Mar Apr May Jun Jul Aug Sep Oct Nov Dec
2016: Jan Feb Mar Apr May Jun Jul Aug Sep Oct Nov Dec
2015: Jan Feb Mar Apr May Jun Jul Aug Sep Oct Nov Dec
2014: Jan Feb Mar Apr May Jun Jul Aug Sep Oct Nov Dec
2013: Jan Feb Mar Apr May Jun Jul Aug Sep Oct Nov Dec
2012: Jan Feb Mar Apr May Jun Jul Aug Sep Oct Nov Dec
2011: Jan Feb Mar Apr May Jun Jul Aug Sep Oct Nov Dec
2010: Jan Feb Mar Apr May Jun Jul Aug Sep Oct Nov Dec
2009: Jan Feb Mar Apr May Jun Jul Aug Sep Oct Nov Dec
2008: Jan Feb Mar Apr May Jun Jul Aug Sep Oct Nov Dec
2007: Jan Feb Mar Apr May Jun Jul Aug Sep Oct Nov Dec
2006: Jan Feb Mar Apr May Jun Jul Aug Sep Oct Nov Dec
2005: Jan Feb Mar Apr May Jun Jul Aug Sep Oct Nov Dec
2004: Jan Feb Mar Apr May Jun Jul Aug Sep Oct Nov Dec
2024: Jan Feb Mar Apr May Jun Jul Aug Sep Oct Nov Dec
2023: Jan Feb Mar Apr May Jun Jul Aug Sep Oct Nov Dec
2022: Jan Feb Mar Apr May Jun Jul Aug Sep Oct Nov Dec
2021: Jan Feb Mar Apr May Jun Jul Aug Sep Oct Nov Dec
2020: Jan Feb Mar Apr May Jun Jul Aug Sep Oct Nov Dec
2019: Jan Feb Mar Apr May Jun Jul Aug Sep Oct Nov Dec
2018: Jan Feb Mar Apr May Jun Jul Aug Sep Oct Nov Dec
2017: Jan Feb Mar Apr May Jun Jul Aug Sep Oct Nov Dec
2016: Jan Feb Mar Apr May Jun Jul Aug Sep Oct Nov Dec
2015: Jan Feb Mar Apr May Jun Jul Aug Sep Oct Nov Dec
2014: Jan Feb Mar Apr May Jun Jul Aug Sep Oct Nov Dec
2013: Jan Feb Mar Apr May Jun Jul Aug Sep Oct Nov Dec
2012: Jan Feb Mar Apr May Jun Jul Aug Sep Oct Nov Dec
2011: Jan Feb Mar Apr May Jun Jul Aug Sep Oct Nov Dec
2010: Jan Feb Mar Apr May Jun Jul Aug Sep Oct Nov Dec
2009: Jan Feb Mar Apr May Jun Jul Aug Sep Oct Nov Dec
2008: Jan Feb Mar Apr May Jun Jul Aug Sep Oct Nov Dec
2007: Jan Feb Mar Apr May Jun Jul Aug Sep Oct Nov Dec
2006: Jan Feb Mar Apr May Jun Jul Aug Sep Oct Nov Dec
2005: Jan Feb Mar Apr May Jun Jul Aug Sep Oct Nov Dec
2004: Jan Feb Mar Apr May Jun Jul Aug Sep Oct Nov Dec
Report for 2011 July
Monthly Climatological Summary for Jul 2011 Name: Willand City: Willand State: Devon, UK (9am GMT end of day) Elevation: 79 m Lat: N 50° 53' 03" Lon: W 003° 22' 25" Temperature (°C), Rain (mm), Wind Speed (km/h) Heat Cool Avg Mean Deg Deg Wind Dom Day Temp High Time Low Time Days Days Rain Speed High Time Dir ---------------------------------------------------------------------------------- 1 14.7 20.3 14:20 6.9 05:20 0.8 0.0 0.0 2.1 12.2 16:30 WNW 2 15.7 23.0 15:50 6.8 05:30 0.0 0.2 0.0 2.7 18.4 17:50 SE 3 17.0 24.3 16:10 8.5 04:10 0.0 1.5 0.0 4.2 20.4 15:50 SE 4 17.5 23.2 12:10 11.5 02:50 0.0 2.0 0.0 6.8 38.7 15:20 SE 5 15.1 20.1 16:20 10.6 05:50 0.4 0.0 1.8 5.8 24.4 10:40 S 6 14.0 19.7 12:20 10.1 02:40 1.5 0.0 8.4 9.8 32.6 13:40 SSW 7 15.0 20.5 17:30 11.6 02:10 0.5 0.0 4.4 6.8 28.5 13:30 SSW 8 14.6 18.6 15:40 11.3 00:50 0.9 0.0 0.0 9.0 42.8 13:30 SW 9 15.3 20.4 11:10 11.8 00:30 0.2 0.0 0.0 5.0 24.4 11:40 WSW 10 14.7 20.7 16:00 8.2 03:20 0.8 0.0 0.0 2.7 18.4 15:00 W 11 18.1 23.9 13:10 14.2 00:50 0.0 2.6 0.0 4.5 20.4 08:00 N 12 16.8 20.8 18:30 13.1 05:50 0.0 1.3 0.0 7.4 26.5 10:00 N 13 15.6 21.9 14:40 7.4 05:40 0.0 0.1 0.0 3.0 18.4 10:00 N 14 16.7 24.8 15:20 9.6 03:30 0.0 1.2 0.0 3.9 24.4 19:20 W 15 16.1 21.7 12:20 13.4 00:10 0.0 0.6 1.2 6.7 24.4 12:20 S 16 14.5 18.4 16:00 12.0 02:10 1.0 0.0 2.2 12.9 40.7 13:00 WSW 17 13.9 18.1 14:30 11.9 06:30 1.6 0.0 1.4 13.7 38.7 11:50 W 18 12.9 16.0 08:40 11.4 02:40 2.6 0.0 2.6 6.0 28.5 13:40 WSW 19 14.7 20.2 14:40 12.1 06:10 0.8 0.0 3.6 7.5 36.6 16:50 WNW 20 13.9 17.8 15:20 10.3 05:50 1.6 0.0 0.0 3.0 18.4 19:00 NNE 21 16.4 22.3 17:30 12.8 05:50 0.0 0.9 3.6 3.5 22.4 16:30 NNW 22 13.7 19.6 17:00 9.2 00:50 1.8 0.0 0.0 4.5 22.4 19:10 WNW 23 14.3 20.1 14:50 8.5 03:40 1.2 0.0 0.4 7.0 28.5 15:30 W 24 16.2 19.5 09:50 12.7 06:10 0.0 0.7 0.2 6.3 30.6 17:00 W 25 18.7 25.4 16:00 13.4 06:00 0.0 3.2 0.0 5.6 22.4 11:40 WNW 26 18.4 25.6 16:30 12.6 03:00 0.0 2.9 0.0 3.4 26.5 11:10 N 27 19.3 25.7 16:50 15.3 05:20 0.0 3.8 0.0 2.7 14.3 16:30 WSW 28 18.8 25.5 15:10 14.7 06:10 0.0 3.3 0.0 4.6 20.4 16:40 WNW 29 17.9 22.7 13:40 14.4 06:50 0.0 2.4 4.4 2.6 16.3 13:50 NE 30 16.3 21.7 14:30 12.0 05:30 0.0 0.8 0.0 3.8 20.4 13:20 SSE 31 18.6 22.4 13:30 16.5 02:20 0.0 3.1 0.0 6.7 22.4 12:20 SE ---------------------------------------------------------------------------------- 16.0 25.7 27 6.8 2 15.7 30.6 34.2 5.6 42.8 8 WSW Max >= 30.0: 0 Max <= 0.0: 0 Min <= 0.0: 0 Min <= -18.0: 0 Max Rain: 8.4 on day 6 Days of Rain: 12 (>= 0.2 mm) 10 (>= 1.0 mm) 0 (>= 25.0 mm) Heat Base: 15.5 Cool Base: 15.5 Method: Integration