NOAA-Style Climate Reports
Select a Year or Month report
2024: Jan Feb Mar Apr May Jun Jul Aug Sep Oct Nov Dec
2023: Jan Feb Mar Apr May Jun Jul Aug Sep Oct Nov Dec
2022: Jan Feb Mar Apr May Jun Jul Aug Sep Oct Nov Dec
2021: Jan Feb Mar Apr May Jun Jul Aug Sep Oct Nov Dec
2020: Jan Feb Mar Apr May Jun Jul Aug Sep Oct Nov Dec
2019: Jan Feb Mar Apr May Jun Jul Aug Sep Oct Nov Dec
2018: Jan Feb Mar Apr May Jun Jul Aug Sep Oct Nov Dec
2017: Jan Feb Mar Apr May Jun Jul Aug Sep Oct Nov Dec
2016: Jan Feb Mar Apr May Jun Jul Aug Sep Oct Nov Dec
2015: Jan Feb Mar Apr May Jun Jul Aug Sep Oct Nov Dec
2014: Jan Feb Mar Apr May Jun Jul Aug Sep Oct Nov Dec
2013: Jan Feb Mar Apr May Jun Jul Aug Sep Oct Nov Dec
2012: Jan Feb Mar Apr May Jun Jul Aug Sep Oct Nov Dec
2011: Jan Feb Mar Apr May Jun Jul Aug Sep Oct Nov Dec
2010: Jan Feb Mar Apr May Jun Jul Aug Sep Oct Nov Dec
2009: Jan Feb Mar Apr May Jun Jul Aug Sep Oct Nov Dec
2008: Jan Feb Mar Apr May Jun Jul Aug Sep Oct Nov Dec
2007: Jan Feb Mar Apr May Jun Jul Aug Sep Oct Nov Dec
2006: Jan Feb Mar Apr May Jun Jul Aug Sep Oct Nov Dec
2005: Jan Feb Mar Apr May Jun Jul Aug Sep Oct Nov Dec
2004: Jan Feb Mar Apr May Jun Jul Aug Sep Oct Nov Dec
2024: Jan Feb Mar Apr May Jun Jul Aug Sep Oct Nov Dec
2023: Jan Feb Mar Apr May Jun Jul Aug Sep Oct Nov Dec
2022: Jan Feb Mar Apr May Jun Jul Aug Sep Oct Nov Dec
2021: Jan Feb Mar Apr May Jun Jul Aug Sep Oct Nov Dec
2020: Jan Feb Mar Apr May Jun Jul Aug Sep Oct Nov Dec
2019: Jan Feb Mar Apr May Jun Jul Aug Sep Oct Nov Dec
2018: Jan Feb Mar Apr May Jun Jul Aug Sep Oct Nov Dec
2017: Jan Feb Mar Apr May Jun Jul Aug Sep Oct Nov Dec
2016: Jan Feb Mar Apr May Jun Jul Aug Sep Oct Nov Dec
2015: Jan Feb Mar Apr May Jun Jul Aug Sep Oct Nov Dec
2014: Jan Feb Mar Apr May Jun Jul Aug Sep Oct Nov Dec
2013: Jan Feb Mar Apr May Jun Jul Aug Sep Oct Nov Dec
2012: Jan Feb Mar Apr May Jun Jul Aug Sep Oct Nov Dec
2011: Jan Feb Mar Apr May Jun Jul Aug Sep Oct Nov Dec
2010: Jan Feb Mar Apr May Jun Jul Aug Sep Oct Nov Dec
2009: Jan Feb Mar Apr May Jun Jul Aug Sep Oct Nov Dec
2008: Jan Feb Mar Apr May Jun Jul Aug Sep Oct Nov Dec
2007: Jan Feb Mar Apr May Jun Jul Aug Sep Oct Nov Dec
2006: Jan Feb Mar Apr May Jun Jul Aug Sep Oct Nov Dec
2005: Jan Feb Mar Apr May Jun Jul Aug Sep Oct Nov Dec
2004: Jan Feb Mar Apr May Jun Jul Aug Sep Oct Nov Dec
Report for 2011 June
Monthly Climatological Summary for Jun 2011 Name: Willand City: Willand State: Devon, UK (9am GMT end of day) Elevation: 79 m Lat: N 50° 53' 03" Lon: W 003° 22' 25" Temperature (°C), Rain (mm), Wind Speed (km/h) Heat Cool Avg Mean Deg Deg Wind Dom Day Temp High Time Low Time Days Days Rain Speed High Time Dir ---------------------------------------------------------------------------------- 1 15.5 20.0 15:50 12.1 22:00 0.0 0.0 0.0 6.3 30.6 13:10 NW 2 18.8 25.7 15:30 12.1 03:40 0.0 3.3 0.0 7.7 26.5 08:40 NNE 3 20.4 27.8 15:30 13.1 05:30 0.0 4.9 0.0 11.9 30.6 14:00 NNE 4 18.2 24.1 15:30 12.6 08:50 0.0 2.7 0.0 13.2 32.6 17:20 NNE 5 13.9 17.1 15:50 11.7 02:50 1.6 0.0 0.0 5.6 22.4 09:50 N 6 12.7 21.6 15:20 5.3 01:50 2.8 0.0 1.3 6.2 22.4 14:50 W 7 12.9 19.5 16:00 8.0 00:10 2.6 0.0 0.3 9.8 32.6 16:30 WSW 8 12.9 18.6 14:00 7.7 03:20 2.6 0.0 0.0 10.2 38.7 12:10 W 9 10.7 18.7 14:40 6.0 02:50 4.8 0.0 3.8 3.5 20.4 10:20 W 10 9.6 16.1 11:30 4.1 05:30 5.9 0.0 7.8 2.8 38.7 14:00 W 11 11.9 18.7 12:10 7.2 00:10 3.6 0.0 13.0 6.5 34.7 08:40 SSW 12 14.5 16.7 17:40 12.0 10:00 1.0 0.0 13.9 10.5 36.6 11:10 SSW 13 12.8 19.8 13:50 6.2 03:10 2.7 0.0 0.0 5.1 26.5 15:40 WNW 14 16.5 22.1 14:40 13.5 02:50 0.0 1.0 0.0 7.7 20.4 11:50 SSE 15 15.5 23.3 13:30 9.9 05:40 0.0 0.0 0.0 6.4 30.6 17:20 WSW 16 12.9 18.4 13:20 8.5 01:20 2.6 0.0 0.0 8.3 34.7 18:30 WSW 17 12.7 14.7 13:00 9.8 00:10 2.8 0.0 8.9 9.6 38.7 13:40 S 18 12.9 16.3 17:20 10.9 05:10 2.6 0.0 5.2 12.6 38.7 17:40 W 19 14.7 21.0 16:40 11.6 03:10 0.8 0.0 0.0 6.8 20.4 10:20 WNW 20 15.1 18.8 13:00 13.5 06:30 0.4 0.0 2.4 6.5 22.4 16:00 S 21 15.8 21.6 13:30 12.8 01:50 0.0 0.3 0.0 10.5 38.7 16:50 SW 22 13.9 19.3 16:00 10.1 00:20 1.6 0.0 1.2 6.7 26.5 16:50 W 23 13.2 19.2 15:30 8.0 02:00 2.3 0.0 0.3 8.2 30.6 13:50 W 24 14.5 18.7 11:50 12.1 21:00 1.0 0.0 7.8 4.4 22.4 13:30 SW 25 15.1 19.3 09:50 13.6 05:10 0.4 0.0 0.0 0.7 16.3 22:30 S 26 20.3 26.3 15:30 13.6 05:10 0.0 4.8 0.0 4.3 26.5 14:50 SE 27 16.6 25.0 15:50 11.2 05:20 0.0 1.1 1.6 4.6 30.6 17:00 W 28 14.1 21.1 15:10 7.2 05:10 1.4 0.0 0.0 8.5 34.7 17:20 W 29 12.4 18.2 11:10 5.9 05:00 3.1 0.0 0.0 6.3 32.6 16:40 W 30 12.1 19.5 16:50 5.9 05:20 3.4 0.0 0.0 4.1 28.5 16:20 WNW ---------------------------------------------------------------------------------- 14.4 27.8 3 4.1 10 50.0 18.1 67.5 7.2 38.7 8 W Max >= 30.0: 0 Max <= 0.0: 0 Min <= 0.0: 0 Min <= -18.0: 0 Max Rain: 13.9 on day 12 Days of Rain: 13 (>= 0.2 mm) 11 (>= 1.0 mm) 0 (>= 25.0 mm) Heat Base: 15.5 Cool Base: 15.5 Method: Integration