NOAA-Style Climate Reports
Select a Year or Month report
2024: Jan Feb Mar Apr May Jun Jul Aug Sep Oct Nov Dec
2023: Jan Feb Mar Apr May Jun Jul Aug Sep Oct Nov Dec
2022: Jan Feb Mar Apr May Jun Jul Aug Sep Oct Nov Dec
2021: Jan Feb Mar Apr May Jun Jul Aug Sep Oct Nov Dec
2020: Jan Feb Mar Apr May Jun Jul Aug Sep Oct Nov Dec
2019: Jan Feb Mar Apr May Jun Jul Aug Sep Oct Nov Dec
2018: Jan Feb Mar Apr May Jun Jul Aug Sep Oct Nov Dec
2017: Jan Feb Mar Apr May Jun Jul Aug Sep Oct Nov Dec
2016: Jan Feb Mar Apr May Jun Jul Aug Sep Oct Nov Dec
2015: Jan Feb Mar Apr May Jun Jul Aug Sep Oct Nov Dec
2014: Jan Feb Mar Apr May Jun Jul Aug Sep Oct Nov Dec
2013: Jan Feb Mar Apr May Jun Jul Aug Sep Oct Nov Dec
2012: Jan Feb Mar Apr May Jun Jul Aug Sep Oct Nov Dec
2011: Jan Feb Mar Apr May Jun Jul Aug Sep Oct Nov Dec
2010: Jan Feb Mar Apr May Jun Jul Aug Sep Oct Nov Dec
2009: Jan Feb Mar Apr May Jun Jul Aug Sep Oct Nov Dec
2008: Jan Feb Mar Apr May Jun Jul Aug Sep Oct Nov Dec
2007: Jan Feb Mar Apr May Jun Jul Aug Sep Oct Nov Dec
2006: Jan Feb Mar Apr May Jun Jul Aug Sep Oct Nov Dec
2005: Jan Feb Mar Apr May Jun Jul Aug Sep Oct Nov Dec
2004: Jan Feb Mar Apr May Jun Jul Aug Sep Oct Nov Dec
2024: Jan Feb Mar Apr May Jun Jul Aug Sep Oct Nov Dec
2023: Jan Feb Mar Apr May Jun Jul Aug Sep Oct Nov Dec
2022: Jan Feb Mar Apr May Jun Jul Aug Sep Oct Nov Dec
2021: Jan Feb Mar Apr May Jun Jul Aug Sep Oct Nov Dec
2020: Jan Feb Mar Apr May Jun Jul Aug Sep Oct Nov Dec
2019: Jan Feb Mar Apr May Jun Jul Aug Sep Oct Nov Dec
2018: Jan Feb Mar Apr May Jun Jul Aug Sep Oct Nov Dec
2017: Jan Feb Mar Apr May Jun Jul Aug Sep Oct Nov Dec
2016: Jan Feb Mar Apr May Jun Jul Aug Sep Oct Nov Dec
2015: Jan Feb Mar Apr May Jun Jul Aug Sep Oct Nov Dec
2014: Jan Feb Mar Apr May Jun Jul Aug Sep Oct Nov Dec
2013: Jan Feb Mar Apr May Jun Jul Aug Sep Oct Nov Dec
2012: Jan Feb Mar Apr May Jun Jul Aug Sep Oct Nov Dec
2011: Jan Feb Mar Apr May Jun Jul Aug Sep Oct Nov Dec
2010: Jan Feb Mar Apr May Jun Jul Aug Sep Oct Nov Dec
2009: Jan Feb Mar Apr May Jun Jul Aug Sep Oct Nov Dec
2008: Jan Feb Mar Apr May Jun Jul Aug Sep Oct Nov Dec
2007: Jan Feb Mar Apr May Jun Jul Aug Sep Oct Nov Dec
2006: Jan Feb Mar Apr May Jun Jul Aug Sep Oct Nov Dec
2005: Jan Feb Mar Apr May Jun Jul Aug Sep Oct Nov Dec
2004: Jan Feb Mar Apr May Jun Jul Aug Sep Oct Nov Dec
Report for 2011 April
Monthly Climatological Summary for Apr 2011 Name: Willand City: Willand State: Devon, UK (9am GMT end of day) Elevation: 79 m Lat: N 50° 53' 03" Lon: W 003° 22' 25" Temperature (°C), Rain (mm), Wind Speed (km/h) Heat Cool Avg Mean Deg Deg Wind Dom Day Temp High Time Low Time Days Days Rain Speed High Time Dir ---------------------------------------------------------------------------------- 1 11.7 14.2 09:50 9.0 22:40 3.8 0.0 0.0 8.4 26.5 11:00 S 2 9.9 17.1 15:00 3.9 05:10 5.6 0.0 0.0 5.8 22.4 10:50 W 3 7.7 15.8 13:30 1.6 06:10 7.8 0.0 1.5 5.4 22.4 18:20 WSW 4 10.8 13.7 13:20 8.1 10:00 4.7 0.0 0.9 12.2 34.7 12:50 SW 5 11.8 14.8 15:30 8.0 05:50 3.7 0.0 0.0 6.5 22.4 12:20 SSW 6 11.2 19.5 16:20 3.7 05:10 4.3 0.0 0.0 4.4 22.4 13:10 SSE 7 14.0 23.8 15:30 5.6 06:50 1.5 0.0 0.0 3.9 20.4 17:50 NW 8 13.3 22.8 15:20 5.4 05:40 2.2 0.0 0.0 2.7 20.4 09:10 E 9 12.6 21.2 14:00 6.3 06:30 2.9 0.0 0.0 6.3 26.5 14:50 ESE 10 13.6 22.8 16:10 6.8 03:40 1.9 0.0 0.0 4.1 24.4 05:50 NW 11 9.2 16.3 14:50 3.4 04:00 6.3 0.0 0.0 11.2 42.8 16:00 WNW 12 8.0 15.3 14:00 2.5 00:40 7.5 0.0 0.0 5.9 32.6 14:40 WNW 13 9.0 11.8 09:50 7.7 20:20 6.5 0.0 2.1 6.5 24.4 11:30 SSE 14 10.6 15.9 14:40 7.4 22:00 4.9 0.0 0.0 3.2 20.4 15:10 SSE 15 10.9 16.1 12:10 8.0 06:20 4.6 0.0 0.0 2.3 10.2 10:50 SW 16 9.7 16.3 11:40 2.6 06:30 5.8 0.0 0.0 2.3 14.3 10:20 NNW 17 11.8 20.9 15:50 4.6 04:30 3.7 0.0 0.0 4.1 20.4 15:10 E 18 11.2 21.1 14:20 3.6 05:40 4.3 0.0 0.0 5.7 28.5 14:30 ESE 19 15.4 24.7 15:30 8.0 06:40 0.1 0.0 0.0 5.7 20.4 09:30 NNE 20 15.1 24.6 16:00 6.8 05:40 0.4 0.0 0.0 4.2 18.4 10:00 NE 21 15.9 26.7 15:00 8.2 05:40 0.0 0.4 0.0 4.2 30.6 17:30 ESE 22 14.6 24.6 14:30 7.3 04:50 0.9 0.0 0.0 2.9 18.4 14:50 SE 23 15.2 27.0 14:40 8.3 04:00 0.3 0.0 0.0 6.5 20.4 17:00 WNW 24 15.2 22.8 15:30 9.4 03:30 0.3 0.0 0.0 6.1 20.4 10:10 N 25 15.1 23.0 14:40 8.6 03:00 0.4 0.0 0.0 7.4 26.5 08:50 N 26 13.1 20.4 14:50 8.1 06:20 2.4 0.0 0.0 10.0 24.4 10:30 NNE 27 11.3 19.8 16:00 3.9 04:30 4.2 0.0 0.0 7.4 24.4 07:40 NNE 28 13.2 19.0 15:00 9.7 06:10 2.3 0.0 0.0 11.0 28.5 00:10 NNE 29 13.7 18.5 14:10 9.8 05:40 1.8 0.0 0.0 13.2 30.6 09:00 NNE 30 14.3 20.4 14:30 10.3 07:20 1.2 0.0 1.2 12.0 30.6 10:20 NE ---------------------------------------------------------------------------------- 12.3 27.0 23 1.6 3 96.3 0.4 5.7 6.4 42.8 11 N Max >= 30.0: 0 Max <= 0.0: 0 Min <= 0.0: 0 Min <= -18.0: 0 Max Rain: 2.1 on day 13 Days of Rain: 4 (>= 0.2 mm) 3 (>= 1.0 mm) 0 (>= 25.0 mm) Heat Base: 15.5 Cool Base: 15.5 Method: Integration