NOAA-Style Climate Reports
Select a Year or Month report
2024: Jan Feb Mar Apr May Jun Jul Aug Sep Oct Nov Dec
2023: Jan Feb Mar Apr May Jun Jul Aug Sep Oct Nov Dec
2022: Jan Feb Mar Apr May Jun Jul Aug Sep Oct Nov Dec
2021: Jan Feb Mar Apr May Jun Jul Aug Sep Oct Nov Dec
2020: Jan Feb Mar Apr May Jun Jul Aug Sep Oct Nov Dec
2019: Jan Feb Mar Apr May Jun Jul Aug Sep Oct Nov Dec
2018: Jan Feb Mar Apr May Jun Jul Aug Sep Oct Nov Dec
2017: Jan Feb Mar Apr May Jun Jul Aug Sep Oct Nov Dec
2016: Jan Feb Mar Apr May Jun Jul Aug Sep Oct Nov Dec
2015: Jan Feb Mar Apr May Jun Jul Aug Sep Oct Nov Dec
2014: Jan Feb Mar Apr May Jun Jul Aug Sep Oct Nov Dec
2013: Jan Feb Mar Apr May Jun Jul Aug Sep Oct Nov Dec
2012: Jan Feb Mar Apr May Jun Jul Aug Sep Oct Nov Dec
2011: Jan Feb Mar Apr May Jun Jul Aug Sep Oct Nov Dec
2010: Jan Feb Mar Apr May Jun Jul Aug Sep Oct Nov Dec
2009: Jan Feb Mar Apr May Jun Jul Aug Sep Oct Nov Dec
2008: Jan Feb Mar Apr May Jun Jul Aug Sep Oct Nov Dec
2007: Jan Feb Mar Apr May Jun Jul Aug Sep Oct Nov Dec
2006: Jan Feb Mar Apr May Jun Jul Aug Sep Oct Nov Dec
2005: Jan Feb Mar Apr May Jun Jul Aug Sep Oct Nov Dec
2004: Jan Feb Mar Apr May Jun Jul Aug Sep Oct Nov Dec
2024: Jan Feb Mar Apr May Jun Jul Aug Sep Oct Nov Dec
2023: Jan Feb Mar Apr May Jun Jul Aug Sep Oct Nov Dec
2022: Jan Feb Mar Apr May Jun Jul Aug Sep Oct Nov Dec
2021: Jan Feb Mar Apr May Jun Jul Aug Sep Oct Nov Dec
2020: Jan Feb Mar Apr May Jun Jul Aug Sep Oct Nov Dec
2019: Jan Feb Mar Apr May Jun Jul Aug Sep Oct Nov Dec
2018: Jan Feb Mar Apr May Jun Jul Aug Sep Oct Nov Dec
2017: Jan Feb Mar Apr May Jun Jul Aug Sep Oct Nov Dec
2016: Jan Feb Mar Apr May Jun Jul Aug Sep Oct Nov Dec
2015: Jan Feb Mar Apr May Jun Jul Aug Sep Oct Nov Dec
2014: Jan Feb Mar Apr May Jun Jul Aug Sep Oct Nov Dec
2013: Jan Feb Mar Apr May Jun Jul Aug Sep Oct Nov Dec
2012: Jan Feb Mar Apr May Jun Jul Aug Sep Oct Nov Dec
2011: Jan Feb Mar Apr May Jun Jul Aug Sep Oct Nov Dec
2010: Jan Feb Mar Apr May Jun Jul Aug Sep Oct Nov Dec
2009: Jan Feb Mar Apr May Jun Jul Aug Sep Oct Nov Dec
2008: Jan Feb Mar Apr May Jun Jul Aug Sep Oct Nov Dec
2007: Jan Feb Mar Apr May Jun Jul Aug Sep Oct Nov Dec
2006: Jan Feb Mar Apr May Jun Jul Aug Sep Oct Nov Dec
2005: Jan Feb Mar Apr May Jun Jul Aug Sep Oct Nov Dec
2004: Jan Feb Mar Apr May Jun Jul Aug Sep Oct Nov Dec
Report for 2011 March
Monthly Climatological Summary for Mar 2011 Name: Willand City: Willand State: Devon, UK (9am GMT end of day) Elevation: 79 m Lat: N 50° 53' 03" Lon: W 003° 22' 25" Temperature (°C), Rain (mm), Wind Speed (km/h) Heat Cool Avg Mean Deg Deg Wind Dom Day Temp High Time Low Time Days Days Rain Speed High Time Dir ---------------------------------------------------------------------------------- 1 4.1 5.9 12:20 2.5 05:00 11.4 0.0 0.0 10.9 26.5 07:50 NNE 2 3.1 7.7 14:00 -0.9 07:00 12.4 0.0 0.0 12.0 34.7 23:30 NNE 3 2.0 6.1 12:30 -0.9 04:40 13.5 0.0 0.0 12.2 28.5 15:30 NNE 4 1.9 8.7 14:00 -3.0 04:10 13.6 0.0 0.0 4.7 26.5 09:20 NNE 5 3.1 6.7 13:20 -0.1 21:30 12.4 0.0 0.0 6.9 28.5 11:10 NE 6 3.2 8.9 13:50 -1.4 01:20 12.3 0.0 0.0 6.5 18.4 10:40 NE 7 3.0 10.7 13:40 -2.3 02:30 12.5 0.0 0.0 4.0 18.4 09:30 NE 8 6.5 12.0 14:00 1.8 23:30 9.0 0.0 0.0 7.5 24.4 03:00 W 9 8.4 10.8 12:00 5.4 21:40 7.1 0.0 0.0 14.2 40.7 07:20 W 10 8.3 12.6 12:40 2.9 05:20 7.2 0.0 0.0 12.9 42.8 10:00 W 11 8.9 12.2 13:40 6.7 04:20 6.6 0.0 0.0 5.5 22.4 15:30 SSW 12 8.7 13.2 13:20 4.9 07:50 6.8 0.0 2.7 6.3 22.4 09:50 S 13 3.4 11.9 13:50 -2.4 05:30 12.1 0.0 0.0 4.7 22.4 12:20 NW 14 8.6 13.2 13:20 2.7 09:00 6.9 0.0 0.0 6.6 22.4 14:40 ENE 15 11.7 17.6 14:00 8.5 05:00 3.8 0.0 0.0 10.1 24.4 08:40 NNE 16 9.4 13.6 13:30 4.8 06:50 6.1 0.0 0.0 9.0 22.4 09:10 NNW 17 9.4 14.1 13:50 5.8 07:10 6.1 0.0 3.0 7.6 22.4 13:20 NW 18 2.6 7.4 15:50 -2.4 06:40 12.9 0.0 4.2 4.7 22.4 10:50 NNE 19 6.7 13.8 13:50 3.2 20:40 8.8 0.0 0.0 2.8 16.3 14:30 S 20 9.2 17.2 13:50 5.2 04:40 6.3 0.0 0.0 3.6 18.4 14:40 S 21 8.3 16.4 13:50 2.5 03:10 7.2 0.0 0.0 3.2 16.3 13:20 SSE 22 8.8 15.2 14:00 3.4 05:40 6.7 0.0 0.0 5.7 18.4 11:40 NNE 23 9.1 19.1 13:20 1.6 04:40 6.4 0.0 0.0 4.8 18.4 13:20 E 24 9.9 19.0 14:00 3.0 06:00 5.6 0.0 0.0 4.8 20.4 11:40 ENE 25 11.2 20.5 13:40 4.1 04:30 4.3 0.0 0.0 1.8 12.2 13:30 S 26 10.9 18.2 12:20 6.4 04:50 4.6 0.0 0.0 3.4 14.3 08:20 NE 27 9.4 15.1 15:00 4.1 07:30 6.1 0.0 0.0 5.1 22.4 12:30 NNE 28 9.7 17.5 14:30 4.2 00:20 5.8 0.0 3.9 3.9 20.4 16:40 SE 29 9.8 13.6 14:40 6.7 02:20 5.7 0.0 1.2 2.7 14.3 12:50 SSE 30 11.6 15.6 15:10 8.5 11:00 3.9 0.0 4.5 9.8 30.6 05:50 SW 31 13.2 16.0 15:50 11.6 06:00 2.3 0.0 0.3 12.8 36.6 10:30 WSW ---------------------------------------------------------------------------------- 7.6 20.5 25 -3.0 4 246.4 0.0 19.8 6.8 42.8 10 NNW Max >= 30.0: 0 Max <= 0.0: 0 Min <= 0.0: 8 Min <= -18.0: 0 Max Rain: 4.5 on day 30 Days of Rain: 7 (>= 0.2 mm) 6 (>= 1.0 mm) 0 (>= 25.0 mm) Heat Base: 15.5 Cool Base: 15.5 Method: Integration