NOAA-Style Climate Reports
Select a Year or Month report
2024: Jan Feb Mar Apr May Jun Jul Aug Sep Oct Nov Dec
2023: Jan Feb Mar Apr May Jun Jul Aug Sep Oct Nov Dec
2022: Jan Feb Mar Apr May Jun Jul Aug Sep Oct Nov Dec
2021: Jan Feb Mar Apr May Jun Jul Aug Sep Oct Nov Dec
2020: Jan Feb Mar Apr May Jun Jul Aug Sep Oct Nov Dec
2019: Jan Feb Mar Apr May Jun Jul Aug Sep Oct Nov Dec
2018: Jan Feb Mar Apr May Jun Jul Aug Sep Oct Nov Dec
2017: Jan Feb Mar Apr May Jun Jul Aug Sep Oct Nov Dec
2016: Jan Feb Mar Apr May Jun Jul Aug Sep Oct Nov Dec
2015: Jan Feb Mar Apr May Jun Jul Aug Sep Oct Nov Dec
2014: Jan Feb Mar Apr May Jun Jul Aug Sep Oct Nov Dec
2013: Jan Feb Mar Apr May Jun Jul Aug Sep Oct Nov Dec
2012: Jan Feb Mar Apr May Jun Jul Aug Sep Oct Nov Dec
2011: Jan Feb Mar Apr May Jun Jul Aug Sep Oct Nov Dec
2010: Jan Feb Mar Apr May Jun Jul Aug Sep Oct Nov Dec
2009: Jan Feb Mar Apr May Jun Jul Aug Sep Oct Nov Dec
2008: Jan Feb Mar Apr May Jun Jul Aug Sep Oct Nov Dec
2007: Jan Feb Mar Apr May Jun Jul Aug Sep Oct Nov Dec
2006: Jan Feb Mar Apr May Jun Jul Aug Sep Oct Nov Dec
2005: Jan Feb Mar Apr May Jun Jul Aug Sep Oct Nov Dec
2004: Jan Feb Mar Apr May Jun Jul Aug Sep Oct Nov Dec
2024: Jan Feb Mar Apr May Jun Jul Aug Sep Oct Nov Dec
2023: Jan Feb Mar Apr May Jun Jul Aug Sep Oct Nov Dec
2022: Jan Feb Mar Apr May Jun Jul Aug Sep Oct Nov Dec
2021: Jan Feb Mar Apr May Jun Jul Aug Sep Oct Nov Dec
2020: Jan Feb Mar Apr May Jun Jul Aug Sep Oct Nov Dec
2019: Jan Feb Mar Apr May Jun Jul Aug Sep Oct Nov Dec
2018: Jan Feb Mar Apr May Jun Jul Aug Sep Oct Nov Dec
2017: Jan Feb Mar Apr May Jun Jul Aug Sep Oct Nov Dec
2016: Jan Feb Mar Apr May Jun Jul Aug Sep Oct Nov Dec
2015: Jan Feb Mar Apr May Jun Jul Aug Sep Oct Nov Dec
2014: Jan Feb Mar Apr May Jun Jul Aug Sep Oct Nov Dec
2013: Jan Feb Mar Apr May Jun Jul Aug Sep Oct Nov Dec
2012: Jan Feb Mar Apr May Jun Jul Aug Sep Oct Nov Dec
2011: Jan Feb Mar Apr May Jun Jul Aug Sep Oct Nov Dec
2010: Jan Feb Mar Apr May Jun Jul Aug Sep Oct Nov Dec
2009: Jan Feb Mar Apr May Jun Jul Aug Sep Oct Nov Dec
2008: Jan Feb Mar Apr May Jun Jul Aug Sep Oct Nov Dec
2007: Jan Feb Mar Apr May Jun Jul Aug Sep Oct Nov Dec
2006: Jan Feb Mar Apr May Jun Jul Aug Sep Oct Nov Dec
2005: Jan Feb Mar Apr May Jun Jul Aug Sep Oct Nov Dec
2004: Jan Feb Mar Apr May Jun Jul Aug Sep Oct Nov Dec
Report for 2010 July
Monthly Climatological Summary for Jul 2010 Name: Willand City: Willand State: Devon, UK (9am GMT end of day) Elevation: 79 m Lat: N 50° 53' 03" Lon: W 003° 22' 25" Temperature (°C), Rain (mm), Wind Speed (km/h) Heat Cool Avg Mean Deg Deg Wind Dom Day Temp High Time Low Time Days Days Rain Speed High Time Dir ---------------------------------------------------------------------------------- 1 17.7 24.6 13:50 13.7 04:30 0.0 2.2 6.3 8.0 26.5 16:40 SSE 2 17.1 23.6 15:30 9.5 05:20 0.0 1.6 0.0 4.7 22.4 18:00 SW 3 16.5 24.0 14:40 8.9 04:30 0.0 1.0 0.0 6.0 24.4 08:50 WSW 4 17.1 23.2 11:40 11.7 05:00 0.0 1.6 0.0 9.1 32.6 11:50 WSW 5 15.6 22.0 15:10 8.4 05:50 0.0 0.1 0.0 7.6 30.6 13:10 W 6 19.6 26.2 16:00 15.9 00:00 0.0 4.1 0.0 7.9 22.4 14:20 SSW 7 19.1 23.3 14:20 14.5 05:50 0.0 3.6 0.0 6.8 22.4 15:50 SW 8 18.1 27.2 14:50 10.8 04:50 0.0 2.6 0.0 4.5 20.4 15:20 SSE 9 21.4 29.0 14:10 15.6 02:30 0.0 5.9 0.0 7.0 22.4 12:40 SW 10 19.7 25.9 13:10 14.8 06:10 0.0 4.2 3.6 8.5 22.4 10:40 S 11 17.6 24.0 13:10 12.4 06:00 0.0 2.1 0.3 3.8 22.4 11:30 WNW 12 18.0 24.7 16:20 15.1 23:40 0.0 2.5 0.3 5.6 18.4 18:30 ESE 13 17.1 20.4 17:30 15.2 00:00 0.0 1.6 1.5 10.0 26.5 03:30 SE 14 16.4 20.5 14:30 13.7 02:40 0.0 0.9 7.2 11.5 34.7 11:50 S 15 15.7 22.3 14:00 10.9 03:30 0.0 0.2 10.5 14.2 42.8 21:20 SSW 16 15.7 21.5 16:20 10.2 03:50 0.0 0.2 5.2 8.9 30.6 16:30 WSW 17 16.4 21.8 16:00 11.9 23:10 0.0 0.9 0.0 7.7 30.6 13:50 WSW 18 18.3 25.6 14:20 13.6 01:30 0.0 2.8 0.0 7.4 22.4 12:20 SSW 19 18.5 26.5 14:40 14.6 00:10 0.0 3.0 2.4 6.8 20.4 11:50 SSE 20 15.5 19.9 12:40 10.3 05:10 0.0 0.0 10.5 6.1 22.4 15:10 SSE 21 16.1 23.2 15:40 9.8 05:40 0.0 0.6 0.0 5.0 30.6 14:30 SSW 22 15.3 21.9 16:10 11.1 03:50 0.2 0.0 3.3 2.8 14.3 15:20 NE 23 16.9 22.4 15:40 13.2 23:20 0.0 1.4 0.3 4.0 18.4 20:10 NW 24 17.2 21.0 13:20 15.0 06:00 0.0 1.7 0.0 4.5 20.4 07:10 SW 25 19.5 25.1 15:40 16.0 23:50 0.0 4.0 0.0 8.3 26.5 18:00 W 26 19.9 24.6 17:10 17.0 04:00 0.0 4.4 0.0 8.4 26.5 14:20 W 27 17.9 22.5 12:40 12.7 05:20 0.0 2.4 0.0 7.1 24.4 09:20 W 28 16.5 22.9 13:50 9.7 05:40 0.0 1.0 0.0 7.5 32.6 15:30 W 29 17.4 23.4 15:40 13.7 02:10 0.0 1.9 0.0 7.0 22.4 12:30 WNW 30 18.7 22.7 13:00 16.0 07:30 0.0 3.2 0.0 7.8 22.4 08:50 SW 31 17.2 21.9 14:10 14.5 02:00 0.0 1.7 0.0 7.6 22.4 14:00 W ---------------------------------------------------------------------------------- 17.5 29.0 9 8.4 5 0.2 63.4 51.4 7.2 42.8 15 SW Max >= 30.0: 0 Max <= 0.0: 0 Min <= 0.0: 0 Min <= -18.0: 0 Max Rain: 10.5 on day 15 Days of Rain: 12 (>= 0.2 mm) 9 (>= 1.0 mm) 0 (>= 25.0 mm) Heat Base: 15.5 Cool Base: 15.5 Method: Integration