NOAA-Style Climate Reports
Select a Year or Month report
2024: Jan Feb Mar Apr May Jun Jul Aug Sep Oct Nov Dec
2023: Jan Feb Mar Apr May Jun Jul Aug Sep Oct Nov Dec
2022: Jan Feb Mar Apr May Jun Jul Aug Sep Oct Nov Dec
2021: Jan Feb Mar Apr May Jun Jul Aug Sep Oct Nov Dec
2020: Jan Feb Mar Apr May Jun Jul Aug Sep Oct Nov Dec
2019: Jan Feb Mar Apr May Jun Jul Aug Sep Oct Nov Dec
2018: Jan Feb Mar Apr May Jun Jul Aug Sep Oct Nov Dec
2017: Jan Feb Mar Apr May Jun Jul Aug Sep Oct Nov Dec
2016: Jan Feb Mar Apr May Jun Jul Aug Sep Oct Nov Dec
2015: Jan Feb Mar Apr May Jun Jul Aug Sep Oct Nov Dec
2014: Jan Feb Mar Apr May Jun Jul Aug Sep Oct Nov Dec
2013: Jan Feb Mar Apr May Jun Jul Aug Sep Oct Nov Dec
2012: Jan Feb Mar Apr May Jun Jul Aug Sep Oct Nov Dec
2011: Jan Feb Mar Apr May Jun Jul Aug Sep Oct Nov Dec
2010: Jan Feb Mar Apr May Jun Jul Aug Sep Oct Nov Dec
2009: Jan Feb Mar Apr May Jun Jul Aug Sep Oct Nov Dec
2008: Jan Feb Mar Apr May Jun Jul Aug Sep Oct Nov Dec
2007: Jan Feb Mar Apr May Jun Jul Aug Sep Oct Nov Dec
2006: Jan Feb Mar Apr May Jun Jul Aug Sep Oct Nov Dec
2005: Jan Feb Mar Apr May Jun Jul Aug Sep Oct Nov Dec
2004: Jan Feb Mar Apr May Jun Jul Aug Sep Oct Nov Dec
2024: Jan Feb Mar Apr May Jun Jul Aug Sep Oct Nov Dec
2023: Jan Feb Mar Apr May Jun Jul Aug Sep Oct Nov Dec
2022: Jan Feb Mar Apr May Jun Jul Aug Sep Oct Nov Dec
2021: Jan Feb Mar Apr May Jun Jul Aug Sep Oct Nov Dec
2020: Jan Feb Mar Apr May Jun Jul Aug Sep Oct Nov Dec
2019: Jan Feb Mar Apr May Jun Jul Aug Sep Oct Nov Dec
2018: Jan Feb Mar Apr May Jun Jul Aug Sep Oct Nov Dec
2017: Jan Feb Mar Apr May Jun Jul Aug Sep Oct Nov Dec
2016: Jan Feb Mar Apr May Jun Jul Aug Sep Oct Nov Dec
2015: Jan Feb Mar Apr May Jun Jul Aug Sep Oct Nov Dec
2014: Jan Feb Mar Apr May Jun Jul Aug Sep Oct Nov Dec
2013: Jan Feb Mar Apr May Jun Jul Aug Sep Oct Nov Dec
2012: Jan Feb Mar Apr May Jun Jul Aug Sep Oct Nov Dec
2011: Jan Feb Mar Apr May Jun Jul Aug Sep Oct Nov Dec
2010: Jan Feb Mar Apr May Jun Jul Aug Sep Oct Nov Dec
2009: Jan Feb Mar Apr May Jun Jul Aug Sep Oct Nov Dec
2008: Jan Feb Mar Apr May Jun Jul Aug Sep Oct Nov Dec
2007: Jan Feb Mar Apr May Jun Jul Aug Sep Oct Nov Dec
2006: Jan Feb Mar Apr May Jun Jul Aug Sep Oct Nov Dec
2005: Jan Feb Mar Apr May Jun Jul Aug Sep Oct Nov Dec
2004: Jan Feb Mar Apr May Jun Jul Aug Sep Oct Nov Dec
Report for 2009 November
Monthly Climatological Summary for Nov 2009 Name: Willand City: Willand State: Devon, UK (9am GMT end of day) Elevation: 79 m Lat: N 50° 53' 03" Lon: W 003° 22' 25" Temperature (°C), Rain (mm), Wind Speed (km/h) Heat Cool Avg Mean Deg Deg Wind Dom Day Temp High Time Low Time Days Days Rain Speed High Time Dir ---------------------------------------------------------------------------------- 1 9.5 16.3 09:00 4.0 06:40 6.0 0.0 2.1 11.0 46.9 09:40 WSW 2 10.2 12.8 08:50 7.6 09:00 5.3 0.0 6.9 8.6 26.5 07:50 SW 3 9.1 14.5 12:50 6.3 22:20 6.4 0.0 9.0 10.8 34.7 13:40 WSW 4 9.6 11.6 11:10 7.6 21:50 5.9 0.0 2.4 13.9 36.6 11:40 W 5 8.9 12.7 12:20 6.5 06:20 6.6 0.0 2.7 8.5 36.6 11:40 W 6 7.7 11.7 15:20 2.9 06:10 7.8 0.0 4.5 6.4 32.6 16:10 SW 7 8.2 12.2 14:00 5.3 09:10 7.3 0.0 6.6 9.3 26.5 12:10 W 8 7.9 12.4 13:10 5.0 04:20 7.6 0.0 0.0 6.7 32.6 11:50 NNW 9 6.3 8.8 14:20 4.6 19:00 9.2 0.0 3.6 2.4 10.2 09:00 N 10 8.5 11.1 14:00 6.9 02:40 7.0 0.0 1.5 3.6 16.3 07:30 NNE 11 9.4 12.1 12:40 5.6 06:20 6.1 0.0 2.1 8.2 26.5 18:00 SSE 12 10.4 14.0 12:10 6.7 00:30 5.1 0.0 6.3 6.2 32.6 11:00 S 13 11.7 14.1 19:20 8.9 06:40 3.8 0.0 18.6 14.0 46.9 16:30 S 14 8.3 12.4 09:10 5.2 19:50 7.2 0.0 4.9 11.3 53.0 12:00 SW 15 11.0 14.4 13:30 7.6 09:00 4.5 0.0 6.9 10.5 53.0 08:30 S 16 9.4 13.1 11:10 5.3 07:20 6.1 0.0 0.0 11.0 48.8 16:40 SW 17 11.7 13.8 12:40 6.6 09:00 3.8 0.0 0.0 15.8 46.9 04:30 SW 18 13.6 14.0 11:10 13.1 09:10 1.9 0.0 0.0 16.7 38.7 09:40 SSW 19 13.4 14.1 12:00 11.8 08:30 2.1 0.0 4.2 16.7 46.9 23:40 SSW 20 11.3 15.4 13:20 7.0 21:30 4.2 0.0 1.5 7.9 34.7 11:30 S 21 11.0 14.0 10:20 7.1 04:20 4.5 0.0 9.9 13.2 42.8 10:00 S 22 9.4 12.5 08:50 7.7 16:50 6.1 0.0 10.2 20.4 48.8 12:40 WSW 23 11.5 13.3 08:00 9.5 01:20 4.0 0.0 6.0 17.5 50.9 11:10 WSW 24 11.4 14.0 10:00 7.1 06:20 4.1 0.0 7.8 19.4 50.9 12:50 SW 25 8.5 12.1 12:50 6.6 05:10 7.0 0.0 0.0 13.9 42.8 11:50 SW 26 6.5 9.8 10:40 4.2 18:50 9.0 0.0 3.3 11.3 34.7 12:00 SW 27 5.7 8.4 12:50 3.0 22:10 9.8 0.0 6.9 11.6 34.7 06:30 SW 28 6.5 8.3 12:00 4.6 18:20 9.0 0.0 13.5 12.6 46.9 05:10 SSE 29 6.3 7.6 14:20 4.8 06:00 9.2 0.0 9.3 16.0 34.7 13:30 WNW 30 1.7 7.0 12:50 -2.5 07:00 13.8 0.0 0.0 6.5 30.6 09:30 NW ---------------------------------------------------------------------------------- 9.2 16.3 1 -2.5 30 190.4 0.0 150.7 11.4 53.0 14 SW Max >= 30.0: 0 Max <= 0.0: 0 Min <= 0.0: 1 Min <= -18.0: 0 Max Rain: 18.6 on day 13 Days of Rain: 24 (>= 0.2 mm) 24 (>= 1.0 mm) 0 (>= 25.0 mm) Heat Base: 15.5 Cool Base: 15.5 Method: Integration