NOAA-Style Climate Reports
Select a Year or Month report
2024: Jan Feb Mar Apr May Jun Jul Aug Sep Oct Nov Dec
2023: Jan Feb Mar Apr May Jun Jul Aug Sep Oct Nov Dec
2022: Jan Feb Mar Apr May Jun Jul Aug Sep Oct Nov Dec
2021: Jan Feb Mar Apr May Jun Jul Aug Sep Oct Nov Dec
2020: Jan Feb Mar Apr May Jun Jul Aug Sep Oct Nov Dec
2019: Jan Feb Mar Apr May Jun Jul Aug Sep Oct Nov Dec
2018: Jan Feb Mar Apr May Jun Jul Aug Sep Oct Nov Dec
2017: Jan Feb Mar Apr May Jun Jul Aug Sep Oct Nov Dec
2016: Jan Feb Mar Apr May Jun Jul Aug Sep Oct Nov Dec
2015: Jan Feb Mar Apr May Jun Jul Aug Sep Oct Nov Dec
2014: Jan Feb Mar Apr May Jun Jul Aug Sep Oct Nov Dec
2013: Jan Feb Mar Apr May Jun Jul Aug Sep Oct Nov Dec
2012: Jan Feb Mar Apr May Jun Jul Aug Sep Oct Nov Dec
2011: Jan Feb Mar Apr May Jun Jul Aug Sep Oct Nov Dec
2010: Jan Feb Mar Apr May Jun Jul Aug Sep Oct Nov Dec
2009: Jan Feb Mar Apr May Jun Jul Aug Sep Oct Nov Dec
2008: Jan Feb Mar Apr May Jun Jul Aug Sep Oct Nov Dec
2007: Jan Feb Mar Apr May Jun Jul Aug Sep Oct Nov Dec
2006: Jan Feb Mar Apr May Jun Jul Aug Sep Oct Nov Dec
2005: Jan Feb Mar Apr May Jun Jul Aug Sep Oct Nov Dec
2004: Jan Feb Mar Apr May Jun Jul Aug Sep Oct Nov Dec
2024: Jan Feb Mar Apr May Jun Jul Aug Sep Oct Nov Dec
2023: Jan Feb Mar Apr May Jun Jul Aug Sep Oct Nov Dec
2022: Jan Feb Mar Apr May Jun Jul Aug Sep Oct Nov Dec
2021: Jan Feb Mar Apr May Jun Jul Aug Sep Oct Nov Dec
2020: Jan Feb Mar Apr May Jun Jul Aug Sep Oct Nov Dec
2019: Jan Feb Mar Apr May Jun Jul Aug Sep Oct Nov Dec
2018: Jan Feb Mar Apr May Jun Jul Aug Sep Oct Nov Dec
2017: Jan Feb Mar Apr May Jun Jul Aug Sep Oct Nov Dec
2016: Jan Feb Mar Apr May Jun Jul Aug Sep Oct Nov Dec
2015: Jan Feb Mar Apr May Jun Jul Aug Sep Oct Nov Dec
2014: Jan Feb Mar Apr May Jun Jul Aug Sep Oct Nov Dec
2013: Jan Feb Mar Apr May Jun Jul Aug Sep Oct Nov Dec
2012: Jan Feb Mar Apr May Jun Jul Aug Sep Oct Nov Dec
2011: Jan Feb Mar Apr May Jun Jul Aug Sep Oct Nov Dec
2010: Jan Feb Mar Apr May Jun Jul Aug Sep Oct Nov Dec
2009: Jan Feb Mar Apr May Jun Jul Aug Sep Oct Nov Dec
2008: Jan Feb Mar Apr May Jun Jul Aug Sep Oct Nov Dec
2007: Jan Feb Mar Apr May Jun Jul Aug Sep Oct Nov Dec
2006: Jan Feb Mar Apr May Jun Jul Aug Sep Oct Nov Dec
2005: Jan Feb Mar Apr May Jun Jul Aug Sep Oct Nov Dec
2004: Jan Feb Mar Apr May Jun Jul Aug Sep Oct Nov Dec
Report for 2008 January
Monthly Climatological Summary for Jan 2008 Name: Willand City: Willand State: Devon, UK (9am GMT end of day) Elevation: 79 m Lat: N 50° 53' 03" Lon: W 003° 22' 25" Temperature (°C), Rain (mm), Wind Speed (km/h) Heat Cool Avg Mean Deg Deg Wind Dom Day Temp High Time Low Time Days Days Rain Speed High Time Dir ---------------------------------------------------------------------------------- 1 4.9 9.2 12:40 2.8 20:50 10.6 0.0 0.0 6.3 20.4 13:10 E 2 2.7 5.8 09:40 0.1 08:10 12.8 0.0 0.0 16.7 44.8 07:20 ENE 3 2.1 3.3 08:30 0.1 09:00 13.4 0.0 0.0 11.2 34.7 13:40 NNE 4 6.0 8.7 16:30 3.4 09:00 9.5 0.0 12.6 10.3 42.8 02:30 SW 5 3.4 7.6 13:00 -0.7 08:10 12.1 0.0 2.1 2.7 28.5 15:10 WSW 6 6.7 9.9 20:10 -0.2 09:00 8.8 0.0 1.2 14.5 79.4 06:00 WSW 7 6.2 9.7 10:40 2.5 21:10 9.3 0.0 1.2 8.6 46.9 11:00 WSW 8 7.1 11.3 12:40 2.3 08:20 8.4 0.0 5.1 14.7 42.8 11:50 SW 9 8.4 10.9 08:50 2.6 09:00 7.1 0.0 1.5 12.9 44.8 08:40 SW 10 7.6 11.4 12:40 4.3 02:10 7.9 0.0 10.2 10.9 42.8 09:10 WSW 11 3.8 5.7 09:00 1.1 03:30 11.7 0.0 5.7 11.4 40.7 15:10 NW 12 8.9 10.7 02:20 2.5 09:00 6.6 0.0 3.6 11.1 34.7 04:10 SSW 13 8.4 10.8 11:50 4.7 01:30 7.1 0.0 5.1 14.3 57.1 09:50 S 14 9.3 11.2 08:30 7.9 17:00 6.2 0.0 12.0 15.8 46.9 11:40 SW 15 6.3 11.5 09:40 2.3 04:30 9.2 0.0 6.9 8.9 32.6 17:20 WSW 16 5.2 9.0 08:50 2.7 23:30 10.3 0.0 0.9 2.4 28.5 07:30 SSW 17 9.5 12.7 12:30 7.1 02:40 6.0 0.0 4.8 15.4 44.8 13:10 WSW 18 13.2 14.1 15:00 11.7 09:00 2.3 0.0 2.7 24.2 57.1 17:20 WSW 19 13.0 13.7 15:10 12.3 00:20 2.5 0.0 5.4 16.5 34.7 09:40 WSW 20 11.9 13.9 12:50 10.5 05:10 3.6 0.0 0.3 16.0 36.6 11:50 WSW 21 8.4 12.2 13:30 2.6 07:50 7.1 0.0 3.6 15.2 46.9 14:20 W 22 9.4 10.8 05:10 4.1 09:00 6.1 0.0 0.0 4.9 16.3 04:10 S 23 11.1 12.9 12:20 8.2 08:40 4.4 0.0 0.0 11.8 28.5 01:30 WSW 24 4.7 9.5 13:40 1.4 21:40 10.8 0.0 0.0 7.4 30.6 13:00 W 25 8.0 11.2 13:00 3.5 07:20 7.5 0.0 0.0 10.8 32.6 13:10 WSW 26 5.6 11.6 13:40 0.7 05:20 9.9 0.0 0.0 5.9 24.4 12:40 WSW 27 4.2 11.1 14:50 0.4 02:10 11.3 0.0 0.0 2.2 16.3 11:50 NW 28 6.9 8.4 13:30 3.9 09:00 8.6 0.0 0.0 2.1 14.3 14:50 SW 29 7.7 11.8 12:00 1.9 08:40 7.8 0.0 0.3 8.0 24.4 20:40 WNW 30 6.4 8.8 07:20 2.3 09:00 9.1 0.0 0.0 14.9 48.8 05:50 WSW 31 6.0 9.9 10:30 3.0 07:40 9.5 0.0 3.6 15.9 50.9 14:20 W ---------------------------------------------------------------------------------- 7.2 14.1 18 -0.7 5 257.5 0.0 88.8 11.1 79.4 6 WSW Max >= 30.0: 0 Max <= 0.0: 0 Min <= 0.0: 2 Min <= -18.0: 0 Max Rain: 12.6 on day 4 Days of Rain: 20 (>= 0.2 mm) 17 (>= 1.0 mm) 0 (>= 25.0 mm) Heat Base: 15.5 Cool Base: 15.5 Method: Integration