NOAA-Style Climate Reports
Select a Year or Month report
2024: Jan Feb Mar Apr May Jun Jul Aug Sep Oct Nov Dec
2023: Jan Feb Mar Apr May Jun Jul Aug Sep Oct Nov Dec
2022: Jan Feb Mar Apr May Jun Jul Aug Sep Oct Nov Dec
2021: Jan Feb Mar Apr May Jun Jul Aug Sep Oct Nov Dec
2020: Jan Feb Mar Apr May Jun Jul Aug Sep Oct Nov Dec
2019: Jan Feb Mar Apr May Jun Jul Aug Sep Oct Nov Dec
2018: Jan Feb Mar Apr May Jun Jul Aug Sep Oct Nov Dec
2017: Jan Feb Mar Apr May Jun Jul Aug Sep Oct Nov Dec
2016: Jan Feb Mar Apr May Jun Jul Aug Sep Oct Nov Dec
2015: Jan Feb Mar Apr May Jun Jul Aug Sep Oct Nov Dec
2014: Jan Feb Mar Apr May Jun Jul Aug Sep Oct Nov Dec
2013: Jan Feb Mar Apr May Jun Jul Aug Sep Oct Nov Dec
2012: Jan Feb Mar Apr May Jun Jul Aug Sep Oct Nov Dec
2011: Jan Feb Mar Apr May Jun Jul Aug Sep Oct Nov Dec
2010: Jan Feb Mar Apr May Jun Jul Aug Sep Oct Nov Dec
2009: Jan Feb Mar Apr May Jun Jul Aug Sep Oct Nov Dec
2008: Jan Feb Mar Apr May Jun Jul Aug Sep Oct Nov Dec
2007: Jan Feb Mar Apr May Jun Jul Aug Sep Oct Nov Dec
2006: Jan Feb Mar Apr May Jun Jul Aug Sep Oct Nov Dec
2005: Jan Feb Mar Apr May Jun Jul Aug Sep Oct Nov Dec
2004: Jan Feb Mar Apr May Jun Jul Aug Sep Oct Nov Dec
2024: Jan Feb Mar Apr May Jun Jul Aug Sep Oct Nov Dec
2023: Jan Feb Mar Apr May Jun Jul Aug Sep Oct Nov Dec
2022: Jan Feb Mar Apr May Jun Jul Aug Sep Oct Nov Dec
2021: Jan Feb Mar Apr May Jun Jul Aug Sep Oct Nov Dec
2020: Jan Feb Mar Apr May Jun Jul Aug Sep Oct Nov Dec
2019: Jan Feb Mar Apr May Jun Jul Aug Sep Oct Nov Dec
2018: Jan Feb Mar Apr May Jun Jul Aug Sep Oct Nov Dec
2017: Jan Feb Mar Apr May Jun Jul Aug Sep Oct Nov Dec
2016: Jan Feb Mar Apr May Jun Jul Aug Sep Oct Nov Dec
2015: Jan Feb Mar Apr May Jun Jul Aug Sep Oct Nov Dec
2014: Jan Feb Mar Apr May Jun Jul Aug Sep Oct Nov Dec
2013: Jan Feb Mar Apr May Jun Jul Aug Sep Oct Nov Dec
2012: Jan Feb Mar Apr May Jun Jul Aug Sep Oct Nov Dec
2011: Jan Feb Mar Apr May Jun Jul Aug Sep Oct Nov Dec
2010: Jan Feb Mar Apr May Jun Jul Aug Sep Oct Nov Dec
2009: Jan Feb Mar Apr May Jun Jul Aug Sep Oct Nov Dec
2008: Jan Feb Mar Apr May Jun Jul Aug Sep Oct Nov Dec
2007: Jan Feb Mar Apr May Jun Jul Aug Sep Oct Nov Dec
2006: Jan Feb Mar Apr May Jun Jul Aug Sep Oct Nov Dec
2005: Jan Feb Mar Apr May Jun Jul Aug Sep Oct Nov Dec
2004: Jan Feb Mar Apr May Jun Jul Aug Sep Oct Nov Dec
Report for 2007 March
Monthly Climatological Summary for Mar 2007 Name: Willand City: Willand State: Devon, UK (9am GMT end of day) Elevation: 79 m Lat: N 50° 53' 03" Lon: W 003° 22' 25" Temperature (°C), Rain (mm), Wind Speed (km/h) Heat Cool Avg Mean Deg Deg Wind Dom Day Temp High Time Low Time Days Days Rain Speed High Time Dir ---------------------------------------------------------------------------------- 1 4.4 10.3 12:40 -0.3 05:50 11.1 0.0 0.3 7.8 38.7 11:30 WNW 2 8.3 11.1 12:40 2.0 09:00 7.2 0.0 5.1 14.2 46.9 21:40 WSW 3 7.9 12.6 14:40 2.7 01:00 7.6 0.0 6.6 10.5 44.8 07:40 SW 4 8.1 11.9 13:10 3.8 07:00 7.4 0.0 20.1 14.2 50.9 11:00 SSW 5 10.0 11.8 12:50 6.5 09:00 5.5 0.0 17.1 20.7 50.9 19:30 SW 6 7.6 14.6 14:20 1.4 07:00 7.9 0.0 3.9 5.5 24.4 14:20 WSW 7 8.1 13.6 13:00 4.5 09:00 7.4 0.0 0.3 6.6 26.5 00:20 WNW 8 9.6 13.5 14:00 5.5 06:40 5.9 0.0 3.3 6.7 20.4 09:00 WSW 9 7.7 12.4 12:40 4.1 05:40 7.8 0.0 0.0 10.1 44.8 14:50 W 10 8.8 15.2 13:40 3.8 01:00 6.7 0.0 0.0 7.2 26.5 12:00 SW 11 11.0 15.8 13:30 7.8 04:30 4.5 0.0 0.0 9.7 32.6 13:50 SSW 12 8.6 13.5 14:30 2.9 07:30 6.9 0.0 0.0 4.2 16.3 09:50 WNW 13 7.0 13.5 14:00 1.8 07:10 8.5 0.0 0.0 4.5 20.4 11:50 WNW 14 8.2 13.7 14:20 4.1 06:00 7.3 0.0 0.0 1.1 10.2 13:20 WSW 15 9.4 13.0 14:10 4.9 07:00 6.1 0.0 0.0 5.2 20.4 12:30 W 16 10.2 13.3 13:30 8.7 18:30 5.3 0.0 0.0 13.2 30.6 12:30 WNW 17 10.2 13.3 14:00 7.2 07:00 5.3 0.0 0.3 19.8 48.8 01:30 W 18 4.9 8.8 09:50 2.4 21:40 10.6 0.0 3.6 22.2 57.1 10:40 WNW 19 5.3 8.2 13:20 3.3 02:00 10.2 0.0 0.3 17.6 53.0 10:40 NNW 20 2.7 7.2 12:30 -2.5 06:20 12.8 0.0 0.0 10.4 42.8 10:10 N 21 4.2 9.1 14:20 1.2 23:20 11.3 0.0 5.7 3.4 24.4 09:30 NNW 22 8.9 12.9 13:20 4.5 09:00 6.6 0.0 0.3 4.7 20.4 14:20 N 23 6.5 11.5 15:10 1.5 03:30 9.0 0.0 0.0 11.6 34.7 08:40 NNE 24 8.1 10.8 14:40 5.2 09:00 7.4 0.0 0.0 12.1 28.5 06:40 N 25 8.1 12.9 15:40 3.6 05:50 7.4 0.0 0.0 11.3 36.6 10:00 NNE 26 8.0 14.2 15:40 3.0 04:50 7.5 0.0 0.0 6.5 31.3 14:40 NNE 27 8.9 18.0 14:50 1.2 07:20 6.6 0.0 0.0 3.1 16.6 17:00 NNE 28 9.5 16.8 14:30 4.4 08:00 6.0 0.0 0.0 6.1 16.6 14:50 WNW 29 4.1 10.4 12:10 -0.3 06:20 11.4 0.0 1.2 4.9 24.1 14:00 WNW 30 8.3 10.7 15:30 4.4 10:00 7.2 0.0 1.2 12.9 42.5 06:10 N 31 9.3 15.5 15:30 5.6 06:10 6.2 0.0 1.2 17.8 61.2 16:30 NNE ---------------------------------------------------------------------------------- 7.8 18.0 27 -2.5 20 238.6 0.0 70.5 9.9 61.2 31 WNW Max >= 30.0: 0 Max <= 0.0: 0 Min <= 0.0: 3 Min <= -18.0: 0 Max Rain: 20.1 on day 4 Days of Rain: 16 (>= 0.2 mm) 11 (>= 1.0 mm) 0 (>= 25.0 mm) Heat Base: 15.5 Cool Base: 15.5 Method: Integration