NOAA-Style Climate Reports
Select a Year or Month report
2024: Jan Feb Mar Apr May Jun Jul Aug Sep Oct Nov Dec
2023: Jan Feb Mar Apr May Jun Jul Aug Sep Oct Nov Dec
2022: Jan Feb Mar Apr May Jun Jul Aug Sep Oct Nov Dec
2021: Jan Feb Mar Apr May Jun Jul Aug Sep Oct Nov Dec
2020: Jan Feb Mar Apr May Jun Jul Aug Sep Oct Nov Dec
2019: Jan Feb Mar Apr May Jun Jul Aug Sep Oct Nov Dec
2018: Jan Feb Mar Apr May Jun Jul Aug Sep Oct Nov Dec
2017: Jan Feb Mar Apr May Jun Jul Aug Sep Oct Nov Dec
2016: Jan Feb Mar Apr May Jun Jul Aug Sep Oct Nov Dec
2015: Jan Feb Mar Apr May Jun Jul Aug Sep Oct Nov Dec
2014: Jan Feb Mar Apr May Jun Jul Aug Sep Oct Nov Dec
2013: Jan Feb Mar Apr May Jun Jul Aug Sep Oct Nov Dec
2012: Jan Feb Mar Apr May Jun Jul Aug Sep Oct Nov Dec
2011: Jan Feb Mar Apr May Jun Jul Aug Sep Oct Nov Dec
2010: Jan Feb Mar Apr May Jun Jul Aug Sep Oct Nov Dec
2009: Jan Feb Mar Apr May Jun Jul Aug Sep Oct Nov Dec
2008: Jan Feb Mar Apr May Jun Jul Aug Sep Oct Nov Dec
2007: Jan Feb Mar Apr May Jun Jul Aug Sep Oct Nov Dec
2006: Jan Feb Mar Apr May Jun Jul Aug Sep Oct Nov Dec
2005: Jan Feb Mar Apr May Jun Jul Aug Sep Oct Nov Dec
2004: Jan Feb Mar Apr May Jun Jul Aug Sep Oct Nov Dec
2024: Jan Feb Mar Apr May Jun Jul Aug Sep Oct Nov Dec
2023: Jan Feb Mar Apr May Jun Jul Aug Sep Oct Nov Dec
2022: Jan Feb Mar Apr May Jun Jul Aug Sep Oct Nov Dec
2021: Jan Feb Mar Apr May Jun Jul Aug Sep Oct Nov Dec
2020: Jan Feb Mar Apr May Jun Jul Aug Sep Oct Nov Dec
2019: Jan Feb Mar Apr May Jun Jul Aug Sep Oct Nov Dec
2018: Jan Feb Mar Apr May Jun Jul Aug Sep Oct Nov Dec
2017: Jan Feb Mar Apr May Jun Jul Aug Sep Oct Nov Dec
2016: Jan Feb Mar Apr May Jun Jul Aug Sep Oct Nov Dec
2015: Jan Feb Mar Apr May Jun Jul Aug Sep Oct Nov Dec
2014: Jan Feb Mar Apr May Jun Jul Aug Sep Oct Nov Dec
2013: Jan Feb Mar Apr May Jun Jul Aug Sep Oct Nov Dec
2012: Jan Feb Mar Apr May Jun Jul Aug Sep Oct Nov Dec
2011: Jan Feb Mar Apr May Jun Jul Aug Sep Oct Nov Dec
2010: Jan Feb Mar Apr May Jun Jul Aug Sep Oct Nov Dec
2009: Jan Feb Mar Apr May Jun Jul Aug Sep Oct Nov Dec
2008: Jan Feb Mar Apr May Jun Jul Aug Sep Oct Nov Dec
2007: Jan Feb Mar Apr May Jun Jul Aug Sep Oct Nov Dec
2006: Jan Feb Mar Apr May Jun Jul Aug Sep Oct Nov Dec
2005: Jan Feb Mar Apr May Jun Jul Aug Sep Oct Nov Dec
2004: Jan Feb Mar Apr May Jun Jul Aug Sep Oct Nov Dec
Report for 2006 July
Monthly Climatological Summary for Jul 2006 Name: Willand City: Willand State: Devon, UK (9am GMT end of day) Elevation: 79 m Lat: N 50° 53' 03" Lon: W 003° 22' 25" Temperature (°C), Rain (mm), Wind Speed (km/h) Heat Cool Avg Mean Deg Deg Wind Dom Day Temp High Time Low Time Days Days Rain Speed High Time Dir ---------------------------------------------------------------------------------- 1 21.3 28.9 15:30 13.9 04:20 0.0 5.8 1.2 5.3 20.4 10:40 SE 2 22.3 31.3 15:20 15.5 04:50 0.0 6.8 0.0 5.4 30.6 08:00 NE 3 22.5 30.4 16:20 15.6 05:10 0.0 7.0 1.2 4.7 26.5 10:00 NNE 4 22.4 30.6 15:00 15.6 03:50 0.0 6.9 0.0 4.6 16.3 13:30 S 5 18.9 21.7 11:50 16.6 04:00 0.0 3.4 6.0 3.8 12.2 14:20 W 6 19.3 24.9 15:00 15.9 05:30 0.0 3.8 0.3 9.0 26.5 13:30 W 7 16.9 21.3 15:20 12.0 05:40 0.0 1.4 0.0 7.0 24.4 16:10 W 8 17.4 22.9 14:20 14.1 00:40 0.0 1.9 5.7 11.6 30.6 14:40 SW 9 18.1 21.5 14:30 15.2 22:00 0.0 2.6 0.3 10.4 44.8 12:00 WSW 10 18.0 22.2 12:20 13.0 05:50 0.0 2.5 0.9 8.2 26.5 00:20 WSW 11 15.9 22.5 16:40 7.9 05:30 0.0 0.4 0.0 5.9 22.4 10:40 WNW 12 19.2 24.4 16:20 15.9 00:20 0.0 3.7 0.0 5.3 20.4 17:00 WNW 13 19.1 25.9 16:30 13.0 05:40 0.0 3.6 0.0 10.8 30.6 09:30 NNE 14 18.3 25.4 17:20 11.6 04:30 0.0 2.8 0.0 10.4 30.6 11:30 NE 15 19.4 26.7 15:10 10.9 03:10 0.0 3.9 0.0 8.5 30.6 10:50 NNE 16 22.1 31.0 17:00 12.8 05:20 0.0 6.6 0.0 4.6 20.4 13:50 NNE 17 23.6 33.5 16:50 13.7 05:40 0.0 8.1 0.0 3.4 16.6 10:00 ENE 18 27.0 33.5 13:30 14.4 05:40 0.0 11.5 0.0 7.5 16.6 11:50 ESE 19 23.0 35.5 14:10 15.8 06:10 0.0 7.5 0.0 4.9 16.6 15:10 W 20 22.2 30.4 17:00 16.8 05:40 0.0 6.7 0.0 4.5 16.6 11:30 SW 21 21.8 29.2 15:00 15.5 06:00 0.0 6.3 0.0 4.0 16.6 10:40 S 22 22.0 28.7 14:10 16.2 07:00 0.0 6.5 8.7 5.0 16.6 15:30 W 23 18.5 25.1 16:50 10.9 05:30 0.0 3.0 0.0 4.9 16.6 11:30 WNW 24 21.2 29.9 16:10 12.3 05:40 0.0 5.7 0.0 3.7 14.8 13:20 SE 25 22.4 31.8 13:50 14.9 04:40 0.0 6.9 0.0 4.0 16.6 13:20 SSE 26 22.5 30.5 15:00 15.8 06:10 0.0 7.0 0.0 4.0 16.6 17:50 NW 27 19.3 28.0 14:30 10.8 06:10 0.0 3.8 0.0 5.4 16.6 11:30 WNW 28 20.1 27.1 15:50 14.5 04:50 0.0 4.6 0.0 4.6 16.6 17:50 WSW 29 17.3 20.5 15:20 12.1 06:10 0.0 1.8 9.9 6.8 29.5 10:50 S 30 18.1 23.6 15:20 13.4 05:40 0.0 2.6 0.3 6.4 16.6 10:40 WSW 31 17.6 25.0 14:50 13.9 01:50 0.0 2.1 4.2 8.4 38.9 15:20 WSW ---------------------------------------------------------------------------------- 20.2 35.5 19 7.9 11 0.0 147.2 38.7 6.2 44.8 9 W Max >= 30.0: 10 Max <= 0.0: 0 Min <= 0.0: 0 Min <= -18.0: 0 Max Rain: 9.9 on day 29 Days of Rain: 11 (>= 0.2 mm) 7 (>= 1.0 mm) 0 (>= 25.0 mm) Heat Base: 15.5 Cool Base: 15.5 Method: Integration