NOAA-Style Climate Reports
Select a Year or Month report
2024: Jan Feb Mar Apr May Jun Jul Aug Sep Oct Nov Dec
2023: Jan Feb Mar Apr May Jun Jul Aug Sep Oct Nov Dec
2022: Jan Feb Mar Apr May Jun Jul Aug Sep Oct Nov Dec
2021: Jan Feb Mar Apr May Jun Jul Aug Sep Oct Nov Dec
2020: Jan Feb Mar Apr May Jun Jul Aug Sep Oct Nov Dec
2019: Jan Feb Mar Apr May Jun Jul Aug Sep Oct Nov Dec
2018: Jan Feb Mar Apr May Jun Jul Aug Sep Oct Nov Dec
2017: Jan Feb Mar Apr May Jun Jul Aug Sep Oct Nov Dec
2016: Jan Feb Mar Apr May Jun Jul Aug Sep Oct Nov Dec
2015: Jan Feb Mar Apr May Jun Jul Aug Sep Oct Nov Dec
2014: Jan Feb Mar Apr May Jun Jul Aug Sep Oct Nov Dec
2013: Jan Feb Mar Apr May Jun Jul Aug Sep Oct Nov Dec
2012: Jan Feb Mar Apr May Jun Jul Aug Sep Oct Nov Dec
2011: Jan Feb Mar Apr May Jun Jul Aug Sep Oct Nov Dec
2010: Jan Feb Mar Apr May Jun Jul Aug Sep Oct Nov Dec
2009: Jan Feb Mar Apr May Jun Jul Aug Sep Oct Nov Dec
2008: Jan Feb Mar Apr May Jun Jul Aug Sep Oct Nov Dec
2007: Jan Feb Mar Apr May Jun Jul Aug Sep Oct Nov Dec
2006: Jan Feb Mar Apr May Jun Jul Aug Sep Oct Nov Dec
2005: Jan Feb Mar Apr May Jun Jul Aug Sep Oct Nov Dec
2004: Jan Feb Mar Apr May Jun Jul Aug Sep Oct Nov Dec
2024: Jan Feb Mar Apr May Jun Jul Aug Sep Oct Nov Dec
2023: Jan Feb Mar Apr May Jun Jul Aug Sep Oct Nov Dec
2022: Jan Feb Mar Apr May Jun Jul Aug Sep Oct Nov Dec
2021: Jan Feb Mar Apr May Jun Jul Aug Sep Oct Nov Dec
2020: Jan Feb Mar Apr May Jun Jul Aug Sep Oct Nov Dec
2019: Jan Feb Mar Apr May Jun Jul Aug Sep Oct Nov Dec
2018: Jan Feb Mar Apr May Jun Jul Aug Sep Oct Nov Dec
2017: Jan Feb Mar Apr May Jun Jul Aug Sep Oct Nov Dec
2016: Jan Feb Mar Apr May Jun Jul Aug Sep Oct Nov Dec
2015: Jan Feb Mar Apr May Jun Jul Aug Sep Oct Nov Dec
2014: Jan Feb Mar Apr May Jun Jul Aug Sep Oct Nov Dec
2013: Jan Feb Mar Apr May Jun Jul Aug Sep Oct Nov Dec
2012: Jan Feb Mar Apr May Jun Jul Aug Sep Oct Nov Dec
2011: Jan Feb Mar Apr May Jun Jul Aug Sep Oct Nov Dec
2010: Jan Feb Mar Apr May Jun Jul Aug Sep Oct Nov Dec
2009: Jan Feb Mar Apr May Jun Jul Aug Sep Oct Nov Dec
2008: Jan Feb Mar Apr May Jun Jul Aug Sep Oct Nov Dec
2007: Jan Feb Mar Apr May Jun Jul Aug Sep Oct Nov Dec
2006: Jan Feb Mar Apr May Jun Jul Aug Sep Oct Nov Dec
2005: Jan Feb Mar Apr May Jun Jul Aug Sep Oct Nov Dec
2004: Jan Feb Mar Apr May Jun Jul Aug Sep Oct Nov Dec
Report for 2006 June
Monthly Climatological Summary for Jun 2006 Name: Willand City: Willand State: Devon, UK (9am GMT end of day) Elevation: 79 m Lat: N 50° 53' 03" Lon: W 003° 22' 25" Temperature (°C), Rain (mm), Wind Speed (km/h) Heat Cool Avg Mean Deg Deg Wind Dom Day Temp High Time Low Time Days Days Rain Speed High Time Dir ---------------------------------------------------------------------------------- 1 14.7 21.7 15:50 6.5 05:40 0.8 0.0 0.0 2.6 16.6 17:50 WNW 2 17.0 24.4 15:30 8.4 05:40 0.0 1.5 0.0 2.1 16.6 14:20 NE 3 18.2 27.5 16:00 9.4 05:30 0.0 2.7 0.0 2.4 16.6 17:00 NW 4 17.8 26.4 15:00 9.9 05:30 0.0 2.3 0.0 5.3 16.6 15:10 WNW 5 16.9 24.5 14:50 8.3 05:10 0.0 1.4 0.0 5.1 16.6 10:00 NNE 6 16.4 24.6 15:10 9.0 05:20 0.0 0.9 0.0 3.6 16.6 11:10 ESE 7 19.2 27.5 15:40 10.6 05:20 0.0 3.7 0.0 2.9 16.6 16:10 S 8 20.2 27.3 14:10 11.9 05:40 0.0 4.7 0.0 6.6 16.6 12:30 SE 9 21.7 26.6 14:40 16.1 05:10 0.0 6.2 0.0 12.9 44.3 12:40 N 10 19.6 26.2 14:50 13.6 04:20 0.0 4.1 0.0 6.0 16.6 10:00 NE 11 19.5 26.0 14:10 15.8 03:20 0.0 4.0 3.3 4.0 16.6 11:20 E 12 17.8 25.4 13:00 11.5 03:50 0.0 2.3 0.0 5.1 16.6 14:20 SW 13 15.7 21.9 17:40 11.0 05:30 0.0 0.2 3.6 5.0 16.6 12:00 NNW 14 15.7 20.1 14:10 9.5 05:30 0.0 0.2 0.0 6.8 16.6 10:20 NNE 15 16.5 25.1 15:30 8.2 04:50 0.0 1.0 0.0 3.3 16.6 15:30 ENE 16 19.5 27.0 15:20 11.4 05:40 0.0 4.0 0.0 2.9 16.6 16:10 NE 17 19.4 28.0 15:10 11.0 05:30 0.0 3.9 0.0 3.0 16.6 13:40 SSE 18 18.1 23.6 12:20 12.5 05:20 0.0 2.6 0.3 7.8 16.6 13:10 SW 19 16.7 20.3 14:10 14.4 05:30 0.0 1.2 0.0 8.4 25.9 11:50 WSW 20 16.4 22.4 14:10 11.8 06:00 0.0 0.9 0.6 12.2 38.9 16:10 WSW 21 13.8 17.9 16:10 9.2 04:40 1.7 0.0 0.0 11.9 40.7 14:30 W 22 13.4 19.3 15:40 6.3 03:40 2.1 0.0 0.0 6.6 33.5 11:00 WNW 23 16.6 22.5 17:40 11.4 05:00 0.0 1.1 0.0 2.8 14.8 12:10 SSE 24 18.3 26.7 14:40 9.5 05:40 0.0 2.8 0.0 3.8 16.6 16:50 E 25 18.5 27.1 14:10 13.6 08:40 0.0 3.0 33.7 3.9 16.6 11:20 NE 26 13.8 16.2 09:50 12.3 01:20 1.7 0.0 3.9 5.3 16.6 14:10 NE 27 14.9 19.1 16:00 10.6 02:00 0.6 0.0 0.3 3.5 16.6 14:40 SE 28 16.3 22.5 16:30 12.3 05:10 0.0 0.8 0.0 3.4 14.8 13:20 SSE 29 18.5 25.4 15:40 12.3 05:40 0.0 3.0 0.0 3.7 16.6 15:00 S 30 19.9 28.5 15:10 12.3 04:00 0.0 4.4 0.0 3.0 14.8 12:10 SSE ---------------------------------------------------------------------------------- 17.4 28.5 30 6.3 22 6.9 62.9 45.7 5.2 44.3 9 NW Max >= 30.0: 0 Max <= 0.0: 0 Min <= 0.0: 0 Min <= -18.0: 0 Max Rain: 33.7 on day 25 Days of Rain: 7 (>= 0.2 mm) 4 (>= 1.0 mm) 1 (>= 25.0 mm) Heat Base: 15.5 Cool Base: 15.5 Method: Integration