NOAA-Style Climate Reports
Select a Year or Month report
2024: Jan Feb Mar Apr May Jun Jul Aug Sep Oct Nov Dec
2023: Jan Feb Mar Apr May Jun Jul Aug Sep Oct Nov Dec
2022: Jan Feb Mar Apr May Jun Jul Aug Sep Oct Nov Dec
2021: Jan Feb Mar Apr May Jun Jul Aug Sep Oct Nov Dec
2020: Jan Feb Mar Apr May Jun Jul Aug Sep Oct Nov Dec
2019: Jan Feb Mar Apr May Jun Jul Aug Sep Oct Nov Dec
2018: Jan Feb Mar Apr May Jun Jul Aug Sep Oct Nov Dec
2017: Jan Feb Mar Apr May Jun Jul Aug Sep Oct Nov Dec
2016: Jan Feb Mar Apr May Jun Jul Aug Sep Oct Nov Dec
2015: Jan Feb Mar Apr May Jun Jul Aug Sep Oct Nov Dec
2014: Jan Feb Mar Apr May Jun Jul Aug Sep Oct Nov Dec
2013: Jan Feb Mar Apr May Jun Jul Aug Sep Oct Nov Dec
2012: Jan Feb Mar Apr May Jun Jul Aug Sep Oct Nov Dec
2011: Jan Feb Mar Apr May Jun Jul Aug Sep Oct Nov Dec
2010: Jan Feb Mar Apr May Jun Jul Aug Sep Oct Nov Dec
2009: Jan Feb Mar Apr May Jun Jul Aug Sep Oct Nov Dec
2008: Jan Feb Mar Apr May Jun Jul Aug Sep Oct Nov Dec
2007: Jan Feb Mar Apr May Jun Jul Aug Sep Oct Nov Dec
2006: Jan Feb Mar Apr May Jun Jul Aug Sep Oct Nov Dec
2005: Jan Feb Mar Apr May Jun Jul Aug Sep Oct Nov Dec
2004: Jan Feb Mar Apr May Jun Jul Aug Sep Oct Nov Dec
2024: Jan Feb Mar Apr May Jun Jul Aug Sep Oct Nov Dec
2023: Jan Feb Mar Apr May Jun Jul Aug Sep Oct Nov Dec
2022: Jan Feb Mar Apr May Jun Jul Aug Sep Oct Nov Dec
2021: Jan Feb Mar Apr May Jun Jul Aug Sep Oct Nov Dec
2020: Jan Feb Mar Apr May Jun Jul Aug Sep Oct Nov Dec
2019: Jan Feb Mar Apr May Jun Jul Aug Sep Oct Nov Dec
2018: Jan Feb Mar Apr May Jun Jul Aug Sep Oct Nov Dec
2017: Jan Feb Mar Apr May Jun Jul Aug Sep Oct Nov Dec
2016: Jan Feb Mar Apr May Jun Jul Aug Sep Oct Nov Dec
2015: Jan Feb Mar Apr May Jun Jul Aug Sep Oct Nov Dec
2014: Jan Feb Mar Apr May Jun Jul Aug Sep Oct Nov Dec
2013: Jan Feb Mar Apr May Jun Jul Aug Sep Oct Nov Dec
2012: Jan Feb Mar Apr May Jun Jul Aug Sep Oct Nov Dec
2011: Jan Feb Mar Apr May Jun Jul Aug Sep Oct Nov Dec
2010: Jan Feb Mar Apr May Jun Jul Aug Sep Oct Nov Dec
2009: Jan Feb Mar Apr May Jun Jul Aug Sep Oct Nov Dec
2008: Jan Feb Mar Apr May Jun Jul Aug Sep Oct Nov Dec
2007: Jan Feb Mar Apr May Jun Jul Aug Sep Oct Nov Dec
2006: Jan Feb Mar Apr May Jun Jul Aug Sep Oct Nov Dec
2005: Jan Feb Mar Apr May Jun Jul Aug Sep Oct Nov Dec
2004: Jan Feb Mar Apr May Jun Jul Aug Sep Oct Nov Dec
Report for 2005 February
Monthly Climatological Summary for Feb 2005 Name: Willand City: Willand State: Devon, UK (9am GMT end of day) Elevation: 79 m Lat: N 50° 53' 03" Lon: W 003° 22' 25" Temperature (°C), Rain (mm), Wind Speed (km/h) Heat Cool Avg Mean Deg Deg Wind Dom Day Temp High Time Low Time Days Days Rain Speed High Time Dir ---------------------------------------------------------------------------------- 1 7.6 13.3 14:00 1.5 02:20 7.9 0.0 0.0 3.4 20.4 04:20 NW 2 6.8 8.2 14:10 5.6 21:30 8.7 0.0 0.0 2.6 14.3 19:20 NNW 3 8.0 11.0 13:10 4.5 08:30 7.5 0.0 0.0 1.7 14.3 14:10 WNW 4 7.1 9.5 13:30 5.0 09:00 8.4 0.0 0.0 2.5 10.2 12:30 SSE 5 4.6 8.4 13:20 0.4 07:00 10.9 0.0 1.5 0.7 10.2 09:10 WNW 6 3.9 7.4 13:50 1.2 09:00 11.6 0.0 0.0 1.9 16.3 15:40 NE 7 6.7 9.9 13:20 2.0 09:00 8.8 0.0 0.0 1.4 16.3 12:30 S 8 7.0 12.0 13:50 3.9 00:50 8.5 0.0 0.3 2.7 18.4 12:20 SSW 9 9.5 10.3 14:20 6.6 09:10 6.0 0.0 3.0 14.1 40.7 02:00 W 10 10.1 11.4 13:50 9.4 07:30 5.4 0.0 1.5 6.8 36.6 12:30 W 11 11.7 12.9 13:40 10.0 09:00 3.8 0.0 8.7 16.5 42.8 07:40 W 12 8.3 11.3 11:40 4.4 08:50 7.2 0.0 0.6 19.4 46.9 11:00 WNW 13 4.7 6.6 14:10 0.8 06:00 10.8 0.0 1.5 8.9 42.8 14:20 NNW 14 4.1 8.7 14:20 -1.3 07:40 11.4 0.0 0.3 4.9 22.4 15:30 NNW 15 2.5 7.5 14:00 -2.8 06:40 13.0 0.0 0.0 2.5 16.3 14:50 N 16 3.3 7.0 14:20 -1.4 09:00 12.2 0.0 0.3 1.0 12.2 15:40 N 17 5.8 9.2 12:10 3.2 01:30 9.7 0.0 1.5 0.4 8.1 03:50 NW 18 6.3 9.3 12:10 4.1 03:20 9.2 0.0 0.6 7.0 22.4 13:50 NW 19 3.6 8.3 13:30 -0.8 05:00 11.9 0.0 0.0 5.4 22.4 18:10 NNW 20 2.0 5.8 13:50 -1.4 08:00 13.5 0.0 0.0 3.9 22.4 12:40 NNW 21 2.0 6.1 13:30 0.1 22:20 13.5 0.0 0.0 7.4 24.4 05:10 NNE 22 1.8 5.1 14:20 -0.6 06:50 13.7 0.0 0.0 6.5 22.4 10:50 NNE 23 1.7 3.7 15:10 0.5 05:10 13.8 0.0 0.6 5.7 22.4 11:50 N 24 1.6 3.6 15:00 -0.9 07:40 13.9 0.0 0.9 8.1 28.5 05:00 NNE 25 1.6 3.5 12:40 0.2 09:00 13.9 0.0 0.0 6.0 30.6 12:30 NE 26 3.5 8.0 13:50 0.2 07:20 12.0 0.0 0.0 5.9 22.4 21:00 N 27 -0.1 5.8 14:00 -3.7 00:20 15.6 0.0 0.0 4.9 30.6 11:20 NNE 28 2.9 5.0 14:00 -0.5 09:00 12.6 0.0 0.0 5.8 14.3 13:30 W ---------------------------------------------------------------------------------- 5.0 13.3 1 -3.7 27 295.4 0.0 21.3 5.6 46.9 12 NW Max >= 30.0: 0 Max <= 0.0: 0 Min <= 0.0: 9 Min <= -18.0: 0 Max Rain: 8.7 on day 11 Days of Rain: 13 (>= 0.2 mm) 6 (>= 1.0 mm) 0 (>= 25.0 mm) Heat Base: 15.5 Cool Base: 15.5 Method: Integration