NOAA-Style Climate Reports


Report for 2019 June
                   Monthly Climatological Summary for Jun 2019

Name: Willand   City: Willand   State: Devon, UK     (9am GMT end of day)
Elevation: 79 m  Lat: N 50 53 02   Lon: W 003 22 23

                  Temperature (°C), Rain (mm), Wind Speed (km/h)

                                      Heat  Cool        Avg
    Mean                              Deg   Deg         Wind                 Dom
Day Temp  High   Time   Low    Time   Days  Days  Rain  Speed High   Time    Dir
----------------------------------------------------------------------------------
01  17.6  24.9   14:29  12.9   02:05   0.7   2.8   0.2   5.4  25.3   15:53   SSE
02  13.9  18.4   17:44   9.9   04:15   2.2   0.5   1.8   7.9  32.1   13:19    SW
03  14.2  18.4   16:32  11.1   01:03   1.7   0.4   0.0   6.4  33.8   14:38   SSW
04  13.2  18.1   16:36   8.3   05:06   2.5   0.2   2.8   6.5  27.0   10:00     S
05  11.7  17.9   12:08   4.6   05:25   3.9   0.1   1.2   4.4  30.4   11:13   WSW
06  13.4  18.5   15:05   9.8   03:31   2.7   0.6   8.4   9.1  35.5   16:27   ESE
07  12.4  18.7   15:28  10.3   03:03   3.4   0.3  28.4  11.6  50.7   00:49   WSW
08  11.7  17.4   14:30   5.4   05:05   3.9   0.1   1.2   8.9  42.2   11:00   WSW
09  12.3  18.7   13:20   7.7   02:20   3.6   0.4   0.2   3.7  27.0   13:53    SW
10  12.3  19.6   15:34   8.6   03:25   3.8   0.6  46.4   9.9  47.3   09:11     N
11  10.2  11.5   15:41   9.2   04:38   5.3   0.0   0.0  13.8  49.0   10:06   NNE
12  12.8  16.8   14:50  10.4   05:26   2.8   0.1   8.0   4.4  22.0   11:51   NNE
13  12.7  16.3   16:49  11.2   01:21   2.8   0.0   6.8   7.0  35.5   17:11    SW
14  13.7  18.5   16:15  11.1   01:58   2.1   0.3   6.0   8.4  32.1   15:18     S
15  13.4  19.2   13:51   7.8   02:02   2.6   0.5   1.8   5.9  33.8   16:24    SW
16  14.9  18.8   12:58  13.1   04:17   0.9   0.4   0.6   9.1  37.2   11:39     S
17  14.8  19.8   16:22  10.8   05:05   1.5   0.8   0.0   4.8  27.0   11:30     S
18  14.6  17.5   13:14  13.1   02:36   1.1   0.1   2.8   2.8  11.8   17:43     N
19  13.3  18.8   17:50   8.5   05:03   2.5   0.3   1.8   6.0  30.4   20:38     W
20  13.2  17.7   17:08   7.9   01:55   2.6   0.3   1.4   6.7  37.2   14:44   WSW
21  14.0  22.1   16:01   5.4   05:04   3.3   1.7   0.0   4.6  23.7   16:31     W
22  16.7  22.3   16:10  12.2   03:10   1.1   2.3   0.0   6.1  27.0   14:37   ESE
23  17.2  20.3   18:51  14.3   04:36   0.2   2.0   0.6   2.5  22.0   15:31     N
----------------------------------------------------------------------------------
    13.7  24.9     1     4.6     5    57.2  14.8 120.4   6.8  50.7     7      SW

Max >=  30.0  0
Max <=   0.0  0
Min <=   0.0  0
Min <= -18.0  0
Max Rain: 46.4 on day 10
Days of Rain: 18 (>= 0.2 mm)  14 (>= 1.0 mm)  2 (>= 25.0 mm)
Heat Base: 15.5  Cool Base: 15.5  Method: Integration