NOAA-Style Climate Reports


Report for 2019 January
                   Monthly Climatological Summary for Jan 2019

Name: Willand   City: Willand   State: Devon, UK     (9am GMT end of day)
Elevation: 79 m  Lat: N 50 53 02   Lon: W 003 22 23

                  Temperature (°C), Rain (mm), Wind Speed (km/h)

                                      Heat  Cool        Avg
    Mean                              Deg   Deg         Wind                 Dom
Day Temp  High   Time   Low    Time   Days  Days  Rain  Speed High   Time    Dir
----------------------------------------------------------------------------------
01   7.3  10.7   13:17   1.2   08:42   8.2   0.0   0.0   7.3  25.3   21:13     N
02   1.0   5.7   12:11  -1.7   21:41  14.5   0.0   0.0   4.5  16.9   12:28   NNE
03   0.5   4.3   14:36  -2.8   07:50  14.9   0.0   0.0   2.9  10.1   13:16   NNW
04   1.4   4.3   15:22  -1.9   09:00  14.1   0.0   0.0   2.2  16.9   19:05     N
05   3.6   4.9   14:51   0.0   09:00  11.9   0.0   0.0   1.8  16.9   14:05     S
06   6.6   8.1   08:54   4.6   09:00   8.9   0.0   0.0   2.1  15.2   08:57     S
07   9.0  10.3   23:20   6.7   04:49   6.5   0.0   0.0  10.9  38.9   17:57     W
08   4.5   9.1   13:38  -0.8   07:41  11.0   0.0   0.0   6.9  37.2   14:05    NW
09   0.8   6.3   12:00  -2.8   04:47  14.7   0.0   0.0   4.0  28.7   12:02   NNW
10   5.3   7.3   14:01  -1.7   09:05  10.2   0.0   0.0   3.7  22.0   03:22    NW
11   7.6   8.7   08:48   5.3   09:00   7.9   0.0   0.0   4.9  25.3   07:15     W
12   9.7  10.4   12:34   8.7   09:02   5.8   0.0   0.0  16.9  52.4   04:17     W
13   9.3  10.9   11:49   7.4   08:50   6.2   0.0   0.2  15.2  45.6   09:04   WNW
14   7.3   9.1   11:35   5.9   21:42   8.2   0.0   0.2   5.9  32.1   14:09   WNW
15   8.5   9.9   14:15   7.1   09:00   7.0   0.0   0.4   6.8  28.7   15:17   SSW
16   5.1   9.9   12:07   0.8   06:33  10.4   0.0   3.2   7.4  38.9   12:30     W
17   1.7   5.9   13:45  -1.1   02:44  13.8   0.0   0.2   4.4  33.8   09:40    NW
18   5.9   7.2   20:14   4.1   07:41   9.6   0.0  14.4   9.5  49.0   12:59    SE
19   5.8   7.6   14:04   3.7   05:57   9.6   0.0   2.8   2.1  13.5   17:43     N
20   4.0   6.6   14:46  -0.1   07:29  11.5   0.0   0.0   2.7  16.9   15:19     N
21   4.0   6.9   13:50   0.7   09:00  11.5   0.0   8.6   6.2  32.1   23:08   SSW
22   1.7   5.1   15:22  -1.7   02:19  13.8   0.0   2.2   4.5  25.3   10:45     W
23   2.9   6.0   12:48   0.4   09:06  12.6   0.0   0.0   3.6  32.1   12:08    NW
24   7.4   9.7   08:32   3.3   09:00   8.1   0.0   0.4   3.1  23.7   06:14     W
25   9.0  11.4   11:45   6.7   05:32   6.5   0.0   0.0   8.5  30.4   16:10   WSW
26   7.5  10.6   12:51   3.4   08:54   8.0   0.0   7.2  17.9  64.2   04:21     W
27   3.3   6.4   12:23   0.2   01:11  12.2   0.0   0.0  14.4  65.9   14:47   WNW
28   2.6   7.6   13:53  -0.6   23:06  12.9   0.0   0.0   4.7  33.8   12:24   WNW
29   1.7   4.8   12:25  -0.9   02:18  13.8   0.0   7.2   6.6  47.3   17:32     W
30  -0.9   4.1   14:30  -4.3   01:50  16.4   0.0   0.6   3.1  22.0   08:57     W
31   1.0   4.3   13:07  -0.5   01:19  14.5   0.0   6.4  17.1  52.4   13:15    NE
----------------------------------------------------------------------------------
     4.7  11.4    25    -4.3    30   335.2   0.0  54.0   6.8  65.9    27     WNW

Max >=  30.0  0
Max <=   0.0  0
Min <=   0.0 14
Min <= -18.0  0
Max Rain: 14.4 on day 18
Days of Rain: 14 (>= 0.2 mm)  8 (>= 1.0 mm)  0 (>= 25.0 mm)
Heat Base: 15.5  Cool Base: 15.5  Method: Integration