NOAA-Style Climate Reports


Report for 2018 August
                   Monthly Climatological Summary for Aug 2018

Name: Willand   City: Willand   State: Devon, UK     (9am GMT end of day)
Elevation: 79 m  Lat: N 50 53 02   Lon: W 003 22 23

                  Temperature (°C), Rain (mm), Wind Speed (km/h)

                                      Heat  Cool        Avg
    Mean                              Deg   Deg         Wind                 Dom
Day Temp  High   Time   Low    Time   Days  Days  Rain  Speed High   Time    Dir
----------------------------------------------------------------------------------
01  17.7  22.7   16:25  13.6   01:59   0.4   2.7   0.0   5.0  28.7   16:20     S
02  20.0  25.6   17:30  15.5   01:26   0.0   4.5   0.0   3.0  15.2   11:39     S
03  20.8  28.4   14:53  15.8   04:37   0.0   5.3   0.0   4.0  25.3   15:18    NW
04  20.4  28.3   16:04  12.8   05:36   0.4   5.3   0.0   4.1  27.0   09:59     N
06  19.6  30.1   16:26  12.1   05:38   0.8   4.8   0.0   4.0  23.7   17:22   WNW
07  16.4  21.8   12:20  12.1   00:14   1.0   2.0   0.0   8.0  32.1   16:36     W
08  15.2  22.3   13:27  11.2   06:14   1.4   1.1   1.2   4.3  32.1   14:13   WSW
09  14.4  20.6   14:52   8.9   05:07   2.2   1.1   4.6   6.9  32.1   11:15   WSW
10  12.8  19.7   15:21   5.9   05:12   3.6   0.8   3.6   7.4  42.2   11:16     W
11  16.2  17.1   13:37  13.1   10:00   0.1   0.8  34.2   8.9  40.6   19:38   SSE
12  17.0  22.2   15:35  14.3   06:34   0.1   1.6   5.4   5.4  32.1   10:58   SSW
13  17.6  22.1   14:30  13.4   02:34   0.3   2.5   0.0   8.0  35.5   17:08     W
14  18.6  22.6   16:01  16.8   00:16   0.0   3.1   0.2   9.6  32.1   13:37   WSW
15  18.5  23.2   15:29  14.2   08:23   0.1   3.1   5.6   8.5  33.8   18:44    SW
16  14.6  19.9   15:28  10.3   02:17   2.0   1.1   3.6   6.8  33.8   12:16     W
17  16.8  20.7   13:10  15.1   03:13   0.1   1.4   0.8   7.7  30.4   13:35   WSW
18  18.4  21.7   16:49  15.3   03:50   0.0   2.9   0.0   6.8  27.0   13:31    SW
19  18.9  22.3   12:56  17.3   22:31   0.0   3.4   0.0   8.1  35.5   11:11   WSW
20  19.2  23.7   13:54  15.3   06:33   0.0   3.7   0.0   6.6  30.4   19:12   WSW
22  16.3  18.1   09:59  15.6   07:46   0.0   0.2   0.0   5.4  20.3   06:04     W
23  14.0  20.2   11:40   9.8   05:12   2.4   0.9   1.0   7.4  32.1   11:42   WSW
24  11.0  17.9   12:43   4.8   05:54   4.7   0.2   1.2   6.7  47.3   16:45     W
25  12.8  18.8   15:04   8.1   00:48   3.2   0.6   1.2   5.8  42.2   09:44     W
26  15.5  18.4   16:05  13.2   07:16   0.8   0.8   6.6  10.3  38.9   21:58    SW
27  14.9  18.0   14:41  12.6   06:08   1.0   0.4   6.4   6.2  33.8   11:40     W
28  15.1  19.7   14:11  11.5   01:56   1.3   1.0   0.2   2.7  20.3   17:43   SSW
29  13.3  19.7   12:18   9.0   02:37   3.0   0.8   0.2   5.4  32.1   18:21   WNW
30  12.9  20.9   15:56   6.1   06:40   3.7   1.0   0.0   2.6  16.9   10:39    NE
31  16.9  22.4   14:03  13.7   01:24   0.6   2.0   0.0   3.9  25.3   16:06    SE
----------------------------------------------------------------------------------
    16.4  30.1     6     4.8    24    33.2  59.1  76.0   6.2  47.3    24     WSW

Max >=  30.0  1
Max <=   0.0  0
Min <=   0.0  0
Min <= -18.0  0
Max Rain: 34.2 on day 11
Days of Rain: 16 (>= 0.2 mm)  12 (>= 1.0 mm)  1 (>= 25.0 mm)
Heat Base: 15.5  Cool Base: 15.5  Method: Integration