NOAA-Style Climate Reports


Report for 2018 July
                   Monthly Climatological Summary for Jul 2018

Name: Willand   City: Willand   State: Devon, UK     (9am GMT end of day)
Elevation: 79 m  Lat: N 50 53 02   Lon: W 003 22 23

                  Temperature (°C), Rain (mm), Wind Speed (km/h)

                                      Heat  Cool        Avg
    Mean                              Deg   Deg         Wind                 Dom
Day Temp  High   Time   Low    Time   Days  Days  Rain  Speed High   Time    Dir
----------------------------------------------------------------------------------
01  19.6  23.8   19:15  16.6   13:41   0.0   4.1  14.0   2.9  27.0   16:51   NNE
02  22.0  30.8   16:09  14.3   02:18   0.2   6.6   0.0   7.6  30.4   13:00    NE
03  19.5  24.4   12:06  15.7   05:29   0.0   4.0   0.6   7.3  37.2   19:30   ESE
04  16.9  22.4   09:55  14.2   00:26   0.3   1.7   0.8   2.7  18.6   13:52    SE
05  21.6  30.1   15:54  13.3   05:46   0.3   6.4   0.0   3.8  22.0   17:17   NNW
06  20.6  28.8   15:38  12.3   05:40   0.5   5.6   0.0   5.4  27.0   17:45     W
07  22.3  31.8   17:24  13.3   05:15   0.3   7.1   0.0   3.4  16.9   14:15   NNE
08  23.8  32.5   15:07  14.3   05:36   0.1   8.3   0.0   4.0  25.3   18:48     N
09  23.0  30.9   13:20  16.4   01:53   0.0   7.5   0.0   5.0  22.0   15:39     E
10  20.3  27.6   16:30  13.9   05:08   0.3   5.1   0.0   4.6  25.3   13:24   NNE
11  20.0  26.3   12:48  15.5   04:47   0.0   4.5   0.0   3.1  20.3   13:20   SSE
12  19.6  26.1   16:33  12.8   05:41   0.3   4.4   0.0   4.1  22.0   15:51    SE
13  18.6  27.7   14:17  10.3   05:45   1.1   4.2   0.0   4.7  27.0   15:43   SSW
14  19.2  28.1   14:07  10.3   05:35   1.0   4.7   0.0   3.8  40.6   14:06   WNW
15  20.7  28.8   16:01  13.6   05:01   0.3   5.5   0.0   4.6  32.1   14:45   SSE
16  17.0  26.2   12:43  11.2   04:51   1.3   2.8  15.2   5.8  32.1   19:17   WSW
17  17.5  21.1   14:21  13.3   04:48   0.4   2.4   0.0   4.4  27.0   10:35   WSW
18  16.8  22.3   15:35  10.3   05:30   1.4   2.6   0.0   3.0  18.6   10:00   SSW
19  18.9  27.1   14:17  11.4   05:40   0.8   4.3   0.0   4.1  20.3   16:41   WNW
20  19.2  26.5   14:48  15.4   05:51   0.0   3.7  10.8   5.8  30.4   14:56     W
----------------------------------------------------------------------------------
    19.9  32.5     8    10.3    13     8.6  95.5  41.4   4.5  40.6    14     WNW

Max >=  30.0  5
Max <=   0.0  0
Min <=   0.0  0
Min <= -18.0  0
Max Rain: 15.2 on day 16
Days of Rain: 5 (>= 0.2 mm)  3 (>= 1.0 mm)  0 (>= 25.0 mm)
Heat Base: 15.5  Cool Base: 15.5  Method: Integration