NOAA-Style Climate Reports


Report for 2018 February
                   Monthly Climatological Summary for Feb 2018

Name: Willand   City: Willand   State: Devon, UK     (9am GMT end of day)
Elevation: 79 m  Lat: N 50 53 02   Lon: W 003 22 23

                  Temperature (°C), Rain (mm), Wind Speed (km/h)

                                      Heat  Cool        Avg
    Mean                              Deg   Deg         Wind                 Dom
Day Temp  High   Time   Low    Time   Days  Days  Rain  Speed High   Time    Dir
----------------------------------------------------------------------------------
01   5.0   7.6   13:27   2.7   06:12  10.5   0.0   0.2  15.5  54.1   12:27    NW
02   5.0   8.2   14:32   3.6   01:42  10.5   0.0   0.8   4.7  37.2   12:15    NW
03   4.8   7.1   11:55   3.1   07:57  10.7   0.0   0.2  14.2  45.6   08:57   NNW
04   2.3   5.5   13:09   0.1   00:07  13.2   0.0   0.0   7.3  49.0   09:35   NNE
05   1.6   4.7   14:12  -2.1   07:28  13.9   0.0   0.0   3.9  30.4   11:54    NE
06   0.9   4.2   12:09  -2.9   07:07  14.6   0.0   0.0   5.1  28.7   18:13   NNW
07   2.0   5.8   13:39  -1.1   09:00  13.5   0.0   0.0   1.3  25.3   11:29   NNW
08   6.3   8.8   13:44   2.1   06:35   9.2   0.0   9.8   8.9  50.7   03:28   WSW
09   2.2   5.9   13:39  -1.2   22:50  13.3   0.0   0.8   8.2  59.1   13:52   WNW
10   7.4  10.7   21:59   2.9   06:53   8.1   0.0   6.8  11.7  67.6   23:45     W
11   1.8   6.2   13:16  -1.8   06:04  13.7   0.0   1.4   8.6  50.7   15:34   WNW
12   4.5   8.2   13:43   0.6   09:00  11.0   0.0  15.4  10.2  67.6   06:06     S
13   2.1   6.3   14:14  -2.7   01:58  13.4   0.0   3.4   8.5  55.8   12:29   WNW
14   7.3  10.1   19:47   4.4   09:00   8.2   0.0   5.6   9.1  55.8   11:31     S
15   3.6   9.7   12:57  -1.4   06:51  11.9   0.0   2.2   5.4  47.3   13:09     W
16   4.9  10.1   13:24   0.3   09:00  10.6   0.0   0.0   1.6  30.4   13:39   SSE
----------------------------------------------------------------------------------
     3.9  10.7    10    -2.9     6   186.3   0.0  46.6   7.8  67.6    10     WNW

Max >=  30.0  0
Max <=   0.0  0
Min <=   0.0  7
Min <= -18.0  0
Max Rain: 15.4 on day 12
Days of Rain: 11 (>= 0.2 mm)  7 (>= 1.0 mm)  0 (>= 25.0 mm)
Heat Base: 15.5  Cool Base: 15.5  Method: Integration