NOAA-Style Climate Reports


Report for 2017 December
                   Monthly Climatological Summary for Dec 2017

Name: Willand   City: Willand   State: Devon, UK     (9am GMT end of day)
Elevation: 79 m  Lat: N 50 53 02   Lon: W 003 22 23

                  Temperature (°C), Rain (mm), Wind Speed (km/h)

                                      Heat  Cool        Avg
    Mean                              Deg   Deg         Wind                 Dom
Day Temp  High   Time   Low    Time   Days  Days  Rain  Speed High   Time    Dir
----------------------------------------------------------------------------------
01   3.0   6.3   13:09   0.4   21:06  12.5   0.0   0.0   4.5  30.4   14:11   NNW
02   6.4   8.5   14:08   3.1   09:00   9.1   0.0   0.0   2.4  18.6   16:13     W
03   5.8  10.7   13:34   0.1   05:32   9.7   0.0   0.0   3.5  28.7   11:43    NW
04   7.2   9.6   14:47   4.4   09:00   8.3   0.0   0.0   0.7  13.5   16:37     W
05   7.9   9.2   13:07   6.1   09:00   7.6   0.0   0.0   4.5  23.7   14:15   SSW
06  10.7  12.8   05:35   8.3   09:36   4.8   0.0   1.8  10.7  42.2   00:47   SSW
07   5.8  12.4   09:05   2.0   02:57   9.7   0.0   1.2  14.9  52.4   01:52   WNW
08   2.3   5.6   11:53  -1.4   07:14  13.2   0.0   0.0  10.4  49.0   12:51   WNW
09   4.0   8.6   06:32  -0.7   09:00  11.5   0.0  19.2   6.2  69.3   08:59    SW
10   3.5   8.4   12:07   1.1   04:31  12.0   0.0  18.0  16.1  72.7   09:00     N
11  -0.2   3.8   13:40  -3.3   08:00  15.7   0.0   0.0   6.6  54.1   09:20   NNW
12   4.7   8.1   23:20  -2.8   09:00  10.8   0.0   2.6   3.3  25.3   22:30   SSW
13   5.6   9.6   12:50   3.1   08:32   9.9   0.0  10.4  16.0  71.0   20:37     W
14   4.9   6.6   04:25   3.1   23:43  10.6   0.0   5.2  12.8  47.3   04:31     W
15   3.9   7.8   13:08   0.7   23:59  11.6   0.0   0.0   8.5  37.2   13:10    NW
----------------------------------------------------------------------------------
     5.0  12.8     6    -3.3    11   157.0   0.0  58.4   8.1  72.7    10     WNW

Max >=  30.0  0
Max <=   0.0  0
Min <=   0.0  4
Min <= -18.0  0
Max Rain: 19.2 on day 9
Days of Rain: 7 (>= 0.2 mm)  7 (>= 1.0 mm)  0 (>= 25.0 mm)
Heat Base: 15.5  Cool Base: 15.5  Method: Integration