NOAA-Style Climate Reports
Select a Year or Month report
2024: Jan Feb Mar Apr May Jun Jul Aug Sep Oct Nov Dec
2023: Jan Feb Mar Apr May Jun Jul Aug Sep Oct Nov Dec
2022: Jan Feb Mar Apr May Jun Jul Aug Sep Oct Nov Dec
2021: Jan Feb Mar Apr May Jun Jul Aug Sep Oct Nov Dec
2020: Jan Feb Mar Apr May Jun Jul Aug Sep Oct Nov Dec
2019: Jan Feb Mar Apr May Jun Jul Aug Sep Oct Nov Dec
2018: Jan Feb Mar Apr May Jun Jul Aug Sep Oct Nov Dec
2017: Jan Feb Mar Apr May Jun Jul Aug Sep Oct Nov Dec
2016: Jan Feb Mar Apr May Jun Jul Aug Sep Oct Nov Dec
2015: Jan Feb Mar Apr May Jun Jul Aug Sep Oct Nov Dec
2014: Jan Feb Mar Apr May Jun Jul Aug Sep Oct Nov Dec
2013: Jan Feb Mar Apr May Jun Jul Aug Sep Oct Nov Dec
2012: Jan Feb Mar Apr May Jun Jul Aug Sep Oct Nov Dec
2011: Jan Feb Mar Apr May Jun Jul Aug Sep Oct Nov Dec
2010: Jan Feb Mar Apr May Jun Jul Aug Sep Oct Nov Dec
2009: Jan Feb Mar Apr May Jun Jul Aug Sep Oct Nov Dec
2008: Jan Feb Mar Apr May Jun Jul Aug Sep Oct Nov Dec
2007: Jan Feb Mar Apr May Jun Jul Aug Sep Oct Nov Dec
2006: Jan Feb Mar Apr May Jun Jul Aug Sep Oct Nov Dec
2005: Jan Feb Mar Apr May Jun Jul Aug Sep Oct Nov Dec
2004: Jan Feb Mar Apr May Jun Jul Aug Sep Oct Nov Dec
2024: Jan Feb Mar Apr May Jun Jul Aug Sep Oct Nov Dec
2023: Jan Feb Mar Apr May Jun Jul Aug Sep Oct Nov Dec
2022: Jan Feb Mar Apr May Jun Jul Aug Sep Oct Nov Dec
2021: Jan Feb Mar Apr May Jun Jul Aug Sep Oct Nov Dec
2020: Jan Feb Mar Apr May Jun Jul Aug Sep Oct Nov Dec
2019: Jan Feb Mar Apr May Jun Jul Aug Sep Oct Nov Dec
2018: Jan Feb Mar Apr May Jun Jul Aug Sep Oct Nov Dec
2017: Jan Feb Mar Apr May Jun Jul Aug Sep Oct Nov Dec
2016: Jan Feb Mar Apr May Jun Jul Aug Sep Oct Nov Dec
2015: Jan Feb Mar Apr May Jun Jul Aug Sep Oct Nov Dec
2014: Jan Feb Mar Apr May Jun Jul Aug Sep Oct Nov Dec
2013: Jan Feb Mar Apr May Jun Jul Aug Sep Oct Nov Dec
2012: Jan Feb Mar Apr May Jun Jul Aug Sep Oct Nov Dec
2011: Jan Feb Mar Apr May Jun Jul Aug Sep Oct Nov Dec
2010: Jan Feb Mar Apr May Jun Jul Aug Sep Oct Nov Dec
2009: Jan Feb Mar Apr May Jun Jul Aug Sep Oct Nov Dec
2008: Jan Feb Mar Apr May Jun Jul Aug Sep Oct Nov Dec
2007: Jan Feb Mar Apr May Jun Jul Aug Sep Oct Nov Dec
2006: Jan Feb Mar Apr May Jun Jul Aug Sep Oct Nov Dec
2005: Jan Feb Mar Apr May Jun Jul Aug Sep Oct Nov Dec
2004: Jan Feb Mar Apr May Jun Jul Aug Sep Oct Nov Dec
Report for 2017 September
Monthly Climatological Summary for Sep 2017 Name: Willand City: Willand State: Devon, UK (9am GMT end of day) Elevation: 79 m Lat: N 50 53 02 Lon: W 003 22 23 Temperature (°C), Rain (mm), Wind Speed (km/h) Heat Cool Avg Mean Deg Deg Wind Dom Day Temp High Time Low Time Days Days Rain Speed High Time Dir ---------------------------------------------------------------------------------- 01 13.7 21.7 15:36 6.2 06:47 3.2 1.4 0.0 5.0 30.4 11:09 N 02 14.8 20.5 15:05 11.3 05:27 1.7 1.1 5.8 5.1 43.9 09:25 SSE 03 16.2 18.7 09:59 13.2 10:00 0.2 0.9 11.6 6.2 43.9 10:36 SSE 04 18.0 20.8 14:23 15.8 07:13 0.0 2.5 0.8 5.7 25.3 09:46 SW 05 14.7 19.7 15:45 10.7 04:51 1.8 0.9 0.8 6.6 38.9 17:02 WSW 06 14.6 18.2 12:49 12.3 22:41 1.5 0.6 0.0 6.9 35.5 12:58 W 07 15.5 19.2 13:13 13.9 00:26 0.8 0.7 3.6 9.7 27.0 12:33 WSW 08 12.5 17.7 13:59 8.6 07:00 3.2 0.2 12.2 4.0 28.7 11:33 W 09 12.3 17.7 14:30 8.9 03:22 3.3 0.1 4.8 5.0 37.2 13:45 WNW 10 13.4 16.1 16:19 11.2 00:59 2.1 0.0 1.4 15.1 55.8 18:49 WSW 11 12.7 16.1 13:07 8.7 06:43 2.8 0.0 3.6 11.2 54.1 16:55 W 12 14.3 18.6 14:10 11.1 08:04 1.5 0.3 3.4 15.4 69.3 01:50 WSW 13 10.9 16.2 15:39 6.2 06:17 4.6 0.0 6.6 9.9 40.6 10:38 W 14 10.9 16.4 14:25 6.6 06:37 4.6 0.0 2.0 6.8 43.9 14:20 WNW 15 10.3 17.9 15:23 4.1 07:10 5.3 0.1 2.8 3.5 25.3 13:30 NNW 16 10.5 16.1 11:45 7.4 07:13 5.0 0.0 16.8 2.6 23.7 09:34 NNE 17 9.9 16.4 15:34 4.5 07:03 5.7 0.0 0.0 3.7 28.7 10:35 NNE 18 12.4 17.3 14:32 7.2 07:20 3.4 0.3 0.0 4.2 27.0 16:33 WNW 19 13.7 17.9 16:29 9.8 05:02 2.2 0.5 0.0 2.7 18.6 12:50 WSW 20 14.5 17.9 12:52 13.1 19:18 1.3 0.3 7.4 9.7 33.8 10:45 S 21 9.4 16.7 14:45 3.2 07:25 6.1 0.0 0.0 4.6 33.8 14:09 WNW 22 14.5 17.6 13:10 11.2 10:00 1.2 0.2 0.4 6.9 30.4 11:42 S 23 14.7 18.7 13:53 10.9 04:57 1.5 0.7 0.0 6.5 35.5 13:19 SE 24 15.8 18.6 14:39 13.3 08:13 0.5 0.8 0.0 3.1 22.0 09:19 S 25 14.3 21.1 14:47 10.1 02:24 2.3 1.1 0.0 2.9 18.6 10:48 NNW 26 14.4 18.7 14:54 11.1 02:58 1.6 0.6 0.0 2.1 28.7 09:40 SE 27 14.4 16.9 12:01 11.4 06:00 1.3 0.2 3.0 7.9 35.5 11:03 SSE 28 15.3 18.9 14:37 12.6 08:48 0.8 0.6 9.2 6.4 28.7 16:39 SSE 29 12.4 17.2 14:04 8.9 22:50 3.2 0.2 0.2 5.4 28.7 15:58 SW 30 14.7 17.0 13:44 13.4 10:00 0.9 0.1 2.2 6.6 33.8 13:25 S ---------------------------------------------------------------------------------- 13.5 21.7 1 3.2 21 73.6 14.4 98.6 6.4 69.3 12 SW Max >= 30.0 0 Max <= 0.0 0 Min <= 0.0 0 Min <= -18.0 0 Max Rain: 16.8 on day 16 Days of Rain: 20 (>= 0.2 mm) 16 (>= 1.0 mm) 0 (>= 25.0 mm) Heat Base: 15.5 Cool Base: 15.5 Method: Integration