NOAA-Style Climate Reports


Report for 2017 June
                   Monthly Climatological Summary for Jun 2017

Name: Willand   City: Willand   State: Devon, UK     (9am GMT end of day)
Elevation: 79 m  Lat: N 50 53 02   Lon: W 003 22 23

                  Temperature (°C), Rain (mm), Wind Speed (km/h)

                                      Heat  Cool        Avg
    Mean                              Deg   Deg         Wind                 Dom
Day Temp  High   Time   Low    Time   Days  Days  Rain  Speed High   Time    Dir
----------------------------------------------------------------------------------
01  17.2  24.7   16:20  11.3   02:51   1.3   3.0   0.0   4.5  25.3   11:19   SSE
02  13.3  20.9   15:00   6.1   05:06   3.0   0.8   2.0   3.5  22.0   20:32     W
03  12.9  18.7   11:21   7.6   03:38   3.1   0.5   0.2   5.2  28.7   18:04   WSW
04  13.3  18.7   18:13   8.3   01:26   2.4   0.3   8.6   6.1  30.4   09:50    SW
05  12.2  15.1   12:48   9.9   01:28   3.3   0.0  17.6  18.0  65.9   00:55    SW
06  12.8  16.4   16:25  10.4   04:52   2.7   0.0   0.4  18.2  62.5   18:37     W
07  14.4  18.7   14:18  12.9   18:22   1.5   0.4   3.0   9.6  42.2   12:44   SSW
08  14.2  18.8   16:51  10.1   02:16   1.9   0.6   0.6   7.9  40.6   12:56   SSW
09  15.2  19.4   15:53  12.9   00:26   1.0   0.7   0.2   9.6  35.5   09:33   SSW
10  15.4  18.5   17:08  11.2   05:10   0.9   0.8   0.2   6.2  33.8   16:31     S
11  15.1  21.1   13:31  11.8   02:19   1.5   1.2   0.0  13.6  45.6   14:45   WSW
12  13.8  18.7   15:58   8.9   05:09   2.3   0.6   0.0   6.1  32.1   15:09     W
13  17.2  24.8   16:28   8.7   05:15   1.7   3.4   0.0   2.0  23.7   14:43   SSE
14  17.7  25.4   17:01  10.2   04:13   1.4   3.6   0.0   4.2  28.7   09:54   SSE
15  15.7  20.8   15:07  11.7   00:29   1.2   1.5   0.0  10.8  40.6   17:49     W
16  17.1  22.6   16:37  11.0   05:27   1.1   2.7   0.0   6.0  30.4   14:07   WNW
17  20.8  28.3   15:47  11.8   05:13   0.6   6.0   0.0   3.6  22.0   17:55   WNW
18  23.3  30.3   15:38  14.2   04:54   0.1   7.9   0.0   3.4  23.7   13:27    SE
19  24.2  31.6   15:39  16.4   04:48   0.0   8.7   0.0   3.5  18.6   11:15   SSE
20  24.3  32.6   15:50  16.3   04:46   0.0   8.8   0.0   4.2  23.7   13:56     E
21  23.1  31.3   16:14  16.6   03:13   0.0   7.6   0.0   6.9  25.3   08:39   SSW
22  16.7  20.3   16:39  13.5   03:13   0.4   1.6   0.0  10.7  35.5   09:22     W
23  18.1  22.3   18:11  16.0   02:04   0.0   2.6   0.0  11.5  40.6   12:54   WSW
----------------------------------------------------------------------------------
    16.9  32.6    20     6.1     2    31.4  63.3  32.8   7.6  65.9     5      SW

Max >=  30.0  4
Max <=   0.0  0
Min <=   0.0  0
Min <= -18.0  0
Max Rain: 17.6 on day 5
Days of Rain: 9 (>= 0.2 mm)  4 (>= 1.0 mm)  0 (>= 25.0 mm)
Heat Base: 15.5  Cool Base: 15.5  Method: Integration