NOAA-Style Climate Reports
Select a Year or Month report
2024: Jan Feb Mar Apr May Jun Jul Aug Sep Oct Nov Dec
2023: Jan Feb Mar Apr May Jun Jul Aug Sep Oct Nov Dec
2022: Jan Feb Mar Apr May Jun Jul Aug Sep Oct Nov Dec
2021: Jan Feb Mar Apr May Jun Jul Aug Sep Oct Nov Dec
2020: Jan Feb Mar Apr May Jun Jul Aug Sep Oct Nov Dec
2019: Jan Feb Mar Apr May Jun Jul Aug Sep Oct Nov Dec
2018: Jan Feb Mar Apr May Jun Jul Aug Sep Oct Nov Dec
2017: Jan Feb Mar Apr May Jun Jul Aug Sep Oct Nov Dec
2016: Jan Feb Mar Apr May Jun Jul Aug Sep Oct Nov Dec
2015: Jan Feb Mar Apr May Jun Jul Aug Sep Oct Nov Dec
2014: Jan Feb Mar Apr May Jun Jul Aug Sep Oct Nov Dec
2013: Jan Feb Mar Apr May Jun Jul Aug Sep Oct Nov Dec
2012: Jan Feb Mar Apr May Jun Jul Aug Sep Oct Nov Dec
2011: Jan Feb Mar Apr May Jun Jul Aug Sep Oct Nov Dec
2010: Jan Feb Mar Apr May Jun Jul Aug Sep Oct Nov Dec
2009: Jan Feb Mar Apr May Jun Jul Aug Sep Oct Nov Dec
2008: Jan Feb Mar Apr May Jun Jul Aug Sep Oct Nov Dec
2007: Jan Feb Mar Apr May Jun Jul Aug Sep Oct Nov Dec
2006: Jan Feb Mar Apr May Jun Jul Aug Sep Oct Nov Dec
2005: Jan Feb Mar Apr May Jun Jul Aug Sep Oct Nov Dec
2004: Jan Feb Mar Apr May Jun Jul Aug Sep Oct Nov Dec
2024: Jan Feb Mar Apr May Jun Jul Aug Sep Oct Nov Dec
2023: Jan Feb Mar Apr May Jun Jul Aug Sep Oct Nov Dec
2022: Jan Feb Mar Apr May Jun Jul Aug Sep Oct Nov Dec
2021: Jan Feb Mar Apr May Jun Jul Aug Sep Oct Nov Dec
2020: Jan Feb Mar Apr May Jun Jul Aug Sep Oct Nov Dec
2019: Jan Feb Mar Apr May Jun Jul Aug Sep Oct Nov Dec
2018: Jan Feb Mar Apr May Jun Jul Aug Sep Oct Nov Dec
2017: Jan Feb Mar Apr May Jun Jul Aug Sep Oct Nov Dec
2016: Jan Feb Mar Apr May Jun Jul Aug Sep Oct Nov Dec
2015: Jan Feb Mar Apr May Jun Jul Aug Sep Oct Nov Dec
2014: Jan Feb Mar Apr May Jun Jul Aug Sep Oct Nov Dec
2013: Jan Feb Mar Apr May Jun Jul Aug Sep Oct Nov Dec
2012: Jan Feb Mar Apr May Jun Jul Aug Sep Oct Nov Dec
2011: Jan Feb Mar Apr May Jun Jul Aug Sep Oct Nov Dec
2010: Jan Feb Mar Apr May Jun Jul Aug Sep Oct Nov Dec
2009: Jan Feb Mar Apr May Jun Jul Aug Sep Oct Nov Dec
2008: Jan Feb Mar Apr May Jun Jul Aug Sep Oct Nov Dec
2007: Jan Feb Mar Apr May Jun Jul Aug Sep Oct Nov Dec
2006: Jan Feb Mar Apr May Jun Jul Aug Sep Oct Nov Dec
2005: Jan Feb Mar Apr May Jun Jul Aug Sep Oct Nov Dec
2004: Jan Feb Mar Apr May Jun Jul Aug Sep Oct Nov Dec
Report for 2017 March
Monthly Climatological Summary for Mar 2017 Name: Willand City: Willand State: Devon, UK (9am GMT end of day) Elevation: 79 m Lat: N 50 53 02 Lon: W 003 22 23 Temperature (°C), Rain (mm), Wind Speed (km/h) Heat Cool Avg Mean Deg Deg Wind Dom Day Temp High Time Low Time Days Days Rain Speed High Time Dir ---------------------------------------------------------------------------------- 01 6.7 7.9 10:26 4.4 01:53 8.8 0.0 2.8 14.9 62.5 01:42 WSW 02 8.4 11.9 13:57 5.6 22:25 7.1 0.0 8.8 11.9 47.3 08:04 S 03 7.4 10.8 11:49 2.6 06:58 8.1 0.0 2.6 8.5 43.9 09:44 SSE 04 6.8 10.3 12:19 3.6 01:53 8.7 0.0 10.2 13.8 52.4 08:56 SW 05 6.2 10.2 13:14 2.3 05:54 9.3 0.0 3.0 17.7 72.7 16:33 W 06 5.4 9.8 16:05 1.9 03:13 10.1 0.0 0.6 11.7 54.1 19:44 W 07 9.1 11.2 06:47 4.8 09:00 6.4 0.0 6.2 8.3 32.1 04:38 SSW 08 11.5 12.8 13:51 10.6 07:28 4.0 0.0 0.8 10.6 38.9 13:55 W 09 11.6 15.4 14:01 9.5 01:33 3.9 0.0 0.0 3.7 25.3 10:27 WNW 10 10.2 15.4 12:01 8.4 06:31 5.3 0.0 0.0 5.6 27.0 11:47 SSE 11 10.7 14.5 13:07 8.8 07:04 4.9 0.0 2.0 3.4 22.0 10:46 SSE 12 7.2 11.6 12:00 2.4 06:35 8.3 0.0 0.0 8.6 38.9 14:05 WNW 13 10.7 13.3 11:52 7.3 09:00 4.8 0.0 0.2 8.1 32.1 06:25 W 14 11.1 14.1 12:57 8.8 06:28 4.4 0.0 0.0 5.4 30.4 11:43 WNW 15 9.6 15.6 13:45 7.1 06:13 5.9 0.0 0.0 3.4 16.9 15:25 S 16 7.6 11.9 13:20 1.7 06:21 7.9 0.0 0.0 5.1 23.7 16:18 W 17 9.7 10.9 08:52 7.4 09:00 5.8 0.0 7.2 17.3 52.4 17:05 W 18 11.0 12.4 15:13 9.9 06:44 4.5 0.0 1.0 15.6 47.3 13:04 W 19 11.4 13.9 12:26 10.4 02:07 4.1 0.0 1.8 14.2 49.0 13:00 WSW 20 7.4 12.8 11:58 1.8 06:52 8.1 0.0 2.0 12.0 45.6 09:06 WSW 21 6.4 9.9 11:18 4.2 04:41 9.1 0.0 17.6 11.2 62.5 22:37 SSW 22 4.6 10.2 14:12 0.6 03:21 10.9 0.0 0.8 4.3 33.8 11:11 E 23 7.0 9.6 17:31 4.8 09:00 8.5 0.0 2.2 18.0 50.7 22:42 NNE 24 7.4 11.3 17:17 3.1 06:15 8.1 0.0 0.0 10.5 45.6 09:34 NNE 25 9.3 15.2 15:03 3.7 06:42 6.2 0.0 0.0 17.6 45.6 18:02 NNE 26 9.7 16.4 14:59 4.2 05:16 5.8 0.1 0.0 9.8 33.8 10:29 ENE 27 8.8 13.8 16:42 3.7 06:03 6.7 0.0 0.0 5.9 25.3 11:48 NNE 28 12.1 16.0 12:58 9.7 20:47 3.4 0.0 2.6 10.2 37.2 15:31 S 29 12.0 13.2 16:21 10.9 07:16 3.5 0.0 2.8 9.7 35.5 13:58 S 30 12.7 18.0 13:09 9.6 00:06 3.0 0.1 2.6 7.7 32.1 14:56 S 31 10.6 15.9 13:11 6.2 07:12 4.8 0.0 6.0 8.6 40.6 16:23 S ---------------------------------------------------------------------------------- 9.0 18.0 30 0.6 22 200.4 0.2 83.8 10.1 72.7 5 WSW Max >= 30.0 0 Max <= 0.0 0 Min <= 0.0 0 Min <= -18.0 0 Max Rain: 17.6 on day 21 Days of Rain: 21 (>= 0.2 mm) 17 (>= 1.0 mm) 0 (>= 25.0 mm) Heat Base: 15.5 Cool Base: 15.5 Method: Integration