NOAA-Style Climate Reports
Select a Year or Month report
2024: Jan Feb Mar Apr May Jun Jul Aug Sep Oct Nov Dec
2023: Jan Feb Mar Apr May Jun Jul Aug Sep Oct Nov Dec
2022: Jan Feb Mar Apr May Jun Jul Aug Sep Oct Nov Dec
2021: Jan Feb Mar Apr May Jun Jul Aug Sep Oct Nov Dec
2020: Jan Feb Mar Apr May Jun Jul Aug Sep Oct Nov Dec
2019: Jan Feb Mar Apr May Jun Jul Aug Sep Oct Nov Dec
2018: Jan Feb Mar Apr May Jun Jul Aug Sep Oct Nov Dec
2017: Jan Feb Mar Apr May Jun Jul Aug Sep Oct Nov Dec
2016: Jan Feb Mar Apr May Jun Jul Aug Sep Oct Nov Dec
2015: Jan Feb Mar Apr May Jun Jul Aug Sep Oct Nov Dec
2014: Jan Feb Mar Apr May Jun Jul Aug Sep Oct Nov Dec
2013: Jan Feb Mar Apr May Jun Jul Aug Sep Oct Nov Dec
2012: Jan Feb Mar Apr May Jun Jul Aug Sep Oct Nov Dec
2011: Jan Feb Mar Apr May Jun Jul Aug Sep Oct Nov Dec
2010: Jan Feb Mar Apr May Jun Jul Aug Sep Oct Nov Dec
2009: Jan Feb Mar Apr May Jun Jul Aug Sep Oct Nov Dec
2008: Jan Feb Mar Apr May Jun Jul Aug Sep Oct Nov Dec
2007: Jan Feb Mar Apr May Jun Jul Aug Sep Oct Nov Dec
2006: Jan Feb Mar Apr May Jun Jul Aug Sep Oct Nov Dec
2005: Jan Feb Mar Apr May Jun Jul Aug Sep Oct Nov Dec
2004: Jan Feb Mar Apr May Jun Jul Aug Sep Oct Nov Dec
2024: Jan Feb Mar Apr May Jun Jul Aug Sep Oct Nov Dec
2023: Jan Feb Mar Apr May Jun Jul Aug Sep Oct Nov Dec
2022: Jan Feb Mar Apr May Jun Jul Aug Sep Oct Nov Dec
2021: Jan Feb Mar Apr May Jun Jul Aug Sep Oct Nov Dec
2020: Jan Feb Mar Apr May Jun Jul Aug Sep Oct Nov Dec
2019: Jan Feb Mar Apr May Jun Jul Aug Sep Oct Nov Dec
2018: Jan Feb Mar Apr May Jun Jul Aug Sep Oct Nov Dec
2017: Jan Feb Mar Apr May Jun Jul Aug Sep Oct Nov Dec
2016: Jan Feb Mar Apr May Jun Jul Aug Sep Oct Nov Dec
2015: Jan Feb Mar Apr May Jun Jul Aug Sep Oct Nov Dec
2014: Jan Feb Mar Apr May Jun Jul Aug Sep Oct Nov Dec
2013: Jan Feb Mar Apr May Jun Jul Aug Sep Oct Nov Dec
2012: Jan Feb Mar Apr May Jun Jul Aug Sep Oct Nov Dec
2011: Jan Feb Mar Apr May Jun Jul Aug Sep Oct Nov Dec
2010: Jan Feb Mar Apr May Jun Jul Aug Sep Oct Nov Dec
2009: Jan Feb Mar Apr May Jun Jul Aug Sep Oct Nov Dec
2008: Jan Feb Mar Apr May Jun Jul Aug Sep Oct Nov Dec
2007: Jan Feb Mar Apr May Jun Jul Aug Sep Oct Nov Dec
2006: Jan Feb Mar Apr May Jun Jul Aug Sep Oct Nov Dec
2005: Jan Feb Mar Apr May Jun Jul Aug Sep Oct Nov Dec
2004: Jan Feb Mar Apr May Jun Jul Aug Sep Oct Nov Dec
Report for 2016 August
Monthly Climatological Summary for Aug 2016 Name: Willand City: Willand State: Devon, UK (9am GMT end of day) Elevation: 79 m Lat: N 50 53 03 Lon: W 003 22 25 Temperature (°C), Rain (mm), Wind Speed (km/h) Heat Cool Avg Mean Deg Deg Wind Dom Day Temp High Time Low Time Days Days Rain Speed High Time Dir ---------------------------------------------------------------------------------- 01 15.7 18.6 09:29 14.3 13:36 0.3 0.5 22.2 7.6 35.5 18:19 S 02 18.8 22.4 16:22 15.6 05:39 0.0 3.3 0.0 9.9 38.9 03:17 WSW 03 17.2 22.4 16:27 13.9 04:30 0.3 1.9 0.2 13.4 49.0 17:04 WSW 04 15.6 20.6 16:48 11.4 04:47 1.2 1.3 0.2 7.8 35.5 16:37 W 05 16.7 22.9 15:15 11.6 05:16 0.9 2.1 0.0 5.7 30.4 16:02 W 06 20.3 26.2 15:45 17.3 08:57 0.0 4.8 0.0 8.5 28.7 06:42 WSW 07 17.1 23.1 13:28 12.4 05:47 0.3 2.0 0.0 11.6 43.9 11:56 W 08 14.2 20.5 17:11 7.7 05:59 2.4 1.1 0.0 7.7 32.1 12:19 WNW 09 14.3 20.3 14:05 10.1 23:47 2.0 0.8 0.0 8.3 37.2 17:07 NW 10 15.9 21.4 16:09 13.8 05:08 0.4 0.9 0.0 8.4 35.5 09:52 WNW 11 16.5 21.6 14:27 12.6 06:10 0.5 1.5 0.0 9.9 37.2 12:39 W 12 17.0 22.5 13:48 13.6 00:27 0.5 2.0 0.0 8.0 32.1 18:18 W 13 15.7 23.4 15:29 8.6 06:17 1.9 2.1 0.0 6.6 32.1 13:00 WNW 14 17.0 24.8 16:11 9.7 06:13 1.5 3.0 0.0 4.7 27.0 09:36 NE 15 17.0 25.4 15:21 10.5 02:39 1.5 3.0 0.0 6.3 30.4 10:19 ESE 16 17.4 26.2 13:39 9.8 05:42 1.6 3.4 0.0 5.8 27.0 13:55 ESE 17 18.4 26.2 12:34 14.6 03:48 0.1 3.0 1.0 3.1 22.0 11:28 SE 18 17.6 23.8 16:57 13.3 06:51 0.4 2.4 6.0 4.6 32.1 09:17 SSE 19 16.7 23.2 15:19 14.1 04:57 0.3 1.5 1.6 13.5 43.9 09:14 SSW 20 15.3 19.0 13:42 13.7 02:48 0.8 0.6 5.8 16.7 50.7 11:20 WSW 21 16.8 19.8 09:09 13.9 06:13 0.1 1.5 1.4 7.1 32.1 10:57 WSW 22 18.3 25.3 15:20 12.7 00:43 0.5 3.3 0.0 4.7 30.4 11:46 SSW 23 19.7 26.7 14:15 14.8 04:09 0.1 4.2 0.0 5.8 32.1 12:33 S 24 18.6 23.5 12:57 14.5 06:23 0.1 3.2 2.4 3.8 25.3 17:46 N 25 16.9 21.7 15:23 10.6 06:36 0.8 2.2 4.0 1.7 20.3 01:33 NW 26 16.8 24.7 15:39 11.2 02:32 1.1 2.4 0.0 4.6 20.3 11:19 NNW 27 18.2 24.4 12:47 14.9 23:50 0.0 2.8 0.0 4.7 27.0 15:28 SE 28 16.5 22.7 16:56 10.8 06:07 1.0 2.0 1.0 4.7 28.7 17:36 WNW 29 16.8 24.7 14:59 11.3 07:57 1.3 2.6 0.0 3.4 20.3 17:16 WNW 30 17.4 25.3 15:45 13.0 02:35 0.8 2.7 0.0 4.0 25.3 15:02 SSE 31 15.0 21.3 16:22 9.8 06:25 1.9 1.4 0.0 4.2 27.0 13:01 W ---------------------------------------------------------------------------------- 16.9 26.7 23 7.7 8 24.6 69.5 45.8 7.0 50.7 20 WSW Max >= 30.0 0 Max <= 0.0 0 Min <= 0.0 0 Min <= -18.0 0 Max Rain: 22.2 on day 1 Days of Rain: 11 (>= 0.2 mm) 9 (>= 1.0 mm) 0 (>= 25.0 mm) Heat Base: 15.5 Cool Base: 15.5 Method: Integration