NOAA-Style Climate Reports
Select a Year or Month report
2024: Jan Feb Mar Apr May Jun Jul Aug Sep Oct Nov Dec
2023: Jan Feb Mar Apr May Jun Jul Aug Sep Oct Nov Dec
2022: Jan Feb Mar Apr May Jun Jul Aug Sep Oct Nov Dec
2021: Jan Feb Mar Apr May Jun Jul Aug Sep Oct Nov Dec
2020: Jan Feb Mar Apr May Jun Jul Aug Sep Oct Nov Dec
2019: Jan Feb Mar Apr May Jun Jul Aug Sep Oct Nov Dec
2018: Jan Feb Mar Apr May Jun Jul Aug Sep Oct Nov Dec
2017: Jan Feb Mar Apr May Jun Jul Aug Sep Oct Nov Dec
2016: Jan Feb Mar Apr May Jun Jul Aug Sep Oct Nov Dec
2015: Jan Feb Mar Apr May Jun Jul Aug Sep Oct Nov Dec
2014: Jan Feb Mar Apr May Jun Jul Aug Sep Oct Nov Dec
2013: Jan Feb Mar Apr May Jun Jul Aug Sep Oct Nov Dec
2012: Jan Feb Mar Apr May Jun Jul Aug Sep Oct Nov Dec
2011: Jan Feb Mar Apr May Jun Jul Aug Sep Oct Nov Dec
2010: Jan Feb Mar Apr May Jun Jul Aug Sep Oct Nov Dec
2009: Jan Feb Mar Apr May Jun Jul Aug Sep Oct Nov Dec
2008: Jan Feb Mar Apr May Jun Jul Aug Sep Oct Nov Dec
2007: Jan Feb Mar Apr May Jun Jul Aug Sep Oct Nov Dec
2006: Jan Feb Mar Apr May Jun Jul Aug Sep Oct Nov Dec
2005: Jan Feb Mar Apr May Jun Jul Aug Sep Oct Nov Dec
2004: Jan Feb Mar Apr May Jun Jul Aug Sep Oct Nov Dec
2024: Jan Feb Mar Apr May Jun Jul Aug Sep Oct Nov Dec
2023: Jan Feb Mar Apr May Jun Jul Aug Sep Oct Nov Dec
2022: Jan Feb Mar Apr May Jun Jul Aug Sep Oct Nov Dec
2021: Jan Feb Mar Apr May Jun Jul Aug Sep Oct Nov Dec
2020: Jan Feb Mar Apr May Jun Jul Aug Sep Oct Nov Dec
2019: Jan Feb Mar Apr May Jun Jul Aug Sep Oct Nov Dec
2018: Jan Feb Mar Apr May Jun Jul Aug Sep Oct Nov Dec
2017: Jan Feb Mar Apr May Jun Jul Aug Sep Oct Nov Dec
2016: Jan Feb Mar Apr May Jun Jul Aug Sep Oct Nov Dec
2015: Jan Feb Mar Apr May Jun Jul Aug Sep Oct Nov Dec
2014: Jan Feb Mar Apr May Jun Jul Aug Sep Oct Nov Dec
2013: Jan Feb Mar Apr May Jun Jul Aug Sep Oct Nov Dec
2012: Jan Feb Mar Apr May Jun Jul Aug Sep Oct Nov Dec
2011: Jan Feb Mar Apr May Jun Jul Aug Sep Oct Nov Dec
2010: Jan Feb Mar Apr May Jun Jul Aug Sep Oct Nov Dec
2009: Jan Feb Mar Apr May Jun Jul Aug Sep Oct Nov Dec
2008: Jan Feb Mar Apr May Jun Jul Aug Sep Oct Nov Dec
2007: Jan Feb Mar Apr May Jun Jul Aug Sep Oct Nov Dec
2006: Jan Feb Mar Apr May Jun Jul Aug Sep Oct Nov Dec
2005: Jan Feb Mar Apr May Jun Jul Aug Sep Oct Nov Dec
2004: Jan Feb Mar Apr May Jun Jul Aug Sep Oct Nov Dec
Report for 2016 May
Monthly Climatological Summary for May 2016 Name: Willand City: Willand State: Devon, UK (9am GMT end of day) Elevation: 79 m Lat: N 50 53 03 Lon: W 003 22 25 Temperature (°C), Rain (mm), Wind Speed (km/h) Heat Cool Avg Mean Deg Deg Wind Dom Day Temp High Time Low Time Days Days Rain Speed High Time Dir ---------------------------------------------------------------------------------- 01 11.3 13.9 10:47 9.8 05:33 4.2 0.0 0.0 6.5 32.1 14:21 S 02 8.3 14.4 12:03 1.6 04:35 7.2 0.0 2.0 9.5 50.7 18:17 W 03 8.5 15.6 14:27 0.8 05:28 7.0 0.0 0.0 6.0 28.7 17:02 WNW 04 9.9 17.9 09:56 2.3 03:50 5.8 0.1 0.0 6.1 32.1 13:49 SSE 05 12.8 20.4 14:29 5.7 03:01 4.0 1.2 0.0 7.2 32.1 13:23 ESE 06 15.4 21.7 15:45 11.0 05:52 1.7 1.6 0.0 4.9 25.3 12:39 ESE 07 16.3 22.4 15:00 12.9 23:25 0.8 1.6 1.0 7.8 42.2 15:49 ESE 08 19.0 24.1 12:27 14.9 04:46 0.0 3.5 0.0 13.6 49.0 14:53 E 09 13.7 19.4 10:10 9.6 03:50 2.4 0.5 1.2 5.2 40.6 14:07 ESE 10 15.3 20.2 15:41 12.9 01:56 1.1 0.9 18.4 2.9 18.6 16:58 N 11 14.7 19.3 16:59 12.5 01:08 1.3 0.5 2.0 3.9 27.0 09:49 NNE 12 15.4 22.3 16:04 11.2 05:54 1.5 1.5 1.8 9.3 35.5 09:41 NNE 13 13.9 20.9 16:54 6.8 05:52 2.9 1.3 0.0 9.7 32.1 10:15 NE 14 10.7 16.9 16:47 4.9 03:06 4.9 0.1 0.0 4.6 25.3 14:05 NNE 15 12.1 18.9 13:21 5.9 05:43 3.8 0.5 0.0 7.0 30.4 16:08 WNW 16 12.8 17.1 13:30 6.1 03:34 3.8 1.2 0.0 5.6 28.7 12:15 WNW 17 12.7 15.9 17:36 10.2 04:27 2.8 0.0 5.0 6.8 30.4 02:35 SSW 18 11.4 16.4 16:03 6.6 05:01 4.1 0.0 0.2 9.4 40.6 16:26 WNW 19 13.3 18.0 13:16 11.3 05:12 2.3 0.1 1.6 9.1 33.8 13:48 SW 20 14.0 17.9 12:15 12.1 21:42 1.8 0.3 3.0 10.3 47.3 03:21 SSW 21 11.2 15.4 09:54 6.8 04:54 4.3 0.0 6.8 3.8 30.4 11:26 S 22 11.5 17.7 14:52 6.6 05:26 4.1 0.1 0.6 8.3 38.9 17:33 WNW 23 11.5 16.3 17:20 5.6 01:51 4.0 0.0 4.0 6.6 25.3 10:11 NNW 24 12.5 19.3 14:36 5.4 05:39 3.8 0.7 0.0 9.2 35.5 16:02 ENE 25 10.4 17.0 09:45 3.7 05:10 5.1 0.0 0.0 6.4 28.7 12:13 NE 26 15.0 20.7 14:26 11.7 05:22 1.5 1.0 1.2 3.8 18.6 11:51 ENE 27 14.3 20.4 17:37 9.1 06:11 2.3 1.1 0.2 3.7 20.3 15:42 SE 28 15.6 22.4 15:07 10.8 05:06 1.3 1.3 3.4 4.8 25.3 08:49 NE 29 15.7 22.2 15:40 8.8 04:37 1.7 1.9 0.2 8.5 37.2 13:23 NNE 30 16.4 22.0 15:41 11.8 05:02 1.0 1.9 0.0 9.7 37.2 13:41 N 31 17.5 23.1 14:36 13.9 09:44 0.2 2.2 0.0 11.9 43.9 10:10 NNW ---------------------------------------------------------------------------------- 13.3 24.1 8 0.8 3 92.7 25.1 52.6 7.2 50.7 2 NNE Max >= 30.0 0 Max <= 0.0 0 Min <= 0.0 0 Min <= -18.0 0 Max Rain: 18.4 on day 10 Days of Rain: 17 (>= 0.2 mm) 13 (>= 1.0 mm) 0 (>= 25.0 mm) Heat Base: 15.5 Cool Base: 15.5 Method: Integration