NOAA-Style Climate Reports
Select a Year or Month report
2024: Jan Feb Mar Apr May Jun Jul Aug Sep Oct Nov Dec
2023: Jan Feb Mar Apr May Jun Jul Aug Sep Oct Nov Dec
2022: Jan Feb Mar Apr May Jun Jul Aug Sep Oct Nov Dec
2021: Jan Feb Mar Apr May Jun Jul Aug Sep Oct Nov Dec
2020: Jan Feb Mar Apr May Jun Jul Aug Sep Oct Nov Dec
2019: Jan Feb Mar Apr May Jun Jul Aug Sep Oct Nov Dec
2018: Jan Feb Mar Apr May Jun Jul Aug Sep Oct Nov Dec
2017: Jan Feb Mar Apr May Jun Jul Aug Sep Oct Nov Dec
2016: Jan Feb Mar Apr May Jun Jul Aug Sep Oct Nov Dec
2015: Jan Feb Mar Apr May Jun Jul Aug Sep Oct Nov Dec
2014: Jan Feb Mar Apr May Jun Jul Aug Sep Oct Nov Dec
2013: Jan Feb Mar Apr May Jun Jul Aug Sep Oct Nov Dec
2012: Jan Feb Mar Apr May Jun Jul Aug Sep Oct Nov Dec
2011: Jan Feb Mar Apr May Jun Jul Aug Sep Oct Nov Dec
2010: Jan Feb Mar Apr May Jun Jul Aug Sep Oct Nov Dec
2009: Jan Feb Mar Apr May Jun Jul Aug Sep Oct Nov Dec
2008: Jan Feb Mar Apr May Jun Jul Aug Sep Oct Nov Dec
2007: Jan Feb Mar Apr May Jun Jul Aug Sep Oct Nov Dec
2006: Jan Feb Mar Apr May Jun Jul Aug Sep Oct Nov Dec
2005: Jan Feb Mar Apr May Jun Jul Aug Sep Oct Nov Dec
2004: Jan Feb Mar Apr May Jun Jul Aug Sep Oct Nov Dec
2024: Jan Feb Mar Apr May Jun Jul Aug Sep Oct Nov Dec
2023: Jan Feb Mar Apr May Jun Jul Aug Sep Oct Nov Dec
2022: Jan Feb Mar Apr May Jun Jul Aug Sep Oct Nov Dec
2021: Jan Feb Mar Apr May Jun Jul Aug Sep Oct Nov Dec
2020: Jan Feb Mar Apr May Jun Jul Aug Sep Oct Nov Dec
2019: Jan Feb Mar Apr May Jun Jul Aug Sep Oct Nov Dec
2018: Jan Feb Mar Apr May Jun Jul Aug Sep Oct Nov Dec
2017: Jan Feb Mar Apr May Jun Jul Aug Sep Oct Nov Dec
2016: Jan Feb Mar Apr May Jun Jul Aug Sep Oct Nov Dec
2015: Jan Feb Mar Apr May Jun Jul Aug Sep Oct Nov Dec
2014: Jan Feb Mar Apr May Jun Jul Aug Sep Oct Nov Dec
2013: Jan Feb Mar Apr May Jun Jul Aug Sep Oct Nov Dec
2012: Jan Feb Mar Apr May Jun Jul Aug Sep Oct Nov Dec
2011: Jan Feb Mar Apr May Jun Jul Aug Sep Oct Nov Dec
2010: Jan Feb Mar Apr May Jun Jul Aug Sep Oct Nov Dec
2009: Jan Feb Mar Apr May Jun Jul Aug Sep Oct Nov Dec
2008: Jan Feb Mar Apr May Jun Jul Aug Sep Oct Nov Dec
2007: Jan Feb Mar Apr May Jun Jul Aug Sep Oct Nov Dec
2006: Jan Feb Mar Apr May Jun Jul Aug Sep Oct Nov Dec
2005: Jan Feb Mar Apr May Jun Jul Aug Sep Oct Nov Dec
2004: Jan Feb Mar Apr May Jun Jul Aug Sep Oct Nov Dec
Report for 2015 November
Monthly Climatological Summary for Nov 2015 Name: Willand City: Willand State: Devon, UK (9am GMT end of day) Elevation: 79 m Lat: N 50 53 03 Lon: W 003 22 25 Temperature (°C), Rain (mm), Wind Speed (km/h) Heat Cool Avg Mean Deg Deg Wind Dom Day Temp High Time Low Time Days Days Rain Speed High Time Dir ---------------------------------------------------------------------------------- 01 11.9 13.2 14:21 9.0 09:00 3.6 0.0 0.0 2.0 15.2 21:57 SE 02 10.6 12.7 13:13 8.3 20:20 4.9 0.0 0.0 4.1 18.6 03:07 NNE 03 12.1 13.0 18:49 10.4 06:39 3.4 0.0 3.0 3.0 16.9 11:56 ENE 04 13.1 14.3 08:12 11.8 18:31 2.4 0.0 4.4 5.6 28.7 08:02 SSE 05 13.4 14.8 08:56 12.4 04:44 2.1 0.0 4.6 8.3 37.2 09:14 S 06 14.7 16.7 10:59 12.1 22:50 1.0 0.2 6.6 9.2 45.6 08:10 SSW 07 12.0 15.8 11:33 7.8 01:02 3.5 0.0 1.6 10.7 45.6 09:20 SW 08 11.8 15.2 16:50 6.3 03:36 3.8 0.0 0.4 10.5 37.2 11:35 SW 09 13.9 14.9 23:52 11.8 09:00 1.6 0.0 0.2 12.0 38.9 09:32 SW 10 13.6 15.2 11:54 12.3 08:17 1.9 0.0 0.0 7.8 30.4 13:16 SW 11 10.7 15.5 11:44 4.0 06:25 4.8 0.0 0.8 5.0 33.8 11:57 SSW 12 11.2 13.7 15:06 7.1 05:32 4.3 0.0 2.2 12.6 43.9 00:35 SW 13 7.9 10.8 13:43 6.5 20:18 7.6 0.0 3.4 11.3 52.4 13:22 WSW 14 13.0 14.2 01:23 8.6 09:00 2.5 0.0 5.4 19.5 52.4 07:56 WSW 15 13.0 14.5 12:04 10.7 07:17 2.5 0.0 1.4 14.0 43.9 10:33 SW 16 11.9 13.6 23:58 10.6 09:05 3.6 0.0 3.6 11.9 45.6 00:23 SW 17 12.6 15.7 12:57 10.5 02:42 2.9 0.0 2.0 19.8 76.0 14:42 WSW 18 12.2 14.3 11:41 10.2 08:57 3.3 0.0 3.0 18.2 59.1 13:34 WSW 19 9.3 11.7 13:09 7.3 07:45 6.2 0.0 2.4 5.4 27.0 14:03 W 20 5.8 8.8 11:21 3.1 05:33 9.7 0.0 2.6 14.4 67.6 07:01 WNW 21 2.8 7.0 14:08 -0.1 05:50 12.7 0.0 0.0 7.7 55.8 10:02 NW 22 3.3 8.4 14:40 -1.7 07:30 12.2 0.0 0.0 3.1 25.3 20:40 N 23 6.4 10.1 05:08 -0.3 09:00 9.0 0.0 7.0 3.7 32.1 05:18 SW 24 9.2 10.4 08:48 6.9 09:00 6.3 0.0 1.0 9.7 40.6 15:39 WNW 25 10.0 12.0 11:20 8.0 02:26 5.5 0.0 0.2 11.4 54.1 11:12 NW 26 11.1 13.0 12:30 9.3 09:00 4.4 0.0 0.0 4.4 28.7 07:17 WSW 27 6.5 12.5 13:06 1.3 06:40 9.0 0.0 2.6 10.5 59.1 16:22 W 28 9.1 11.3 08:18 4.3 09:00 6.4 0.0 4.2 18.9 64.2 08:59 WSW 29 10.7 11.4 10:40 9.4 22:52 4.8 0.0 0.6 21.5 67.6 09:12 WSW 30 11.9 12.3 12:17 10.7 09:00 3.6 0.0 9.6 19.9 62.5 12:39 WSW ---------------------------------------------------------------------------------- 10.5 16.7 6 -1.7 22 149.5 0.2 72.8 10.5 76.0 17 WSW Max >= 30.0 0 Max <= 0.0 0 Min <= 0.0 3 Min <= -18.0 0 Max Rain: 9.6 on day 30 Days of Rain: 24 (>= 0.2 mm) 19 (>= 1.0 mm) 0 (>= 25.0 mm) Heat Base: 15.5 Cool Base: 15.5 Method: Integration